{"id":549,"date":"2024-01-28T18:28:40","date_gmt":"2024-01-28T17:28:40","guid":{"rendered":"https:\/\/import2merch.wpengine.com\/?page_id=529"},"modified":"2026-03-06T19:55:21","modified_gmt":"2026-03-06T18:55:21","slug":"nosotros","status":"publish","type":"page","link":"https:\/\/www.smokershop.es\/index.php\/nosotros\/","title":{"rendered":"Nosotros"},"content":{"rendered":"\n<div class=\"wp-block-cover alignfull is-light\" style=\"min-height:866px;aspect-ratio:unset;\"><span aria-hidden=\"true\" class=\"wp-block-cover__background has-background-dim-100 has-background-dim\" style=\"background-color:#faebe8\"><\/span><div class=\"wp-block-cover__inner-container is-layout-flow wp-block-cover-is-layout-flow\">\n<div style=\"height:100px\" aria-hidden=\"true\" class=\"wp-block-spacer\"><\/div>\n\n\n\n<figure class=\"wp-block-image size-full is-resized\"><img fetchpriority=\"high\" decoding=\"async\" width=\"1080\" height=\"987\" src=\"https:\/\/www.smokershop.es\/wp-content\/uploads\/2024\/02\/Tienda-smokers-shop-sevilla-online.jpg\" alt=\"\" class=\"wp-image-1765\" style=\"aspect-ratio:1;width:347px;height:auto\" srcset=\"https:\/\/www.smokershop.es\/wp-content\/uploads\/2024\/02\/Tienda-smokers-shop-sevilla-online.jpg 1080w, https:\/\/www.smokershop.es\/wp-content\/uploads\/2024\/02\/Tienda-smokers-shop-sevilla-online-300x274.jpg 300w, https:\/\/www.smokershop.es\/wp-content\/uploads\/2024\/02\/Tienda-smokers-shop-sevilla-online-1024x936.jpg 1024w, https:\/\/www.smokershop.es\/wp-content\/uploads\/2024\/02\/Tienda-smokers-shop-sevilla-online-768x702.jpg 768w, https:\/\/www.smokershop.es\/wp-content\/uploads\/2024\/02\/Tienda-smokers-shop-sevilla-online-900x823.jpg 900w\" sizes=\"(max-width: 1080px) 100vw, 1080px\" \/><\/figure>\n\n\n\n<h1 class=\"wp-block-heading has-vivid-purple-color has-text-color\">Sobre nosotros<\/h1>\n\n\n\n<p>Somos una empresa de distribuci\u00f3n mayorista de reciente creaci\u00f3n, que ha llegado con fuerza al mercado gracias al apoyo y la experiencia de grandes marcas del sector. <\/p>\n\n\n\n<p>En Laika Smokers, nos enorgullecemos de ser un distribuidor vers\u00e1til, ofreciendo un amplio abanico de productos a precios altamente competitivos. Nos destacamos por brindar un trato personalizado e impecable a cada uno de nuestros clientes, asegurando que sus necesidades sean atendidas con la m\u00e1xima profesionalidad. <\/p>\n\n\n\n<p>Descubre la diferencia de trabajar con un socio que entiende tus expectativas y trabaja para superarlas.<\/p>\n\n\n\n<p><\/p>\n\n\n\n<p><strong>DIRECCI\u00d3N:<\/strong><br>Calle Luz arriero 1, local F.<br>41010 Sevilla<\/p>\n\n\n\n<p>Tel\u00e9fono: <strong>604 98 43 34<\/strong><br>Email:&nbsp;<strong>thesmokershopofficial @gmail.com<\/strong><br>Horario: <\/p>\n\n\n\n<p>Lunes a Viernes: <br>11:00\u201314:00<br>17:00\u201321:00<\/p>\n\n\n\n<div style=\"height:100px\" aria-hidden=\"true\" class=\"wp-block-spacer\"><\/div>\n<\/div><\/div>\n\n\n\n<div style=\"height:100px\" aria-hidden=\"true\" class=\"wp-block-spacer\"><\/div>\n\n\n\n<figure class=\"wp-block-image size-full\"><img decoding=\"async\" width=\"765\" height=\"1020\" src=\"https:\/\/www.smokershop.es\/wp-content\/uploads\/2024\/03\/smoker-shop-sevilla-tienda.jpg\" alt=\"\" class=\"wp-image-1967\" srcset=\"https:\/\/www.smokershop.es\/wp-content\/uploads\/2024\/03\/smoker-shop-sevilla-tienda.jpg 765w, https:\/\/www.smokershop.es\/wp-content\/uploads\/2024\/03\/smoker-shop-sevilla-tienda-225x300.jpg 225w\" sizes=\"(max-width: 765px) 100vw, 765px\" \/><\/figure>\n\n\n\n<p><\/p>\n\n\n\n<div style=\"height:100px\" aria-hidden=\"true\" class=\"wp-block-spacer\"><\/div>\n","protected":false},"excerpt":{"rendered":"","protected":false},"author":1,"featured_media":0,"parent":0,"menu_order":0,"comment_status":"closed","ping_status":"closed","template":"","meta":{"_joinchat":[],"footnotes":""},"class_list":["post-549","page","type-page","status-publish","hentry"],"yoast_head":"<!-- This site is optimized with the Yoast SEO plugin v27.4 - https:\/\/yoast.com\/product\/yoast-seo-wordpress\/ -->\n<title>Nosotros - The Smoker&#039;s Shop<\/title>\n<meta name=\"description\" content=\"Trabajamos directamente desde f\u00e1brica con diferentes marcas, centr\u00e1ndonos especialmente en la distribuci\u00f3n para asociaciones de fumadores, growshops y estancos.\" \/>\n<meta name=\"robots\" content=\"index, follow, max-snippet:-1, max-image-preview:large, max-video-preview:-1\" \/>\n<link rel=\"canonical\" href=\"https:\/\/www.smokershop.es\/index.php\/nosotros\/\" \/>\n<meta property=\"og:locale\" content=\"es_ES\" \/>\n<meta property=\"og:type\" content=\"article\" \/>\n<meta property=\"og:title\" content=\"Nosotros - The Smoker&#039;s Shop\" \/>\n<meta property=\"og:description\" content=\"Trabajamos directamente desde f\u00e1brica con diferentes marcas, centr\u00e1ndonos especialmente en la distribuci\u00f3n para asociaciones de fumadores, growshops y estancos.\" \/>\n<meta property=\"og:url\" content=\"https:\/\/www.smokershop.es\/index.php\/nosotros\/\" \/>\n<meta property=\"og:site_name\" content=\"The Smoker&#039;s Shop\" \/>\n<meta property=\"article:modified_time\" content=\"2026-03-06T18:55:21+00:00\" \/>\n<meta property=\"og:image\" content=\"https:\/\/www.smokershop.es\/wp-content\/uploads\/2024\/02\/Tienda-smokers-shop-sevilla-online.jpg\" \/>\n\t<meta property=\"og:image:width\" content=\"1080\" \/>\n\t<meta property=\"og:image:height\" content=\"987\" \/>\n\t<meta property=\"og:image:type\" content=\"image\/jpeg\" \/>\n<meta name=\"twitter:card\" content=\"summary_large_image\" \/>\n<meta name=\"twitter:label1\" content=\"Tiempo de lectura\" \/>\n\t<meta name=\"twitter:data1\" content=\"1 minuto\" \/>\n<script type=\"application\/ld+json\" class=\"yoast-schema-graph\">{\"@context\":\"https:\\\/\\\/schema.org\",\"@graph\":[{\"@type\":\"WebPage\",\"@id\":\"https:\\\/\\\/www.smokershop.es\\\/index.php\\\/nosotros\\\/\",\"url\":\"https:\\\/\\\/www.smokershop.es\\\/index.php\\\/nosotros\\\/\",\"name\":\"Nosotros - The Smoker&#039;s Shop\",\"isPartOf\":{\"@id\":\"https:\\\/\\\/www.smokershop.es\\\/#website\"},\"primaryImageOfPage\":{\"@id\":\"https:\\\/\\\/www.smokershop.es\\\/index.php\\\/nosotros\\\/#primaryimage\"},\"image\":{\"@id\":\"https:\\\/\\\/www.smokershop.es\\\/index.php\\\/nosotros\\\/#primaryimage\"},\"thumbnailUrl\":\"https:\\\/\\\/www.smokershop.es\\\/wp-content\\\/uploads\\\/2024\\\/02\\\/Tienda-smokers-shop-sevilla-online.jpg\",\"datePublished\":\"2024-01-28T17:28:40+00:00\",\"dateModified\":\"2026-03-06T18:55:21+00:00\",\"description\":\"Trabajamos directamente desde f\u00e1brica con diferentes marcas, centr\u00e1ndonos especialmente en la distribuci\u00f3n para asociaciones de fumadores, growshops y estancos.\",\"breadcrumb\":{\"@id\":\"https:\\\/\\\/www.smokershop.es\\\/index.php\\\/nosotros\\\/#breadcrumb\"},\"inLanguage\":\"es\",\"potentialAction\":[{\"@type\":\"ReadAction\",\"target\":[\"https:\\\/\\\/www.smokershop.es\\\/index.php\\\/nosotros\\\/\"]}]},{\"@type\":\"ImageObject\",\"inLanguage\":\"es\",\"@id\":\"https:\\\/\\\/www.smokershop.es\\\/index.php\\\/nosotros\\\/#primaryimage\",\"url\":\"https:\\\/\\\/www.smokershop.es\\\/wp-content\\\/uploads\\\/2024\\\/02\\\/Tienda-smokers-shop-sevilla-online.jpg\",\"contentUrl\":\"https:\\\/\\\/www.smokershop.es\\\/wp-content\\\/uploads\\\/2024\\\/02\\\/Tienda-smokers-shop-sevilla-online.jpg\",\"width\":1080,\"height\":987},{\"@type\":\"BreadcrumbList\",\"@id\":\"https:\\\/\\\/www.smokershop.es\\\/index.php\\\/nosotros\\\/#breadcrumb\",\"itemListElement\":[{\"@type\":\"ListItem\",\"position\":1,\"name\":\"Portada\",\"item\":\"https:\\\/\\\/www.smokershop.es\\\/\"},{\"@type\":\"ListItem\",\"position\":2,\"name\":\"Nosotros\"}]},{\"@type\":\"WebSite\",\"@id\":\"https:\\\/\\\/www.smokershop.es\\\/#website\",\"url\":\"https:\\\/\\\/www.smokershop.es\\\/\",\"name\":\"The Smoker&#039;s Shop\",\"description\":\"Todo para los fumadores\",\"publisher\":{\"@id\":\"https:\\\/\\\/www.smokershop.es\\\/#organization\"},\"potentialAction\":[{\"@type\":\"SearchAction\",\"target\":{\"@type\":\"EntryPoint\",\"urlTemplate\":\"https:\\\/\\\/www.smokershop.es\\\/?s={search_term_string}\"},\"query-input\":{\"@type\":\"PropertyValueSpecification\",\"valueRequired\":true,\"valueName\":\"search_term_string\"}}],\"inLanguage\":\"es\"},{\"@type\":\"Organization\",\"@id\":\"https:\\\/\\\/www.smokershop.es\\\/#organization\",\"name\":\"The Smoker&#039;s Shop\",\"url\":\"https:\\\/\\\/www.smokershop.es\\\/\",\"logo\":{\"@type\":\"ImageObject\",\"inLanguage\":\"es\",\"@id\":\"https:\\\/\\\/www.smokershop.es\\\/#\\\/schema\\\/logo\\\/image\\\/\",\"url\":\"https:\\\/\\\/www.smokershop.es\\\/wp-content\\\/uploads\\\/2023\\\/10\\\/smokershop-logo.png\",\"contentUrl\":\"https:\\\/\\\/www.smokershop.es\\\/wp-content\\\/uploads\\\/2023\\\/10\\\/smokershop-logo.png\",\"width\":1711,\"height\":752,\"caption\":\"The Smoker&#039;s Shop\"},\"image\":{\"@id\":\"https:\\\/\\\/www.smokershop.es\\\/#\\\/schema\\\/logo\\\/image\\\/\"},\"sameAs\":[\"https:\\\/\\\/www.instagram.com\\\/thesmokersshopofficial\"]}]}<\/script>\n<!-- \/ Yoast SEO plugin. -->","yoast_head_json":{"title":"Nosotros - The Smoker&#039;s Shop","description":"Trabajamos directamente desde f\u00e1brica con diferentes marcas, centr\u00e1ndonos especialmente en la distribuci\u00f3n para asociaciones de fumadores, growshops y estancos.","robots":{"index":"index","follow":"follow","max-snippet":"max-snippet:-1","max-image-preview":"max-image-preview:large","max-video-preview":"max-video-preview:-1"},"canonical":"https:\/\/www.smokershop.es\/index.php\/nosotros\/","og_locale":"es_ES","og_type":"article","og_title":"Nosotros - The Smoker&#039;s Shop","og_description":"Trabajamos directamente desde f\u00e1brica con diferentes marcas, centr\u00e1ndonos especialmente en la distribuci\u00f3n para asociaciones de fumadores, growshops y estancos.","og_url":"https:\/\/www.smokershop.es\/index.php\/nosotros\/","og_site_name":"The Smoker&#039;s Shop","article_modified_time":"2026-03-06T18:55:21+00:00","og_image":[{"width":1080,"height":987,"url":"https:\/\/www.smokershop.es\/wp-content\/uploads\/2024\/02\/Tienda-smokers-shop-sevilla-online.jpg","type":"image\/jpeg"}],"twitter_card":"summary_large_image","twitter_misc":{"Tiempo de lectura":"1 minuto"},"schema":{"@context":"https:\/\/schema.org","@graph":[{"@type":"WebPage","@id":"https:\/\/www.smokershop.es\/index.php\/nosotros\/","url":"https:\/\/www.smokershop.es\/index.php\/nosotros\/","name":"Nosotros - The Smoker&#039;s Shop","isPartOf":{"@id":"https:\/\/www.smokershop.es\/#website"},"primaryImageOfPage":{"@id":"https:\/\/www.smokershop.es\/index.php\/nosotros\/#primaryimage"},"image":{"@id":"https:\/\/www.smokershop.es\/index.php\/nosotros\/#primaryimage"},"thumbnailUrl":"https:\/\/www.smokershop.es\/wp-content\/uploads\/2024\/02\/Tienda-smokers-shop-sevilla-online.jpg","datePublished":"2024-01-28T17:28:40+00:00","dateModified":"2026-03-06T18:55:21+00:00","description":"Trabajamos directamente desde f\u00e1brica con diferentes marcas, centr\u00e1ndonos especialmente en la distribuci\u00f3n para asociaciones de fumadores, growshops y estancos.","breadcrumb":{"@id":"https:\/\/www.smokershop.es\/index.php\/nosotros\/#breadcrumb"},"inLanguage":"es","potentialAction":[{"@type":"ReadAction","target":["https:\/\/www.smokershop.es\/index.php\/nosotros\/"]}]},{"@type":"ImageObject","inLanguage":"es","@id":"https:\/\/www.smokershop.es\/index.php\/nosotros\/#primaryimage","url":"https:\/\/www.smokershop.es\/wp-content\/uploads\/2024\/02\/Tienda-smokers-shop-sevilla-online.jpg","contentUrl":"https:\/\/www.smokershop.es\/wp-content\/uploads\/2024\/02\/Tienda-smokers-shop-sevilla-online.jpg","width":1080,"height":987},{"@type":"BreadcrumbList","@id":"https:\/\/www.smokershop.es\/index.php\/nosotros\/#breadcrumb","itemListElement":[{"@type":"ListItem","position":1,"name":"Portada","item":"https:\/\/www.smokershop.es\/"},{"@type":"ListItem","position":2,"name":"Nosotros"}]},{"@type":"WebSite","@id":"https:\/\/www.smokershop.es\/#website","url":"https:\/\/www.smokershop.es\/","name":"The Smoker&#039;s Shop","description":"Todo para los fumadores","publisher":{"@id":"https:\/\/www.smokershop.es\/#organization"},"potentialAction":[{"@type":"SearchAction","target":{"@type":"EntryPoint","urlTemplate":"https:\/\/www.smokershop.es\/?s={search_term_string}"},"query-input":{"@type":"PropertyValueSpecification","valueRequired":true,"valueName":"search_term_string"}}],"inLanguage":"es"},{"@type":"Organization","@id":"https:\/\/www.smokershop.es\/#organization","name":"The Smoker&#039;s Shop","url":"https:\/\/www.smokershop.es\/","logo":{"@type":"ImageObject","inLanguage":"es","@id":"https:\/\/www.smokershop.es\/#\/schema\/logo\/image\/","url":"https:\/\/www.smokershop.es\/wp-content\/uploads\/2023\/10\/smokershop-logo.png","contentUrl":"https:\/\/www.smokershop.es\/wp-content\/uploads\/2023\/10\/smokershop-logo.png","width":1711,"height":752,"caption":"The Smoker&#039;s Shop"},"image":{"@id":"https:\/\/www.smokershop.es\/#\/schema\/logo\/image\/"},"sameAs":["https:\/\/www.instagram.com\/thesmokersshopofficial"]}]}},"_links":{"self":[{"href":"https:\/\/www.smokershop.es\/index.php\/wp-json\/wp\/v2\/pages\/549","targetHints":{"allow":["GET"]}}],"collection":[{"href":"https:\/\/www.smokershop.es\/index.php\/wp-json\/wp\/v2\/pages"}],"about":[{"href":"https:\/\/www.smokershop.es\/index.php\/wp-json\/wp\/v2\/types\/page"}],"author":[{"embeddable":true,"href":"https:\/\/www.smokershop.es\/index.php\/wp-json\/wp\/v2\/users\/1"}],"replies":[{"embeddable":true,"href":"https:\/\/www.smokershop.es\/index.php\/wp-json\/wp\/v2\/comments?post=549"}],"version-history":[{"count":5,"href":"https:\/\/www.smokershop.es\/index.php\/wp-json\/wp\/v2\/pages\/549\/revisions"}],"predecessor-version":[{"id":3867,"href":"https:\/\/www.smokershop.es\/index.php\/wp-json\/wp\/v2\/pages\/549\/revisions\/3867"}],"wp:attachment":[{"href":"https:\/\/www.smokershop.es\/index.php\/wp-json\/wp\/v2\/media?parent=549"}],"curies":[{"name":"wp","href":"https:\/\/api.w.org\/{rel}","templated":true}]}}