{"id":1269,"date":"2024-01-25T17:14:57","date_gmt":"2024-01-25T16:14:57","guid":{"rendered":"https:\/\/www.smokershop.es\/?post_type=product&#038;p=1269"},"modified":"2025-09-22T18:07:50","modified_gmt":"2025-09-22T16:07:50","slug":"pack-munchies-ashtray","status":"publish","type":"product","link":"https:\/\/www.smokershop.es\/index.php\/producto\/pack-munchies-ashtray\/","title":{"rendered":"PACK MUNCHIES ASHTRAY"},"content":{"rendered":"<p>PACK MUNCHIES ASHTRAY<\/p>\n<div class=\"wd-single-content wd-wpb wd-rs-646250fbcc05b vc_custom_1684164859680\">\n<div class=\"product-description\">\n<p>Los Munchies Ashtray Pack, de la marca Monkey King, son packs que incluyen papel de fumar (cada librillo contiene 32 hojas de papel) , filtros (cada librillo contiene 16 dobles filtros) y un cenicero de metal.<\/p>\n<p>Los\u00a0papeles de fumar\u00a0que incluye este pack est\u00e1n elaborados con\u00a0fibras de madera natural\u00a0sin ning\u00fan tipo de colorante ni aditivo y sin blanquear. Adem\u00e1s, son de\u00a0combusti\u00f3n lenta y con goma ar\u00e1bica 100%.<\/p>\n<p>Por otro lado, los\u00a0filtros\u00a0son de cart\u00f3n y tienen una m\u00ednima perforaci\u00f3n que\u00a0facilita su forma y mejora la filtraci\u00f3n.<\/p>\n<\/div>\n<p>&nbsp;<\/p>\n<\/div>\n","protected":false},"excerpt":{"rendered":"<p>Caracter\u00edsticas de los\u00a0papeles de fumar:<\/p>\n<ul>\n<li style=\"list-style-type: none;\">\n<ul>\n<li>Tama\u00f1o del papel:\u00a0108 mm x 44 mm.<\/li>\n<\/ul>\n<\/li>\n<\/ul>\n<ul>\n<li style=\"list-style-type: none;\">\n<ul>\n<li>Ultrafinos:\u00a014 gr.<\/li>\n<\/ul>\n<\/li>\n<\/ul>\n<ul>\n<li style=\"list-style-type: none;\">\n<ul>\n<li>N\u00ba de hojas\u00a0por librillo: 32 papelillos.<\/li>\n<\/ul>\n<\/li>\n<\/ul>\n<p>Caracter\u00edsticas de los\u00a0filtros:<\/p>\n<ul>\n<li style=\"list-style-type: none;\">\n<ul>\n<li>Tama\u00f1o del filtro:\u00a051 mm x 25 mm.<\/li>\n<\/ul>\n<\/li>\n<\/ul>\n<ul>\n<li style=\"list-style-type: none;\">\n<ul>\n<li>Cart\u00f3n\u00a0perforado para facilitar su forma.<\/li>\n<\/ul>\n<\/li>\n<\/ul>\n<ul>\n<li style=\"list-style-type: none;\">\n<ul>\n<li>N\u00ba de filtros\u00a0por librillo:\u00a016 filtros dobles.<\/li>\n<\/ul>\n<\/li>\n<\/ul>\n<p>Caracter\u00edsticas de los\u00a0ceniceros:<\/p>\n<ul>\n<li style=\"list-style-type: none;\">\n<ul>\n<li>Tama\u00f1o del cenicero:\u00a0108 mm x 44 mm.<\/li>\n<\/ul>\n<\/li>\n<\/ul>\n<ul>\n<li style=\"list-style-type: none;\">\n<ul>\n<li>De metal<\/li>\n<\/ul>\n<\/li>\n<\/ul>\n<p>&#8211; 12 unidades por caja<\/p>\n","protected":false},"featured_media":1870,"template":"","meta":{"_joinchat":[]},"product_brand":[],"product_cat":[47],"product_tag":[],"class_list":{"0":"post-1269","1":"product","2":"type-product","3":"status-publish","4":"has-post-thumbnail","6":"product_cat-bandejas-y-ceniceros","8":"first","9":"instock","10":"taxable","11":"shipping-taxable","12":"purchasable","13":"product-type-simple"},"yoast_head":"<!-- This site is optimized with the Yoast SEO plugin v27.2 - https:\/\/yoast.com\/product\/yoast-seo-wordpress\/ -->\n<title>PACK MUNCHIES ASHTRAY - The Smoker&#039;s Shop<\/title>\n<meta name=\"description\" content=\"PACK MUNCHIES ASHTRAY incluyen papel de fumar (cada librillo tiene 32 hojas de papel) , filtros (cada librillo tiene 16 dobles) y un cenicero de metal.\" \/>\n<meta name=\"robots\" content=\"index, follow, max-snippet:-1, max-image-preview:large, max-video-preview:-1\" \/>\n<link rel=\"canonical\" href=\"https:\/\/www.smokershop.es\/index.php\/producto\/pack-munchies-ashtray\/\" \/>\n<meta property=\"og:locale\" content=\"es_ES\" \/>\n<meta property=\"og:type\" content=\"article\" \/>\n<meta property=\"og:title\" content=\"PACK MUNCHIES ASHTRAY - The Smoker&#039;s Shop\" \/>\n<meta property=\"og:description\" content=\"PACK MUNCHIES ASHTRAY incluyen papel de fumar (cada librillo tiene 32 hojas de papel) , filtros (cada librillo tiene 16 dobles) y un cenicero de metal.\" \/>\n<meta property=\"og:url\" content=\"https:\/\/www.smokershop.es\/index.php\/producto\/pack-munchies-ashtray\/\" \/>\n<meta property=\"og:site_name\" content=\"The Smoker&#039;s Shop\" \/>\n<meta property=\"article:modified_time\" content=\"2025-09-22T16:07:50+00:00\" \/>\n<meta property=\"og:image\" content=\"https:\/\/www.smokershop.es\/wp-content\/uploads\/2024\/01\/pack-munchies-ashtray.jpg\" \/>\n\t<meta property=\"og:image:width\" content=\"600\" \/>\n\t<meta property=\"og:image:height\" content=\"600\" \/>\n\t<meta property=\"og:image:type\" content=\"image\/jpeg\" \/>\n<meta name=\"twitter:card\" content=\"summary_large_image\" \/>\n<meta name=\"twitter:label1\" content=\"Tiempo de lectura\" \/>\n\t<meta name=\"twitter:data1\" content=\"1 minuto\" \/>\n<script type=\"application\/ld+json\" class=\"yoast-schema-graph\">{\"@context\":\"https:\/\/schema.org\",\"@graph\":[{\"@type\":\"WebPage\",\"@id\":\"https:\/\/www.smokershop.es\/index.php\/producto\/pack-munchies-ashtray\/\",\"url\":\"https:\/\/www.smokershop.es\/index.php\/producto\/pack-munchies-ashtray\/\",\"name\":\"PACK MUNCHIES ASHTRAY - The Smoker&#039;s Shop\",\"isPartOf\":{\"@id\":\"https:\/\/www.smokershop.es\/#website\"},\"primaryImageOfPage\":{\"@id\":\"https:\/\/www.smokershop.es\/index.php\/producto\/pack-munchies-ashtray\/#primaryimage\"},\"image\":{\"@id\":\"https:\/\/www.smokershop.es\/index.php\/producto\/pack-munchies-ashtray\/#primaryimage\"},\"thumbnailUrl\":\"https:\/\/www.smokershop.es\/wp-content\/uploads\/2024\/01\/pack-munchies-ashtray.jpg\",\"datePublished\":\"2024-01-25T16:14:57+00:00\",\"dateModified\":\"2025-09-22T16:07:50+00:00\",\"description\":\"PACK MUNCHIES ASHTRAY incluyen papel de fumar (cada librillo tiene 32 hojas de papel) , filtros (cada librillo tiene 16 dobles) y un cenicero de metal.\",\"breadcrumb\":{\"@id\":\"https:\/\/www.smokershop.es\/index.php\/producto\/pack-munchies-ashtray\/#breadcrumb\"},\"inLanguage\":\"es\",\"potentialAction\":[{\"@type\":\"ReadAction\",\"target\":[\"https:\/\/www.smokershop.es\/index.php\/producto\/pack-munchies-ashtray\/\"]}]},{\"@type\":\"ImageObject\",\"inLanguage\":\"es\",\"@id\":\"https:\/\/www.smokershop.es\/index.php\/producto\/pack-munchies-ashtray\/#primaryimage\",\"url\":\"https:\/\/www.smokershop.es\/wp-content\/uploads\/2024\/01\/pack-munchies-ashtray.jpg\",\"contentUrl\":\"https:\/\/www.smokershop.es\/wp-content\/uploads\/2024\/01\/pack-munchies-ashtray.jpg\",\"width\":600,\"height\":600},{\"@type\":\"BreadcrumbList\",\"@id\":\"https:\/\/www.smokershop.es\/index.php\/producto\/pack-munchies-ashtray\/#breadcrumb\",\"itemListElement\":[{\"@type\":\"ListItem\",\"position\":1,\"name\":\"Portada\",\"item\":\"https:\/\/www.smokershop.es\/\"},{\"@type\":\"ListItem\",\"position\":2,\"name\":\"The Shop\",\"item\":\"https:\/\/www.smokershop.es\/index.php\/shop\/\"},{\"@type\":\"ListItem\",\"position\":3,\"name\":\"PACK MUNCHIES ASHTRAY\"}]},{\"@type\":\"WebSite\",\"@id\":\"https:\/\/www.smokershop.es\/#website\",\"url\":\"https:\/\/www.smokershop.es\/\",\"name\":\"The Smoker&#039;s Shop\",\"description\":\"Todo para los fumadores\",\"publisher\":{\"@id\":\"https:\/\/www.smokershop.es\/#organization\"},\"potentialAction\":[{\"@type\":\"SearchAction\",\"target\":{\"@type\":\"EntryPoint\",\"urlTemplate\":\"https:\/\/www.smokershop.es\/?s={search_term_string}\"},\"query-input\":{\"@type\":\"PropertyValueSpecification\",\"valueRequired\":true,\"valueName\":\"search_term_string\"}}],\"inLanguage\":\"es\"},{\"@type\":\"Organization\",\"@id\":\"https:\/\/www.smokershop.es\/#organization\",\"name\":\"The Smoker&#039;s Shop\",\"url\":\"https:\/\/www.smokershop.es\/\",\"logo\":{\"@type\":\"ImageObject\",\"inLanguage\":\"es\",\"@id\":\"https:\/\/www.smokershop.es\/#\/schema\/logo\/image\/\",\"url\":\"https:\/\/www.smokershop.es\/wp-content\/uploads\/2023\/10\/smokershop-logo.png\",\"contentUrl\":\"https:\/\/www.smokershop.es\/wp-content\/uploads\/2023\/10\/smokershop-logo.png\",\"width\":1711,\"height\":752,\"caption\":\"The Smoker&#039;s Shop\"},\"image\":{\"@id\":\"https:\/\/www.smokershop.es\/#\/schema\/logo\/image\/\"},\"sameAs\":[\"https:\/\/www.instagram.com\/thesmokersshopofficial\"]}]}<\/script>\n<!-- \/ Yoast SEO plugin. -->","yoast_head_json":{"title":"PACK MUNCHIES ASHTRAY - The Smoker&#039;s Shop","description":"PACK MUNCHIES ASHTRAY incluyen papel de fumar (cada librillo tiene 32 hojas de papel) , filtros (cada librillo tiene 16 dobles) y un cenicero de metal.","robots":{"index":"index","follow":"follow","max-snippet":"max-snippet:-1","max-image-preview":"max-image-preview:large","max-video-preview":"max-video-preview:-1"},"canonical":"https:\/\/www.smokershop.es\/index.php\/producto\/pack-munchies-ashtray\/","og_locale":"es_ES","og_type":"article","og_title":"PACK MUNCHIES ASHTRAY - The Smoker&#039;s Shop","og_description":"PACK MUNCHIES ASHTRAY incluyen papel de fumar (cada librillo tiene 32 hojas de papel) , filtros (cada librillo tiene 16 dobles) y un cenicero de metal.","og_url":"https:\/\/www.smokershop.es\/index.php\/producto\/pack-munchies-ashtray\/","og_site_name":"The Smoker&#039;s Shop","article_modified_time":"2025-09-22T16:07:50+00:00","og_image":[{"width":600,"height":600,"url":"https:\/\/www.smokershop.es\/wp-content\/uploads\/2024\/01\/pack-munchies-ashtray.jpg","type":"image\/jpeg"}],"twitter_card":"summary_large_image","twitter_misc":{"Tiempo de lectura":"1 minuto"},"schema":{"@context":"https:\/\/schema.org","@graph":[{"@type":"WebPage","@id":"https:\/\/www.smokershop.es\/index.php\/producto\/pack-munchies-ashtray\/","url":"https:\/\/www.smokershop.es\/index.php\/producto\/pack-munchies-ashtray\/","name":"PACK MUNCHIES ASHTRAY - The Smoker&#039;s Shop","isPartOf":{"@id":"https:\/\/www.smokershop.es\/#website"},"primaryImageOfPage":{"@id":"https:\/\/www.smokershop.es\/index.php\/producto\/pack-munchies-ashtray\/#primaryimage"},"image":{"@id":"https:\/\/www.smokershop.es\/index.php\/producto\/pack-munchies-ashtray\/#primaryimage"},"thumbnailUrl":"https:\/\/www.smokershop.es\/wp-content\/uploads\/2024\/01\/pack-munchies-ashtray.jpg","datePublished":"2024-01-25T16:14:57+00:00","dateModified":"2025-09-22T16:07:50+00:00","description":"PACK MUNCHIES ASHTRAY incluyen papel de fumar (cada librillo tiene 32 hojas de papel) , filtros (cada librillo tiene 16 dobles) y un cenicero de metal.","breadcrumb":{"@id":"https:\/\/www.smokershop.es\/index.php\/producto\/pack-munchies-ashtray\/#breadcrumb"},"inLanguage":"es","potentialAction":[{"@type":"ReadAction","target":["https:\/\/www.smokershop.es\/index.php\/producto\/pack-munchies-ashtray\/"]}]},{"@type":"ImageObject","inLanguage":"es","@id":"https:\/\/www.smokershop.es\/index.php\/producto\/pack-munchies-ashtray\/#primaryimage","url":"https:\/\/www.smokershop.es\/wp-content\/uploads\/2024\/01\/pack-munchies-ashtray.jpg","contentUrl":"https:\/\/www.smokershop.es\/wp-content\/uploads\/2024\/01\/pack-munchies-ashtray.jpg","width":600,"height":600},{"@type":"BreadcrumbList","@id":"https:\/\/www.smokershop.es\/index.php\/producto\/pack-munchies-ashtray\/#breadcrumb","itemListElement":[{"@type":"ListItem","position":1,"name":"Portada","item":"https:\/\/www.smokershop.es\/"},{"@type":"ListItem","position":2,"name":"The Shop","item":"https:\/\/www.smokershop.es\/index.php\/shop\/"},{"@type":"ListItem","position":3,"name":"PACK MUNCHIES ASHTRAY"}]},{"@type":"WebSite","@id":"https:\/\/www.smokershop.es\/#website","url":"https:\/\/www.smokershop.es\/","name":"The Smoker&#039;s Shop","description":"Todo para los fumadores","publisher":{"@id":"https:\/\/www.smokershop.es\/#organization"},"potentialAction":[{"@type":"SearchAction","target":{"@type":"EntryPoint","urlTemplate":"https:\/\/www.smokershop.es\/?s={search_term_string}"},"query-input":{"@type":"PropertyValueSpecification","valueRequired":true,"valueName":"search_term_string"}}],"inLanguage":"es"},{"@type":"Organization","@id":"https:\/\/www.smokershop.es\/#organization","name":"The Smoker&#039;s Shop","url":"https:\/\/www.smokershop.es\/","logo":{"@type":"ImageObject","inLanguage":"es","@id":"https:\/\/www.smokershop.es\/#\/schema\/logo\/image\/","url":"https:\/\/www.smokershop.es\/wp-content\/uploads\/2023\/10\/smokershop-logo.png","contentUrl":"https:\/\/www.smokershop.es\/wp-content\/uploads\/2023\/10\/smokershop-logo.png","width":1711,"height":752,"caption":"The Smoker&#039;s Shop"},"image":{"@id":"https:\/\/www.smokershop.es\/#\/schema\/logo\/image\/"},"sameAs":["https:\/\/www.instagram.com\/thesmokersshopofficial"]}]}},"_links":{"self":[{"href":"https:\/\/www.smokershop.es\/index.php\/wp-json\/wp\/v2\/product\/1269","targetHints":{"allow":["GET"]}}],"collection":[{"href":"https:\/\/www.smokershop.es\/index.php\/wp-json\/wp\/v2\/product"}],"about":[{"href":"https:\/\/www.smokershop.es\/index.php\/wp-json\/wp\/v2\/types\/product"}],"wp:featuredmedia":[{"embeddable":true,"href":"https:\/\/www.smokershop.es\/index.php\/wp-json\/wp\/v2\/media\/1870"}],"wp:attachment":[{"href":"https:\/\/www.smokershop.es\/index.php\/wp-json\/wp\/v2\/media?parent=1269"}],"wp:term":[{"taxonomy":"product_brand","embeddable":true,"href":"https:\/\/www.smokershop.es\/index.php\/wp-json\/wp\/v2\/product_brand?post=1269"},{"taxonomy":"product_cat","embeddable":true,"href":"https:\/\/www.smokershop.es\/index.php\/wp-json\/wp\/v2\/product_cat?post=1269"},{"taxonomy":"product_tag","embeddable":true,"href":"https:\/\/www.smokershop.es\/index.php\/wp-json\/wp\/v2\/product_tag?post=1269"}],"curies":[{"name":"wp","href":"https:\/\/api.w.org\/{rel}","templated":true}]}}