{"id":1317,"date":"2024-01-26T16:58:15","date_gmt":"2024-01-26T15:58:15","guid":{"rendered":"https:\/\/www.smokershop.es\/?post_type=product&#038;p=1317"},"modified":"2025-11-03T20:42:35","modified_gmt":"2025-11-03T19:42:35","slug":"bong-bho-sirius-22cm","status":"publish","type":"product","link":"https:\/\/www.smokershop.es\/index.php\/producto\/bong-bho-sirius-22cm\/","title":{"rendered":"BONG BHO SIRIUS 22CM"},"content":{"rendered":"<p>BONG BHO SIRIUS 22CM<\/p>\n<div id=\"content_description\" class=\"ty-wysiwyg-content content-description\" data-ca-accordion-is-active-scroll-to-elm=\"1\">\n<div>\n<div>\n<p>Bong de grueso vidrio de primera calidad, impresionantes acabados y cuidados detalles. Consigue unas caladas suaves y frescas gracias a sus caracter\u00edsticas \u00fanicas.<\/p>\n<p>El humo pasa por dos percoladores, uno con forma &#8220;panel&#8221; con diminutos agujeros que generaran una gran cantidad de burbujas que filtraran el humo d\u00e1ndole un toque m\u00e1s fresco. El otro percolador situado en la base del tubo con 6 muescas en forma alargada concentrar\u00e1n el humo y lo distribuir\u00e1n de forma perfecta.<\/p>\n<\/div>\n<div><\/div>\n<div>Incluye banger macho de 14 mm.<\/div>\n<div><\/div>\n<\/div>\n<\/div>\n","protected":false},"excerpt":{"rendered":"<ul>\n<li>Altura: 22\u00a0cm.<\/li>\n<li>Di\u00e1metro del tubo: 60 mm.<\/li>\n<li>Di\u00e1metro de la base: 105 mm.<\/li>\n<li>Tama\u00f1o de la junta: 14 mm.<\/li>\n<li>Espesor: 5 mm.<\/li>\n<li>Incluye banger macho de 14 mm.<\/li>\n<\/ul>\n","protected":false},"featured_media":1319,"template":"","meta":{"_joinchat":[]},"product_brand":[],"product_cat":[54],"product_tag":[],"class_list":{"0":"post-1317","1":"product","2":"type-product","3":"status-publish","4":"has-post-thumbnail","6":"product_cat-pipas-bangers-herramientas","8":"first","9":"instock","10":"taxable","11":"shipping-taxable","12":"purchasable","13":"product-type-simple"},"yoast_head":"<!-- This site is optimized with the Yoast SEO plugin v27.4 - https:\/\/yoast.com\/product\/yoast-seo-wordpress\/ -->\n<title>BONG BHO SIRIUS 22CM - The Smoker&#039;s Shop<\/title>\n<meta name=\"description\" content=\"BONG BHO SIRIUS 22CM El humo pasa por 2 percoladores, uno con forma &quot;panel&quot; con diminutos agujeros y otro con 6 muescas que lo distribuir\u00e1n perfectamente.\" \/>\n<meta name=\"robots\" content=\"index, follow, max-snippet:-1, max-image-preview:large, max-video-preview:-1\" \/>\n<link rel=\"canonical\" href=\"https:\/\/www.smokershop.es\/index.php\/producto\/bong-bho-sirius-22cm\/\" \/>\n<meta property=\"og:locale\" content=\"es_ES\" \/>\n<meta property=\"og:type\" content=\"article\" \/>\n<meta property=\"og:title\" content=\"BONG BHO SIRIUS 22CM - The Smoker&#039;s Shop\" \/>\n<meta property=\"og:description\" content=\"BONG BHO SIRIUS 22CM El humo pasa por 2 percoladores, uno con forma &quot;panel&quot; con diminutos agujeros y otro con 6 muescas que lo distribuir\u00e1n perfectamente.\" \/>\n<meta property=\"og:url\" content=\"https:\/\/www.smokershop.es\/index.php\/producto\/bong-bho-sirius-22cm\/\" \/>\n<meta property=\"og:site_name\" content=\"The Smoker&#039;s Shop\" \/>\n<meta property=\"article:modified_time\" content=\"2025-11-03T19:42:35+00:00\" \/>\n<meta property=\"og:image\" content=\"https:\/\/www.smokershop.es\/wp-content\/uploads\/2024\/01\/bong-bho-sirius-22cm.jpg\" \/>\n\t<meta property=\"og:image:width\" content=\"600\" \/>\n\t<meta property=\"og:image:height\" content=\"600\" \/>\n\t<meta property=\"og:image:type\" content=\"image\/jpeg\" \/>\n<meta name=\"twitter:card\" content=\"summary_large_image\" \/>\n<meta name=\"twitter:label1\" content=\"Tiempo de lectura\" \/>\n\t<meta name=\"twitter:data1\" content=\"1 minuto\" \/>\n<script type=\"application\/ld+json\" class=\"yoast-schema-graph\">{\"@context\":\"https:\\\/\\\/schema.org\",\"@graph\":[{\"@type\":\"WebPage\",\"@id\":\"https:\\\/\\\/www.smokershop.es\\\/index.php\\\/producto\\\/bong-bho-sirius-22cm\\\/\",\"url\":\"https:\\\/\\\/www.smokershop.es\\\/index.php\\\/producto\\\/bong-bho-sirius-22cm\\\/\",\"name\":\"BONG BHO SIRIUS 22CM - The Smoker&#039;s Shop\",\"isPartOf\":{\"@id\":\"https:\\\/\\\/www.smokershop.es\\\/#website\"},\"primaryImageOfPage\":{\"@id\":\"https:\\\/\\\/www.smokershop.es\\\/index.php\\\/producto\\\/bong-bho-sirius-22cm\\\/#primaryimage\"},\"image\":{\"@id\":\"https:\\\/\\\/www.smokershop.es\\\/index.php\\\/producto\\\/bong-bho-sirius-22cm\\\/#primaryimage\"},\"thumbnailUrl\":\"https:\\\/\\\/www.smokershop.es\\\/wp-content\\\/uploads\\\/2024\\\/01\\\/bong-bho-sirius-22cm.jpg\",\"datePublished\":\"2024-01-26T15:58:15+00:00\",\"dateModified\":\"2025-11-03T19:42:35+00:00\",\"description\":\"BONG BHO SIRIUS 22CM El humo pasa por 2 percoladores, uno con forma \\\"panel\\\" con diminutos agujeros y otro con 6 muescas que lo distribuir\u00e1n perfectamente.\",\"breadcrumb\":{\"@id\":\"https:\\\/\\\/www.smokershop.es\\\/index.php\\\/producto\\\/bong-bho-sirius-22cm\\\/#breadcrumb\"},\"inLanguage\":\"es\",\"potentialAction\":[{\"@type\":\"ReadAction\",\"target\":[\"https:\\\/\\\/www.smokershop.es\\\/index.php\\\/producto\\\/bong-bho-sirius-22cm\\\/\"]}]},{\"@type\":\"ImageObject\",\"inLanguage\":\"es\",\"@id\":\"https:\\\/\\\/www.smokershop.es\\\/index.php\\\/producto\\\/bong-bho-sirius-22cm\\\/#primaryimage\",\"url\":\"https:\\\/\\\/www.smokershop.es\\\/wp-content\\\/uploads\\\/2024\\\/01\\\/bong-bho-sirius-22cm.jpg\",\"contentUrl\":\"https:\\\/\\\/www.smokershop.es\\\/wp-content\\\/uploads\\\/2024\\\/01\\\/bong-bho-sirius-22cm.jpg\",\"width\":600,\"height\":600},{\"@type\":\"BreadcrumbList\",\"@id\":\"https:\\\/\\\/www.smokershop.es\\\/index.php\\\/producto\\\/bong-bho-sirius-22cm\\\/#breadcrumb\",\"itemListElement\":[{\"@type\":\"ListItem\",\"position\":1,\"name\":\"Portada\",\"item\":\"https:\\\/\\\/www.smokershop.es\\\/\"},{\"@type\":\"ListItem\",\"position\":2,\"name\":\"The Shop\",\"item\":\"https:\\\/\\\/www.smokershop.es\\\/index.php\\\/shop\\\/\"},{\"@type\":\"ListItem\",\"position\":3,\"name\":\"BONG BHO SIRIUS 22CM\"}]},{\"@type\":\"WebSite\",\"@id\":\"https:\\\/\\\/www.smokershop.es\\\/#website\",\"url\":\"https:\\\/\\\/www.smokershop.es\\\/\",\"name\":\"The Smoker&#039;s Shop\",\"description\":\"Todo para los fumadores\",\"publisher\":{\"@id\":\"https:\\\/\\\/www.smokershop.es\\\/#organization\"},\"potentialAction\":[{\"@type\":\"SearchAction\",\"target\":{\"@type\":\"EntryPoint\",\"urlTemplate\":\"https:\\\/\\\/www.smokershop.es\\\/?s={search_term_string}\"},\"query-input\":{\"@type\":\"PropertyValueSpecification\",\"valueRequired\":true,\"valueName\":\"search_term_string\"}}],\"inLanguage\":\"es\"},{\"@type\":\"Organization\",\"@id\":\"https:\\\/\\\/www.smokershop.es\\\/#organization\",\"name\":\"The Smoker&#039;s Shop\",\"url\":\"https:\\\/\\\/www.smokershop.es\\\/\",\"logo\":{\"@type\":\"ImageObject\",\"inLanguage\":\"es\",\"@id\":\"https:\\\/\\\/www.smokershop.es\\\/#\\\/schema\\\/logo\\\/image\\\/\",\"url\":\"https:\\\/\\\/www.smokershop.es\\\/wp-content\\\/uploads\\\/2023\\\/10\\\/smokershop-logo.png\",\"contentUrl\":\"https:\\\/\\\/www.smokershop.es\\\/wp-content\\\/uploads\\\/2023\\\/10\\\/smokershop-logo.png\",\"width\":1711,\"height\":752,\"caption\":\"The Smoker&#039;s Shop\"},\"image\":{\"@id\":\"https:\\\/\\\/www.smokershop.es\\\/#\\\/schema\\\/logo\\\/image\\\/\"},\"sameAs\":[\"https:\\\/\\\/www.instagram.com\\\/thesmokersshopofficial\"]}]}<\/script>\n<!-- \/ Yoast SEO plugin. -->","yoast_head_json":{"title":"BONG BHO SIRIUS 22CM - The Smoker&#039;s Shop","description":"BONG BHO SIRIUS 22CM El humo pasa por 2 percoladores, uno con forma \"panel\" con diminutos agujeros y otro con 6 muescas que lo distribuir\u00e1n perfectamente.","robots":{"index":"index","follow":"follow","max-snippet":"max-snippet:-1","max-image-preview":"max-image-preview:large","max-video-preview":"max-video-preview:-1"},"canonical":"https:\/\/www.smokershop.es\/index.php\/producto\/bong-bho-sirius-22cm\/","og_locale":"es_ES","og_type":"article","og_title":"BONG BHO SIRIUS 22CM - The Smoker&#039;s Shop","og_description":"BONG BHO SIRIUS 22CM El humo pasa por 2 percoladores, uno con forma \"panel\" con diminutos agujeros y otro con 6 muescas que lo distribuir\u00e1n perfectamente.","og_url":"https:\/\/www.smokershop.es\/index.php\/producto\/bong-bho-sirius-22cm\/","og_site_name":"The Smoker&#039;s Shop","article_modified_time":"2025-11-03T19:42:35+00:00","og_image":[{"width":600,"height":600,"url":"https:\/\/www.smokershop.es\/wp-content\/uploads\/2024\/01\/bong-bho-sirius-22cm.jpg","type":"image\/jpeg"}],"twitter_card":"summary_large_image","twitter_misc":{"Tiempo de lectura":"1 minuto"},"schema":{"@context":"https:\/\/schema.org","@graph":[{"@type":"WebPage","@id":"https:\/\/www.smokershop.es\/index.php\/producto\/bong-bho-sirius-22cm\/","url":"https:\/\/www.smokershop.es\/index.php\/producto\/bong-bho-sirius-22cm\/","name":"BONG BHO SIRIUS 22CM - The Smoker&#039;s Shop","isPartOf":{"@id":"https:\/\/www.smokershop.es\/#website"},"primaryImageOfPage":{"@id":"https:\/\/www.smokershop.es\/index.php\/producto\/bong-bho-sirius-22cm\/#primaryimage"},"image":{"@id":"https:\/\/www.smokershop.es\/index.php\/producto\/bong-bho-sirius-22cm\/#primaryimage"},"thumbnailUrl":"https:\/\/www.smokershop.es\/wp-content\/uploads\/2024\/01\/bong-bho-sirius-22cm.jpg","datePublished":"2024-01-26T15:58:15+00:00","dateModified":"2025-11-03T19:42:35+00:00","description":"BONG BHO SIRIUS 22CM El humo pasa por 2 percoladores, uno con forma \"panel\" con diminutos agujeros y otro con 6 muescas que lo distribuir\u00e1n perfectamente.","breadcrumb":{"@id":"https:\/\/www.smokershop.es\/index.php\/producto\/bong-bho-sirius-22cm\/#breadcrumb"},"inLanguage":"es","potentialAction":[{"@type":"ReadAction","target":["https:\/\/www.smokershop.es\/index.php\/producto\/bong-bho-sirius-22cm\/"]}]},{"@type":"ImageObject","inLanguage":"es","@id":"https:\/\/www.smokershop.es\/index.php\/producto\/bong-bho-sirius-22cm\/#primaryimage","url":"https:\/\/www.smokershop.es\/wp-content\/uploads\/2024\/01\/bong-bho-sirius-22cm.jpg","contentUrl":"https:\/\/www.smokershop.es\/wp-content\/uploads\/2024\/01\/bong-bho-sirius-22cm.jpg","width":600,"height":600},{"@type":"BreadcrumbList","@id":"https:\/\/www.smokershop.es\/index.php\/producto\/bong-bho-sirius-22cm\/#breadcrumb","itemListElement":[{"@type":"ListItem","position":1,"name":"Portada","item":"https:\/\/www.smokershop.es\/"},{"@type":"ListItem","position":2,"name":"The Shop","item":"https:\/\/www.smokershop.es\/index.php\/shop\/"},{"@type":"ListItem","position":3,"name":"BONG BHO SIRIUS 22CM"}]},{"@type":"WebSite","@id":"https:\/\/www.smokershop.es\/#website","url":"https:\/\/www.smokershop.es\/","name":"The Smoker&#039;s Shop","description":"Todo para los fumadores","publisher":{"@id":"https:\/\/www.smokershop.es\/#organization"},"potentialAction":[{"@type":"SearchAction","target":{"@type":"EntryPoint","urlTemplate":"https:\/\/www.smokershop.es\/?s={search_term_string}"},"query-input":{"@type":"PropertyValueSpecification","valueRequired":true,"valueName":"search_term_string"}}],"inLanguage":"es"},{"@type":"Organization","@id":"https:\/\/www.smokershop.es\/#organization","name":"The Smoker&#039;s Shop","url":"https:\/\/www.smokershop.es\/","logo":{"@type":"ImageObject","inLanguage":"es","@id":"https:\/\/www.smokershop.es\/#\/schema\/logo\/image\/","url":"https:\/\/www.smokershop.es\/wp-content\/uploads\/2023\/10\/smokershop-logo.png","contentUrl":"https:\/\/www.smokershop.es\/wp-content\/uploads\/2023\/10\/smokershop-logo.png","width":1711,"height":752,"caption":"The Smoker&#039;s Shop"},"image":{"@id":"https:\/\/www.smokershop.es\/#\/schema\/logo\/image\/"},"sameAs":["https:\/\/www.instagram.com\/thesmokersshopofficial"]}]}},"_links":{"self":[{"href":"https:\/\/www.smokershop.es\/index.php\/wp-json\/wp\/v2\/product\/1317","targetHints":{"allow":["GET"]}}],"collection":[{"href":"https:\/\/www.smokershop.es\/index.php\/wp-json\/wp\/v2\/product"}],"about":[{"href":"https:\/\/www.smokershop.es\/index.php\/wp-json\/wp\/v2\/types\/product"}],"wp:featuredmedia":[{"embeddable":true,"href":"https:\/\/www.smokershop.es\/index.php\/wp-json\/wp\/v2\/media\/1319"}],"wp:attachment":[{"href":"https:\/\/www.smokershop.es\/index.php\/wp-json\/wp\/v2\/media?parent=1317"}],"wp:term":[{"taxonomy":"product_brand","embeddable":true,"href":"https:\/\/www.smokershop.es\/index.php\/wp-json\/wp\/v2\/product_brand?post=1317"},{"taxonomy":"product_cat","embeddable":true,"href":"https:\/\/www.smokershop.es\/index.php\/wp-json\/wp\/v2\/product_cat?post=1317"},{"taxonomy":"product_tag","embeddable":true,"href":"https:\/\/www.smokershop.es\/index.php\/wp-json\/wp\/v2\/product_tag?post=1317"}],"curies":[{"name":"wp","href":"https:\/\/api.w.org\/{rel}","templated":true}]}}