{"id":1607,"date":"2024-02-13T19:07:59","date_gmt":"2024-02-13T18:07:59","guid":{"rendered":"https:\/\/www.smokershop.es\/?post_type=product&#038;p=1607"},"modified":"2025-11-20T02:42:39","modified_gmt":"2025-11-20T01:42:39","slug":"pack-monkey-king-super-hero","status":"publish","type":"product","link":"https:\/\/www.smokershop.es\/index.php\/producto\/pack-monkey-king-super-hero\/","title":{"rendered":"PACK MONKEY KING SUPER HERO"},"content":{"rendered":"<p>PACK MONKEY KING SUPER HERO<\/p>\n<p>El nuevo Pack Monkey King Super Hero cuenta con un librillo de papel king size marr\u00f3n, sin blanquear, hecho con fibras vegetales, sin colorantes ni aditivos y con goma ar\u00e1biga 100% natural, un papel ultra fino que proporciona una combusti\u00f3n lenta y uniforme. Y con su respectivos 16 filtros dobles de cart\u00f3n de 51 mm X 25 mm, de 140 gramos, troquelados que facilitan su uso y mejoran el filtrado. Lo que lo convierte un pack perfecto con todo lo necesario.<\/p>\n<p>Como siempre con un dise\u00f1o original y atrevido, caracter\u00edstico de Moneky King, pero es que en esta ocasi\u00f3n han ido m\u00e1s all\u00e1, ya que esta edici\u00f3n Super Hero brilla en la oscuridad. Sorprende a todo el mundo con este nuevo modelo incre\u00edble y no lo pierdas de vista ni en la oscuridad.<\/p>\n","protected":false},"excerpt":{"rendered":"<ul>\n<li>Pack librillo\u00a0 con 32 hojas de papel king size + 16 filtros dobles.<\/li>\n<li>Medidas\n<ul>\n<li>Papel King Size\n<ul>\n<li style=\"list-style-type: none;\">\n<ul>\n<li>108 mm X 44 mm<\/li>\n<li>51 mm X 25 mm cada uno<\/li>\n<li>Filtros Dobles<\/li>\n<li>140gr<\/li>\n<li>\u00a0troquelados<\/li>\n<\/ul>\n<\/li>\n<\/ul>\n<\/li>\n<\/ul>\n<\/li>\n<\/ul>\n<p>&nbsp;<\/p>\n<ul>\n<li>Para Profesionales -&gt; 24 unidades por caja<\/li>\n<li style=\"list-style-type: none;\"><\/li>\n<\/ul>\n","protected":false},"featured_media":3736,"template":"","meta":{"_joinchat":[]},"product_brand":[],"product_cat":[40,42,66],"product_tag":[],"class_list":{"0":"post-1607","1":"product","2":"type-product","3":"status-publish","4":"has-post-thumbnail","6":"product_cat-papel-de-fumar","7":"product_cat-papel-king-size","8":"product_cat-papel-king-size-tips-papel-king-size","10":"first","11":"instock","12":"taxable","13":"shipping-taxable","14":"purchasable","15":"product-type-simple"},"yoast_head":"<!-- This site is optimized with the Yoast SEO plugin v27.4 - https:\/\/yoast.com\/product\/yoast-seo-wordpress\/ -->\n<title>PACK MONKEY KING SUPER HERO - The Smoker&#039;s Shop<\/title>\n<meta name=\"description\" content=\"PACK MONKEY KING SUPER HERO contiene 32 papeles marrones y 32 filtros de cart\u00f3n troquelados, adem\u00e1s de un dise\u00f1o impresionante que brilla en la oscuridad.\" \/>\n<meta name=\"robots\" content=\"index, follow, max-snippet:-1, max-image-preview:large, max-video-preview:-1\" \/>\n<link rel=\"canonical\" href=\"https:\/\/www.smokershop.es\/index.php\/producto\/pack-monkey-king-super-hero\/\" \/>\n<meta property=\"og:locale\" content=\"es_ES\" \/>\n<meta property=\"og:type\" content=\"article\" \/>\n<meta property=\"og:title\" content=\"PACK MONKEY KING SUPER HERO - The Smoker&#039;s Shop\" \/>\n<meta property=\"og:description\" content=\"PACK MONKEY KING SUPER HERO contiene 32 papeles marrones y 32 filtros de cart\u00f3n troquelados, adem\u00e1s de un dise\u00f1o impresionante que brilla en la oscuridad.\" \/>\n<meta property=\"og:url\" content=\"https:\/\/www.smokershop.es\/index.php\/producto\/pack-monkey-king-super-hero\/\" \/>\n<meta property=\"og:site_name\" content=\"The Smoker&#039;s Shop\" \/>\n<meta property=\"article:modified_time\" content=\"2025-11-20T01:42:39+00:00\" \/>\n<meta property=\"og:image\" content=\"https:\/\/www.smokershop.es\/wp-content\/uploads\/2024\/02\/PACK-SUPER-HERO.jpg\" \/>\n\t<meta property=\"og:image:width\" content=\"1350\" \/>\n\t<meta property=\"og:image:height\" content=\"1350\" \/>\n\t<meta property=\"og:image:type\" content=\"image\/jpeg\" \/>\n<meta name=\"twitter:card\" content=\"summary_large_image\" \/>\n<meta name=\"twitter:label1\" content=\"Tiempo de lectura\" \/>\n\t<meta name=\"twitter:data1\" content=\"1 minuto\" \/>\n<script type=\"application\/ld+json\" class=\"yoast-schema-graph\">{\"@context\":\"https:\\\/\\\/schema.org\",\"@graph\":[{\"@type\":\"WebPage\",\"@id\":\"https:\\\/\\\/www.smokershop.es\\\/index.php\\\/producto\\\/pack-monkey-king-super-hero\\\/\",\"url\":\"https:\\\/\\\/www.smokershop.es\\\/index.php\\\/producto\\\/pack-monkey-king-super-hero\\\/\",\"name\":\"PACK MONKEY KING SUPER HERO - The Smoker&#039;s Shop\",\"isPartOf\":{\"@id\":\"https:\\\/\\\/www.smokershop.es\\\/#website\"},\"primaryImageOfPage\":{\"@id\":\"https:\\\/\\\/www.smokershop.es\\\/index.php\\\/producto\\\/pack-monkey-king-super-hero\\\/#primaryimage\"},\"image\":{\"@id\":\"https:\\\/\\\/www.smokershop.es\\\/index.php\\\/producto\\\/pack-monkey-king-super-hero\\\/#primaryimage\"},\"thumbnailUrl\":\"https:\\\/\\\/www.smokershop.es\\\/wp-content\\\/uploads\\\/2024\\\/02\\\/PACK-SUPER-HERO.jpg\",\"datePublished\":\"2024-02-13T18:07:59+00:00\",\"dateModified\":\"2025-11-20T01:42:39+00:00\",\"description\":\"PACK MONKEY KING SUPER HERO contiene 32 papeles marrones y 32 filtros de cart\u00f3n troquelados, adem\u00e1s de un dise\u00f1o impresionante que brilla en la oscuridad.\",\"breadcrumb\":{\"@id\":\"https:\\\/\\\/www.smokershop.es\\\/index.php\\\/producto\\\/pack-monkey-king-super-hero\\\/#breadcrumb\"},\"inLanguage\":\"es\",\"potentialAction\":[{\"@type\":\"ReadAction\",\"target\":[\"https:\\\/\\\/www.smokershop.es\\\/index.php\\\/producto\\\/pack-monkey-king-super-hero\\\/\"]}]},{\"@type\":\"ImageObject\",\"inLanguage\":\"es\",\"@id\":\"https:\\\/\\\/www.smokershop.es\\\/index.php\\\/producto\\\/pack-monkey-king-super-hero\\\/#primaryimage\",\"url\":\"https:\\\/\\\/www.smokershop.es\\\/wp-content\\\/uploads\\\/2024\\\/02\\\/PACK-SUPER-HERO.jpg\",\"contentUrl\":\"https:\\\/\\\/www.smokershop.es\\\/wp-content\\\/uploads\\\/2024\\\/02\\\/PACK-SUPER-HERO.jpg\",\"width\":1350,\"height\":1350,\"caption\":\"PACK MONKEY KING SUPER HERO\"},{\"@type\":\"BreadcrumbList\",\"@id\":\"https:\\\/\\\/www.smokershop.es\\\/index.php\\\/producto\\\/pack-monkey-king-super-hero\\\/#breadcrumb\",\"itemListElement\":[{\"@type\":\"ListItem\",\"position\":1,\"name\":\"Portada\",\"item\":\"https:\\\/\\\/www.smokershop.es\\\/\"},{\"@type\":\"ListItem\",\"position\":2,\"name\":\"The Shop\",\"item\":\"https:\\\/\\\/www.smokershop.es\\\/index.php\\\/shop\\\/\"},{\"@type\":\"ListItem\",\"position\":3,\"name\":\"PACK MONKEY KING SUPER HERO\"}]},{\"@type\":\"WebSite\",\"@id\":\"https:\\\/\\\/www.smokershop.es\\\/#website\",\"url\":\"https:\\\/\\\/www.smokershop.es\\\/\",\"name\":\"The Smoker&#039;s Shop\",\"description\":\"Todo para los fumadores\",\"publisher\":{\"@id\":\"https:\\\/\\\/www.smokershop.es\\\/#organization\"},\"potentialAction\":[{\"@type\":\"SearchAction\",\"target\":{\"@type\":\"EntryPoint\",\"urlTemplate\":\"https:\\\/\\\/www.smokershop.es\\\/?s={search_term_string}\"},\"query-input\":{\"@type\":\"PropertyValueSpecification\",\"valueRequired\":true,\"valueName\":\"search_term_string\"}}],\"inLanguage\":\"es\"},{\"@type\":\"Organization\",\"@id\":\"https:\\\/\\\/www.smokershop.es\\\/#organization\",\"name\":\"The Smoker&#039;s Shop\",\"url\":\"https:\\\/\\\/www.smokershop.es\\\/\",\"logo\":{\"@type\":\"ImageObject\",\"inLanguage\":\"es\",\"@id\":\"https:\\\/\\\/www.smokershop.es\\\/#\\\/schema\\\/logo\\\/image\\\/\",\"url\":\"https:\\\/\\\/www.smokershop.es\\\/wp-content\\\/uploads\\\/2023\\\/10\\\/smokershop-logo.png\",\"contentUrl\":\"https:\\\/\\\/www.smokershop.es\\\/wp-content\\\/uploads\\\/2023\\\/10\\\/smokershop-logo.png\",\"width\":1711,\"height\":752,\"caption\":\"The Smoker&#039;s Shop\"},\"image\":{\"@id\":\"https:\\\/\\\/www.smokershop.es\\\/#\\\/schema\\\/logo\\\/image\\\/\"},\"sameAs\":[\"https:\\\/\\\/www.instagram.com\\\/thesmokersshopofficial\"]}]}<\/script>\n<!-- \/ Yoast SEO plugin. -->","yoast_head_json":{"title":"PACK MONKEY KING SUPER HERO - The Smoker&#039;s Shop","description":"PACK MONKEY KING SUPER HERO contiene 32 papeles marrones y 32 filtros de cart\u00f3n troquelados, adem\u00e1s de un dise\u00f1o impresionante que brilla en la oscuridad.","robots":{"index":"index","follow":"follow","max-snippet":"max-snippet:-1","max-image-preview":"max-image-preview:large","max-video-preview":"max-video-preview:-1"},"canonical":"https:\/\/www.smokershop.es\/index.php\/producto\/pack-monkey-king-super-hero\/","og_locale":"es_ES","og_type":"article","og_title":"PACK MONKEY KING SUPER HERO - The Smoker&#039;s Shop","og_description":"PACK MONKEY KING SUPER HERO contiene 32 papeles marrones y 32 filtros de cart\u00f3n troquelados, adem\u00e1s de un dise\u00f1o impresionante que brilla en la oscuridad.","og_url":"https:\/\/www.smokershop.es\/index.php\/producto\/pack-monkey-king-super-hero\/","og_site_name":"The Smoker&#039;s Shop","article_modified_time":"2025-11-20T01:42:39+00:00","og_image":[{"width":1350,"height":1350,"url":"https:\/\/www.smokershop.es\/wp-content\/uploads\/2024\/02\/PACK-SUPER-HERO.jpg","type":"image\/jpeg"}],"twitter_card":"summary_large_image","twitter_misc":{"Tiempo de lectura":"1 minuto"},"schema":{"@context":"https:\/\/schema.org","@graph":[{"@type":"WebPage","@id":"https:\/\/www.smokershop.es\/index.php\/producto\/pack-monkey-king-super-hero\/","url":"https:\/\/www.smokershop.es\/index.php\/producto\/pack-monkey-king-super-hero\/","name":"PACK MONKEY KING SUPER HERO - The Smoker&#039;s Shop","isPartOf":{"@id":"https:\/\/www.smokershop.es\/#website"},"primaryImageOfPage":{"@id":"https:\/\/www.smokershop.es\/index.php\/producto\/pack-monkey-king-super-hero\/#primaryimage"},"image":{"@id":"https:\/\/www.smokershop.es\/index.php\/producto\/pack-monkey-king-super-hero\/#primaryimage"},"thumbnailUrl":"https:\/\/www.smokershop.es\/wp-content\/uploads\/2024\/02\/PACK-SUPER-HERO.jpg","datePublished":"2024-02-13T18:07:59+00:00","dateModified":"2025-11-20T01:42:39+00:00","description":"PACK MONKEY KING SUPER HERO contiene 32 papeles marrones y 32 filtros de cart\u00f3n troquelados, adem\u00e1s de un dise\u00f1o impresionante que brilla en la oscuridad.","breadcrumb":{"@id":"https:\/\/www.smokershop.es\/index.php\/producto\/pack-monkey-king-super-hero\/#breadcrumb"},"inLanguage":"es","potentialAction":[{"@type":"ReadAction","target":["https:\/\/www.smokershop.es\/index.php\/producto\/pack-monkey-king-super-hero\/"]}]},{"@type":"ImageObject","inLanguage":"es","@id":"https:\/\/www.smokershop.es\/index.php\/producto\/pack-monkey-king-super-hero\/#primaryimage","url":"https:\/\/www.smokershop.es\/wp-content\/uploads\/2024\/02\/PACK-SUPER-HERO.jpg","contentUrl":"https:\/\/www.smokershop.es\/wp-content\/uploads\/2024\/02\/PACK-SUPER-HERO.jpg","width":1350,"height":1350,"caption":"PACK MONKEY KING SUPER HERO"},{"@type":"BreadcrumbList","@id":"https:\/\/www.smokershop.es\/index.php\/producto\/pack-monkey-king-super-hero\/#breadcrumb","itemListElement":[{"@type":"ListItem","position":1,"name":"Portada","item":"https:\/\/www.smokershop.es\/"},{"@type":"ListItem","position":2,"name":"The Shop","item":"https:\/\/www.smokershop.es\/index.php\/shop\/"},{"@type":"ListItem","position":3,"name":"PACK MONKEY KING SUPER HERO"}]},{"@type":"WebSite","@id":"https:\/\/www.smokershop.es\/#website","url":"https:\/\/www.smokershop.es\/","name":"The Smoker&#039;s Shop","description":"Todo para los fumadores","publisher":{"@id":"https:\/\/www.smokershop.es\/#organization"},"potentialAction":[{"@type":"SearchAction","target":{"@type":"EntryPoint","urlTemplate":"https:\/\/www.smokershop.es\/?s={search_term_string}"},"query-input":{"@type":"PropertyValueSpecification","valueRequired":true,"valueName":"search_term_string"}}],"inLanguage":"es"},{"@type":"Organization","@id":"https:\/\/www.smokershop.es\/#organization","name":"The Smoker&#039;s Shop","url":"https:\/\/www.smokershop.es\/","logo":{"@type":"ImageObject","inLanguage":"es","@id":"https:\/\/www.smokershop.es\/#\/schema\/logo\/image\/","url":"https:\/\/www.smokershop.es\/wp-content\/uploads\/2023\/10\/smokershop-logo.png","contentUrl":"https:\/\/www.smokershop.es\/wp-content\/uploads\/2023\/10\/smokershop-logo.png","width":1711,"height":752,"caption":"The Smoker&#039;s Shop"},"image":{"@id":"https:\/\/www.smokershop.es\/#\/schema\/logo\/image\/"},"sameAs":["https:\/\/www.instagram.com\/thesmokersshopofficial"]}]}},"_links":{"self":[{"href":"https:\/\/www.smokershop.es\/index.php\/wp-json\/wp\/v2\/product\/1607","targetHints":{"allow":["GET"]}}],"collection":[{"href":"https:\/\/www.smokershop.es\/index.php\/wp-json\/wp\/v2\/product"}],"about":[{"href":"https:\/\/www.smokershop.es\/index.php\/wp-json\/wp\/v2\/types\/product"}],"wp:featuredmedia":[{"embeddable":true,"href":"https:\/\/www.smokershop.es\/index.php\/wp-json\/wp\/v2\/media\/3736"}],"wp:attachment":[{"href":"https:\/\/www.smokershop.es\/index.php\/wp-json\/wp\/v2\/media?parent=1607"}],"wp:term":[{"taxonomy":"product_brand","embeddable":true,"href":"https:\/\/www.smokershop.es\/index.php\/wp-json\/wp\/v2\/product_brand?post=1607"},{"taxonomy":"product_cat","embeddable":true,"href":"https:\/\/www.smokershop.es\/index.php\/wp-json\/wp\/v2\/product_cat?post=1607"},{"taxonomy":"product_tag","embeddable":true,"href":"https:\/\/www.smokershop.es\/index.php\/wp-json\/wp\/v2\/product_tag?post=1607"}],"curies":[{"name":"wp","href":"https:\/\/api.w.org\/{rel}","templated":true}]}}