{"id":1881,"date":"2024-03-05T12:32:44","date_gmt":"2024-03-05T11:32:44","guid":{"rendered":"https:\/\/www.smokershop.es\/?post_type=product&#038;p=1881"},"modified":"2026-04-24T11:42:14","modified_gmt":"2026-04-24T09:42:14","slug":"kit-monkey-atomic","status":"publish","type":"product","link":"https:\/\/www.smokershop.es\/index.php\/producto\/kit-monkey-atomic\/","title":{"rendered":"KIT MONKEY ATOMIC"},"content":{"rendered":"<p>KIT MONKEY ATOMIC<\/p>\n<p>Este nuevo kit de Monkey King es perfecto para todas aquellas personas que deseen llevar todo lo necesario en un c\u00f3modo estuche para tenerlo bien a mano y localizado. El Monkey Kit Atomic cuenta con un librillo king size con 32 hojas de papel marr\u00f3n, sin blanquear ni aditivos, ultra fino, de combusti\u00f3n lenta y uniforme. Otro librillo de 16 filtros dobles, de cart\u00f3n troquelados, para facilitar su uso y mejorar su filtrado. Y adem\u00e1s un mechero con un dise\u00f1o \u00fanico, que va acorde con esta edici\u00f3n de Monkey King, a juego con el librillo de papel y filtros.<\/p>\n<p>Con este nuevo kit tendr\u00e1s todo lo necesario dentro de tu estuche de cart\u00f3n, hay cinco modelos diferentes todos con dise\u00f1os originales y caracter\u00edsticos de la marca, para que nunca te falte de nada y puedas disfrutar de tus flores con estilo.<\/p>\n","protected":false},"excerpt":{"rendered":"<ul>\n<li>Papel King Size Slim marr\u00f3n, hecho de fibras vegetales, sin blanquear ni aditivos<\/li>\n<li>De combustio\u0301n lenta y con goma ara\u0301biga 100% natural<\/li>\n<li>Filtros de cart\u00f3n marr\u00f3n troquelados de 160 gr<\/li>\n<li>Tama\u00f1o del papel 108 mm X 44 mm<\/li>\n<li>32 hojas por librillo y 32 filtros<\/li>\n<li>Mechero con dise\u00f1o Monkey King, caracter\u00edstico de la marca, a juego con el librillo<\/li>\n<li>Todo esto dentro de un c\u00f3modo estuche de cart\u00f3n con 5 dise\u00f1os diferentes<\/li>\n<\/ul>\n<ul>\n<li style=\"list-style-type: none;\">\n<ul>\n<li><em>FORMATO PRO -&gt; DISPLAY 25x<\/em><\/li>\n<li><strong>\u2b07\ufe0f PRECIOS MAYORISTA PARA PROFESIONALES \u2b07\ufe0f<\/strong><\/li>\n<\/ul>\n<\/li>\n<\/ul>\n<p style=\"padding-left: 200px;\"><strong><a href=\"https:\/\/www.smokershop.es\/index.php\/register\/\" target=\"_blank\" rel=\"noopener\">\ud83d\udc49 REGISTRATE AQUI \ud83d\udc48<\/a><\/strong><\/p>\n","protected":false},"featured_media":1932,"template":"","meta":{"_joinchat":[]},"product_brand":[],"product_cat":[46,44],"product_tag":[],"class_list":{"0":"post-1881","1":"product","2":"type-product","3":"status-publish","4":"has-post-thumbnail","6":"product_cat-mecheros-packs-y-sopletes","7":"product_cat-otros","9":"first","10":"instock","11":"taxable","12":"shipping-taxable","13":"purchasable","14":"product-type-simple"},"yoast_head":"<!-- This site is optimized with the Yoast SEO plugin v27.4 - https:\/\/yoast.com\/product\/yoast-seo-wordpress\/ -->\n<title>KIT MONKEY ATOMIC - The Smoker&#039;s Shop<\/title>\n<meta name=\"description\" content=\"KIT MONKEY ATOMIC incluye librillo king size con 32 hojas ,16 filtros dobles troquelados y un mechero con un dise\u00f1o \u00fanico a juego.\" \/>\n<meta name=\"robots\" content=\"index, follow, max-snippet:-1, max-image-preview:large, max-video-preview:-1\" \/>\n<link rel=\"canonical\" href=\"https:\/\/www.smokershop.es\/index.php\/producto\/kit-monkey-atomic\/\" \/>\n<meta property=\"og:locale\" content=\"es_ES\" \/>\n<meta property=\"og:type\" content=\"article\" \/>\n<meta property=\"og:title\" content=\"KIT MONKEY ATOMIC - The Smoker&#039;s Shop\" \/>\n<meta property=\"og:description\" content=\"KIT MONKEY ATOMIC incluye librillo king size con 32 hojas ,16 filtros dobles troquelados y un mechero con un dise\u00f1o \u00fanico a juego.\" \/>\n<meta property=\"og:url\" content=\"https:\/\/www.smokershop.es\/index.php\/producto\/kit-monkey-atomic\/\" \/>\n<meta property=\"og:site_name\" content=\"The Smoker&#039;s Shop\" \/>\n<meta property=\"article:modified_time\" content=\"2026-04-24T09:42:14+00:00\" \/>\n<meta property=\"og:image\" content=\"https:\/\/www.smokershop.es\/wp-content\/uploads\/2024\/03\/kit-monkey-atomic.jpg\" \/>\n\t<meta property=\"og:image:width\" content=\"600\" \/>\n\t<meta property=\"og:image:height\" content=\"600\" \/>\n\t<meta property=\"og:image:type\" content=\"image\/jpeg\" \/>\n<meta name=\"twitter:card\" content=\"summary_large_image\" \/>\n<meta name=\"twitter:label1\" content=\"Tiempo de lectura\" \/>\n\t<meta name=\"twitter:data1\" content=\"1 minuto\" \/>\n<script type=\"application\/ld+json\" class=\"yoast-schema-graph\">{\"@context\":\"https:\\\/\\\/schema.org\",\"@graph\":[{\"@type\":\"WebPage\",\"@id\":\"https:\\\/\\\/www.smokershop.es\\\/index.php\\\/producto\\\/kit-monkey-atomic\\\/\",\"url\":\"https:\\\/\\\/www.smokershop.es\\\/index.php\\\/producto\\\/kit-monkey-atomic\\\/\",\"name\":\"KIT MONKEY ATOMIC - The Smoker&#039;s Shop\",\"isPartOf\":{\"@id\":\"https:\\\/\\\/www.smokershop.es\\\/#website\"},\"primaryImageOfPage\":{\"@id\":\"https:\\\/\\\/www.smokershop.es\\\/index.php\\\/producto\\\/kit-monkey-atomic\\\/#primaryimage\"},\"image\":{\"@id\":\"https:\\\/\\\/www.smokershop.es\\\/index.php\\\/producto\\\/kit-monkey-atomic\\\/#primaryimage\"},\"thumbnailUrl\":\"https:\\\/\\\/www.smokershop.es\\\/wp-content\\\/uploads\\\/2024\\\/03\\\/kit-monkey-atomic.jpg\",\"datePublished\":\"2024-03-05T11:32:44+00:00\",\"dateModified\":\"2026-04-24T09:42:14+00:00\",\"description\":\"KIT MONKEY ATOMIC incluye librillo king size con 32 hojas ,16 filtros dobles troquelados y un mechero con un dise\u00f1o \u00fanico a juego.\",\"breadcrumb\":{\"@id\":\"https:\\\/\\\/www.smokershop.es\\\/index.php\\\/producto\\\/kit-monkey-atomic\\\/#breadcrumb\"},\"inLanguage\":\"es\",\"potentialAction\":[{\"@type\":\"ReadAction\",\"target\":[\"https:\\\/\\\/www.smokershop.es\\\/index.php\\\/producto\\\/kit-monkey-atomic\\\/\"]}]},{\"@type\":\"ImageObject\",\"inLanguage\":\"es\",\"@id\":\"https:\\\/\\\/www.smokershop.es\\\/index.php\\\/producto\\\/kit-monkey-atomic\\\/#primaryimage\",\"url\":\"https:\\\/\\\/www.smokershop.es\\\/wp-content\\\/uploads\\\/2024\\\/03\\\/kit-monkey-atomic.jpg\",\"contentUrl\":\"https:\\\/\\\/www.smokershop.es\\\/wp-content\\\/uploads\\\/2024\\\/03\\\/kit-monkey-atomic.jpg\",\"width\":600,\"height\":600},{\"@type\":\"BreadcrumbList\",\"@id\":\"https:\\\/\\\/www.smokershop.es\\\/index.php\\\/producto\\\/kit-monkey-atomic\\\/#breadcrumb\",\"itemListElement\":[{\"@type\":\"ListItem\",\"position\":1,\"name\":\"Portada\",\"item\":\"https:\\\/\\\/www.smokershop.es\\\/\"},{\"@type\":\"ListItem\",\"position\":2,\"name\":\"The Shop\",\"item\":\"https:\\\/\\\/www.smokershop.es\\\/index.php\\\/shop\\\/\"},{\"@type\":\"ListItem\",\"position\":3,\"name\":\"KIT MONKEY ATOMIC\"}]},{\"@type\":\"WebSite\",\"@id\":\"https:\\\/\\\/www.smokershop.es\\\/#website\",\"url\":\"https:\\\/\\\/www.smokershop.es\\\/\",\"name\":\"The Smoker&#039;s Shop\",\"description\":\"Todo para los fumadores\",\"publisher\":{\"@id\":\"https:\\\/\\\/www.smokershop.es\\\/#organization\"},\"potentialAction\":[{\"@type\":\"SearchAction\",\"target\":{\"@type\":\"EntryPoint\",\"urlTemplate\":\"https:\\\/\\\/www.smokershop.es\\\/?s={search_term_string}\"},\"query-input\":{\"@type\":\"PropertyValueSpecification\",\"valueRequired\":true,\"valueName\":\"search_term_string\"}}],\"inLanguage\":\"es\"},{\"@type\":\"Organization\",\"@id\":\"https:\\\/\\\/www.smokershop.es\\\/#organization\",\"name\":\"The Smoker&#039;s Shop\",\"url\":\"https:\\\/\\\/www.smokershop.es\\\/\",\"logo\":{\"@type\":\"ImageObject\",\"inLanguage\":\"es\",\"@id\":\"https:\\\/\\\/www.smokershop.es\\\/#\\\/schema\\\/logo\\\/image\\\/\",\"url\":\"https:\\\/\\\/www.smokershop.es\\\/wp-content\\\/uploads\\\/2023\\\/10\\\/smokershop-logo.png\",\"contentUrl\":\"https:\\\/\\\/www.smokershop.es\\\/wp-content\\\/uploads\\\/2023\\\/10\\\/smokershop-logo.png\",\"width\":1711,\"height\":752,\"caption\":\"The Smoker&#039;s Shop\"},\"image\":{\"@id\":\"https:\\\/\\\/www.smokershop.es\\\/#\\\/schema\\\/logo\\\/image\\\/\"},\"sameAs\":[\"https:\\\/\\\/www.instagram.com\\\/thesmokersshopofficial\"]}]}<\/script>\n<!-- \/ Yoast SEO plugin. -->","yoast_head_json":{"title":"KIT MONKEY ATOMIC - The Smoker&#039;s Shop","description":"KIT MONKEY ATOMIC incluye librillo king size con 32 hojas ,16 filtros dobles troquelados y un mechero con un dise\u00f1o \u00fanico a juego.","robots":{"index":"index","follow":"follow","max-snippet":"max-snippet:-1","max-image-preview":"max-image-preview:large","max-video-preview":"max-video-preview:-1"},"canonical":"https:\/\/www.smokershop.es\/index.php\/producto\/kit-monkey-atomic\/","og_locale":"es_ES","og_type":"article","og_title":"KIT MONKEY ATOMIC - The Smoker&#039;s Shop","og_description":"KIT MONKEY ATOMIC incluye librillo king size con 32 hojas ,16 filtros dobles troquelados y un mechero con un dise\u00f1o \u00fanico a juego.","og_url":"https:\/\/www.smokershop.es\/index.php\/producto\/kit-monkey-atomic\/","og_site_name":"The Smoker&#039;s Shop","article_modified_time":"2026-04-24T09:42:14+00:00","og_image":[{"width":600,"height":600,"url":"https:\/\/www.smokershop.es\/wp-content\/uploads\/2024\/03\/kit-monkey-atomic.jpg","type":"image\/jpeg"}],"twitter_card":"summary_large_image","twitter_misc":{"Tiempo de lectura":"1 minuto"},"schema":{"@context":"https:\/\/schema.org","@graph":[{"@type":"WebPage","@id":"https:\/\/www.smokershop.es\/index.php\/producto\/kit-monkey-atomic\/","url":"https:\/\/www.smokershop.es\/index.php\/producto\/kit-monkey-atomic\/","name":"KIT MONKEY ATOMIC - The Smoker&#039;s Shop","isPartOf":{"@id":"https:\/\/www.smokershop.es\/#website"},"primaryImageOfPage":{"@id":"https:\/\/www.smokershop.es\/index.php\/producto\/kit-monkey-atomic\/#primaryimage"},"image":{"@id":"https:\/\/www.smokershop.es\/index.php\/producto\/kit-monkey-atomic\/#primaryimage"},"thumbnailUrl":"https:\/\/www.smokershop.es\/wp-content\/uploads\/2024\/03\/kit-monkey-atomic.jpg","datePublished":"2024-03-05T11:32:44+00:00","dateModified":"2026-04-24T09:42:14+00:00","description":"KIT MONKEY ATOMIC incluye librillo king size con 32 hojas ,16 filtros dobles troquelados y un mechero con un dise\u00f1o \u00fanico a juego.","breadcrumb":{"@id":"https:\/\/www.smokershop.es\/index.php\/producto\/kit-monkey-atomic\/#breadcrumb"},"inLanguage":"es","potentialAction":[{"@type":"ReadAction","target":["https:\/\/www.smokershop.es\/index.php\/producto\/kit-monkey-atomic\/"]}]},{"@type":"ImageObject","inLanguage":"es","@id":"https:\/\/www.smokershop.es\/index.php\/producto\/kit-monkey-atomic\/#primaryimage","url":"https:\/\/www.smokershop.es\/wp-content\/uploads\/2024\/03\/kit-monkey-atomic.jpg","contentUrl":"https:\/\/www.smokershop.es\/wp-content\/uploads\/2024\/03\/kit-monkey-atomic.jpg","width":600,"height":600},{"@type":"BreadcrumbList","@id":"https:\/\/www.smokershop.es\/index.php\/producto\/kit-monkey-atomic\/#breadcrumb","itemListElement":[{"@type":"ListItem","position":1,"name":"Portada","item":"https:\/\/www.smokershop.es\/"},{"@type":"ListItem","position":2,"name":"The Shop","item":"https:\/\/www.smokershop.es\/index.php\/shop\/"},{"@type":"ListItem","position":3,"name":"KIT MONKEY ATOMIC"}]},{"@type":"WebSite","@id":"https:\/\/www.smokershop.es\/#website","url":"https:\/\/www.smokershop.es\/","name":"The Smoker&#039;s Shop","description":"Todo para los fumadores","publisher":{"@id":"https:\/\/www.smokershop.es\/#organization"},"potentialAction":[{"@type":"SearchAction","target":{"@type":"EntryPoint","urlTemplate":"https:\/\/www.smokershop.es\/?s={search_term_string}"},"query-input":{"@type":"PropertyValueSpecification","valueRequired":true,"valueName":"search_term_string"}}],"inLanguage":"es"},{"@type":"Organization","@id":"https:\/\/www.smokershop.es\/#organization","name":"The Smoker&#039;s Shop","url":"https:\/\/www.smokershop.es\/","logo":{"@type":"ImageObject","inLanguage":"es","@id":"https:\/\/www.smokershop.es\/#\/schema\/logo\/image\/","url":"https:\/\/www.smokershop.es\/wp-content\/uploads\/2023\/10\/smokershop-logo.png","contentUrl":"https:\/\/www.smokershop.es\/wp-content\/uploads\/2023\/10\/smokershop-logo.png","width":1711,"height":752,"caption":"The Smoker&#039;s Shop"},"image":{"@id":"https:\/\/www.smokershop.es\/#\/schema\/logo\/image\/"},"sameAs":["https:\/\/www.instagram.com\/thesmokersshopofficial"]}]}},"_links":{"self":[{"href":"https:\/\/www.smokershop.es\/index.php\/wp-json\/wp\/v2\/product\/1881","targetHints":{"allow":["GET"]}}],"collection":[{"href":"https:\/\/www.smokershop.es\/index.php\/wp-json\/wp\/v2\/product"}],"about":[{"href":"https:\/\/www.smokershop.es\/index.php\/wp-json\/wp\/v2\/types\/product"}],"wp:featuredmedia":[{"embeddable":true,"href":"https:\/\/www.smokershop.es\/index.php\/wp-json\/wp\/v2\/media\/1932"}],"wp:attachment":[{"href":"https:\/\/www.smokershop.es\/index.php\/wp-json\/wp\/v2\/media?parent=1881"}],"wp:term":[{"taxonomy":"product_brand","embeddable":true,"href":"https:\/\/www.smokershop.es\/index.php\/wp-json\/wp\/v2\/product_brand?post=1881"},{"taxonomy":"product_cat","embeddable":true,"href":"https:\/\/www.smokershop.es\/index.php\/wp-json\/wp\/v2\/product_cat?post=1881"},{"taxonomy":"product_tag","embeddable":true,"href":"https:\/\/www.smokershop.es\/index.php\/wp-json\/wp\/v2\/product_tag?post=1881"}],"curies":[{"name":"wp","href":"https:\/\/api.w.org\/{rel}","templated":true}]}}