{"id":2036,"date":"2024-04-24T18:29:35","date_gmt":"2024-04-24T16:29:35","guid":{"rendered":"https:\/\/www.smokershop.es\/?post_type=product&#038;p=2036"},"modified":"2025-11-15T03:03:16","modified_gmt":"2025-11-15T02:03:16","slug":"raw-cono-emperador-180mm","status":"publish","type":"product","link":"https:\/\/www.smokershop.es\/index.php\/producto\/raw-cono-emperador-180mm\/","title":{"rendered":"RAW CONO EMPERADOR 18CM"},"content":{"rendered":"<p>RAW CONO EMPERADOR 18CM<\/p>\n<p>Estos conos enrollados vienen listos para ser rellenados. Los conos Raw Emperador ofrecen una experiencia de fumar m\u00e1s agradable en comparaci\u00f3n con otros papeles para liar cigarrillos. Todos los productos de papel Raw est\u00e1n libres de blanqueantes y aditivos artificiales. Son 100% veganos y de la mejor calidad.<\/p>\n<p>Fabricados con papel natural sin refinar. Cada cono Emperador tiene una marca de agua para que combustione uniformemente desde el principio hasta el final. Para que disfrutes al m\u00e1ximo de la experiencia de fumar,<\/p>\n<p>A diferencia de la mayor\u00eda de los conos en el mercado que utilizan acetato de vinilo et\u00edlico (pegamento qu\u00edmico) que se seca al instante, RAW utiliza una goma de base acuosa que tarda 24 horas en secar. El cono Raw utiliza el mismo papel de alta calidad que los papeles Raw Classic.<\/p>\n","protected":false},"excerpt":{"rendered":"<ul>\n<li>Cono de papel raw de 18 cm.<\/li>\n<li>Boquilla enrollada de cart\u00f3n.<\/li>\n<\/ul>\n<p>&nbsp;<\/p>\n<ul>\n<li>Para Profesionales -&gt; 24 unidades por display<\/li>\n<\/ul>\n","protected":false},"featured_media":3654,"template":"","meta":{"_joinchat":[]},"product_brand":[],"product_cat":[45,40],"product_tag":[],"class_list":{"0":"post-2036","1":"product","2":"type-product","3":"status-publish","4":"has-post-thumbnail","6":"product_cat-conos","7":"product_cat-papel-de-fumar","9":"first","10":"instock","11":"taxable","12":"shipping-taxable","13":"purchasable","14":"product-type-simple"},"yoast_head":"<!-- This site is optimized with the Yoast SEO plugin v27.2 - https:\/\/yoast.com\/product\/yoast-seo-wordpress\/ -->\n<title>RAW CONO EMPERADOR 18CM - The Smoker&#039;s Shop<\/title>\n<meta name=\"description\" content=\"Los RAW CONO EMPERADOR 18CM son un recurso c\u00f3modo y f\u00e1cil para poder hacerte conos y disfrutar de una combusti\u00f3n uniforme y lenta.\" \/>\n<meta name=\"robots\" content=\"index, follow, max-snippet:-1, max-image-preview:large, max-video-preview:-1\" \/>\n<link rel=\"canonical\" href=\"https:\/\/www.smokershop.es\/index.php\/producto\/raw-cono-emperador-180mm\/\" \/>\n<meta property=\"og:locale\" content=\"es_ES\" \/>\n<meta property=\"og:type\" content=\"article\" \/>\n<meta property=\"og:title\" content=\"RAW CONO EMPERADOR 18CM - The Smoker&#039;s Shop\" \/>\n<meta property=\"og:description\" content=\"Los RAW CONO EMPERADOR 18CM son un recurso c\u00f3modo y f\u00e1cil para poder hacerte conos y disfrutar de una combusti\u00f3n uniforme y lenta.\" \/>\n<meta property=\"og:url\" content=\"https:\/\/www.smokershop.es\/index.php\/producto\/raw-cono-emperador-180mm\/\" \/>\n<meta property=\"og:site_name\" content=\"The Smoker&#039;s Shop\" \/>\n<meta property=\"article:modified_time\" content=\"2025-11-15T02:03:16+00:00\" \/>\n<meta property=\"og:image\" content=\"https:\/\/www.smokershop.es\/wp-content\/uploads\/2024\/06\/raw-emperador.jpg\" \/>\n\t<meta property=\"og:image:width\" content=\"1350\" \/>\n\t<meta property=\"og:image:height\" content=\"1350\" \/>\n\t<meta property=\"og:image:type\" content=\"image\/jpeg\" \/>\n<meta name=\"twitter:card\" content=\"summary_large_image\" \/>\n<meta name=\"twitter:label1\" content=\"Tiempo de lectura\" \/>\n\t<meta name=\"twitter:data1\" content=\"1 minuto\" \/>\n<script type=\"application\/ld+json\" class=\"yoast-schema-graph\">{\"@context\":\"https:\/\/schema.org\",\"@graph\":[{\"@type\":\"WebPage\",\"@id\":\"https:\/\/www.smokershop.es\/index.php\/producto\/raw-cono-emperador-180mm\/\",\"url\":\"https:\/\/www.smokershop.es\/index.php\/producto\/raw-cono-emperador-180mm\/\",\"name\":\"RAW CONO EMPERADOR 18CM - The Smoker&#039;s Shop\",\"isPartOf\":{\"@id\":\"https:\/\/www.smokershop.es\/#website\"},\"primaryImageOfPage\":{\"@id\":\"https:\/\/www.smokershop.es\/index.php\/producto\/raw-cono-emperador-180mm\/#primaryimage\"},\"image\":{\"@id\":\"https:\/\/www.smokershop.es\/index.php\/producto\/raw-cono-emperador-180mm\/#primaryimage\"},\"thumbnailUrl\":\"https:\/\/www.smokershop.es\/wp-content\/uploads\/2024\/06\/raw-emperador.jpg\",\"datePublished\":\"2024-04-24T16:29:35+00:00\",\"dateModified\":\"2025-11-15T02:03:16+00:00\",\"description\":\"Los RAW CONO EMPERADOR 18CM son un recurso c\u00f3modo y f\u00e1cil para poder hacerte conos y disfrutar de una combusti\u00f3n uniforme y lenta.\",\"breadcrumb\":{\"@id\":\"https:\/\/www.smokershop.es\/index.php\/producto\/raw-cono-emperador-180mm\/#breadcrumb\"},\"inLanguage\":\"es\",\"potentialAction\":[{\"@type\":\"ReadAction\",\"target\":[\"https:\/\/www.smokershop.es\/index.php\/producto\/raw-cono-emperador-180mm\/\"]}]},{\"@type\":\"ImageObject\",\"inLanguage\":\"es\",\"@id\":\"https:\/\/www.smokershop.es\/index.php\/producto\/raw-cono-emperador-180mm\/#primaryimage\",\"url\":\"https:\/\/www.smokershop.es\/wp-content\/uploads\/2024\/06\/raw-emperador.jpg\",\"contentUrl\":\"https:\/\/www.smokershop.es\/wp-content\/uploads\/2024\/06\/raw-emperador.jpg\",\"width\":1350,\"height\":1350,\"caption\":\"RAW CONO EMPERADOR 18CM\"},{\"@type\":\"BreadcrumbList\",\"@id\":\"https:\/\/www.smokershop.es\/index.php\/producto\/raw-cono-emperador-180mm\/#breadcrumb\",\"itemListElement\":[{\"@type\":\"ListItem\",\"position\":1,\"name\":\"Portada\",\"item\":\"https:\/\/www.smokershop.es\/\"},{\"@type\":\"ListItem\",\"position\":2,\"name\":\"The Shop\",\"item\":\"https:\/\/www.smokershop.es\/index.php\/shop\/\"},{\"@type\":\"ListItem\",\"position\":3,\"name\":\"RAW CONO EMPERADOR 18CM\"}]},{\"@type\":\"WebSite\",\"@id\":\"https:\/\/www.smokershop.es\/#website\",\"url\":\"https:\/\/www.smokershop.es\/\",\"name\":\"The Smoker&#039;s Shop\",\"description\":\"Todo para los fumadores\",\"publisher\":{\"@id\":\"https:\/\/www.smokershop.es\/#organization\"},\"potentialAction\":[{\"@type\":\"SearchAction\",\"target\":{\"@type\":\"EntryPoint\",\"urlTemplate\":\"https:\/\/www.smokershop.es\/?s={search_term_string}\"},\"query-input\":{\"@type\":\"PropertyValueSpecification\",\"valueRequired\":true,\"valueName\":\"search_term_string\"}}],\"inLanguage\":\"es\"},{\"@type\":\"Organization\",\"@id\":\"https:\/\/www.smokershop.es\/#organization\",\"name\":\"The Smoker&#039;s Shop\",\"url\":\"https:\/\/www.smokershop.es\/\",\"logo\":{\"@type\":\"ImageObject\",\"inLanguage\":\"es\",\"@id\":\"https:\/\/www.smokershop.es\/#\/schema\/logo\/image\/\",\"url\":\"https:\/\/www.smokershop.es\/wp-content\/uploads\/2023\/10\/smokershop-logo.png\",\"contentUrl\":\"https:\/\/www.smokershop.es\/wp-content\/uploads\/2023\/10\/smokershop-logo.png\",\"width\":1711,\"height\":752,\"caption\":\"The Smoker&#039;s Shop\"},\"image\":{\"@id\":\"https:\/\/www.smokershop.es\/#\/schema\/logo\/image\/\"},\"sameAs\":[\"https:\/\/www.instagram.com\/thesmokersshopofficial\"]}]}<\/script>\n<!-- \/ Yoast SEO plugin. -->","yoast_head_json":{"title":"RAW CONO EMPERADOR 18CM - The Smoker&#039;s Shop","description":"Los RAW CONO EMPERADOR 18CM son un recurso c\u00f3modo y f\u00e1cil para poder hacerte conos y disfrutar de una combusti\u00f3n uniforme y lenta.","robots":{"index":"index","follow":"follow","max-snippet":"max-snippet:-1","max-image-preview":"max-image-preview:large","max-video-preview":"max-video-preview:-1"},"canonical":"https:\/\/www.smokershop.es\/index.php\/producto\/raw-cono-emperador-180mm\/","og_locale":"es_ES","og_type":"article","og_title":"RAW CONO EMPERADOR 18CM - The Smoker&#039;s Shop","og_description":"Los RAW CONO EMPERADOR 18CM son un recurso c\u00f3modo y f\u00e1cil para poder hacerte conos y disfrutar de una combusti\u00f3n uniforme y lenta.","og_url":"https:\/\/www.smokershop.es\/index.php\/producto\/raw-cono-emperador-180mm\/","og_site_name":"The Smoker&#039;s Shop","article_modified_time":"2025-11-15T02:03:16+00:00","og_image":[{"width":1350,"height":1350,"url":"https:\/\/www.smokershop.es\/wp-content\/uploads\/2024\/06\/raw-emperador.jpg","type":"image\/jpeg"}],"twitter_card":"summary_large_image","twitter_misc":{"Tiempo de lectura":"1 minuto"},"schema":{"@context":"https:\/\/schema.org","@graph":[{"@type":"WebPage","@id":"https:\/\/www.smokershop.es\/index.php\/producto\/raw-cono-emperador-180mm\/","url":"https:\/\/www.smokershop.es\/index.php\/producto\/raw-cono-emperador-180mm\/","name":"RAW CONO EMPERADOR 18CM - The Smoker&#039;s Shop","isPartOf":{"@id":"https:\/\/www.smokershop.es\/#website"},"primaryImageOfPage":{"@id":"https:\/\/www.smokershop.es\/index.php\/producto\/raw-cono-emperador-180mm\/#primaryimage"},"image":{"@id":"https:\/\/www.smokershop.es\/index.php\/producto\/raw-cono-emperador-180mm\/#primaryimage"},"thumbnailUrl":"https:\/\/www.smokershop.es\/wp-content\/uploads\/2024\/06\/raw-emperador.jpg","datePublished":"2024-04-24T16:29:35+00:00","dateModified":"2025-11-15T02:03:16+00:00","description":"Los RAW CONO EMPERADOR 18CM son un recurso c\u00f3modo y f\u00e1cil para poder hacerte conos y disfrutar de una combusti\u00f3n uniforme y lenta.","breadcrumb":{"@id":"https:\/\/www.smokershop.es\/index.php\/producto\/raw-cono-emperador-180mm\/#breadcrumb"},"inLanguage":"es","potentialAction":[{"@type":"ReadAction","target":["https:\/\/www.smokershop.es\/index.php\/producto\/raw-cono-emperador-180mm\/"]}]},{"@type":"ImageObject","inLanguage":"es","@id":"https:\/\/www.smokershop.es\/index.php\/producto\/raw-cono-emperador-180mm\/#primaryimage","url":"https:\/\/www.smokershop.es\/wp-content\/uploads\/2024\/06\/raw-emperador.jpg","contentUrl":"https:\/\/www.smokershop.es\/wp-content\/uploads\/2024\/06\/raw-emperador.jpg","width":1350,"height":1350,"caption":"RAW CONO EMPERADOR 18CM"},{"@type":"BreadcrumbList","@id":"https:\/\/www.smokershop.es\/index.php\/producto\/raw-cono-emperador-180mm\/#breadcrumb","itemListElement":[{"@type":"ListItem","position":1,"name":"Portada","item":"https:\/\/www.smokershop.es\/"},{"@type":"ListItem","position":2,"name":"The Shop","item":"https:\/\/www.smokershop.es\/index.php\/shop\/"},{"@type":"ListItem","position":3,"name":"RAW CONO EMPERADOR 18CM"}]},{"@type":"WebSite","@id":"https:\/\/www.smokershop.es\/#website","url":"https:\/\/www.smokershop.es\/","name":"The Smoker&#039;s Shop","description":"Todo para los fumadores","publisher":{"@id":"https:\/\/www.smokershop.es\/#organization"},"potentialAction":[{"@type":"SearchAction","target":{"@type":"EntryPoint","urlTemplate":"https:\/\/www.smokershop.es\/?s={search_term_string}"},"query-input":{"@type":"PropertyValueSpecification","valueRequired":true,"valueName":"search_term_string"}}],"inLanguage":"es"},{"@type":"Organization","@id":"https:\/\/www.smokershop.es\/#organization","name":"The Smoker&#039;s Shop","url":"https:\/\/www.smokershop.es\/","logo":{"@type":"ImageObject","inLanguage":"es","@id":"https:\/\/www.smokershop.es\/#\/schema\/logo\/image\/","url":"https:\/\/www.smokershop.es\/wp-content\/uploads\/2023\/10\/smokershop-logo.png","contentUrl":"https:\/\/www.smokershop.es\/wp-content\/uploads\/2023\/10\/smokershop-logo.png","width":1711,"height":752,"caption":"The Smoker&#039;s Shop"},"image":{"@id":"https:\/\/www.smokershop.es\/#\/schema\/logo\/image\/"},"sameAs":["https:\/\/www.instagram.com\/thesmokersshopofficial"]}]}},"_links":{"self":[{"href":"https:\/\/www.smokershop.es\/index.php\/wp-json\/wp\/v2\/product\/2036","targetHints":{"allow":["GET"]}}],"collection":[{"href":"https:\/\/www.smokershop.es\/index.php\/wp-json\/wp\/v2\/product"}],"about":[{"href":"https:\/\/www.smokershop.es\/index.php\/wp-json\/wp\/v2\/types\/product"}],"wp:featuredmedia":[{"embeddable":true,"href":"https:\/\/www.smokershop.es\/index.php\/wp-json\/wp\/v2\/media\/3654"}],"wp:attachment":[{"href":"https:\/\/www.smokershop.es\/index.php\/wp-json\/wp\/v2\/media?parent=2036"}],"wp:term":[{"taxonomy":"product_brand","embeddable":true,"href":"https:\/\/www.smokershop.es\/index.php\/wp-json\/wp\/v2\/product_brand?post=2036"},{"taxonomy":"product_cat","embeddable":true,"href":"https:\/\/www.smokershop.es\/index.php\/wp-json\/wp\/v2\/product_cat?post=2036"},{"taxonomy":"product_tag","embeddable":true,"href":"https:\/\/www.smokershop.es\/index.php\/wp-json\/wp\/v2\/product_tag?post=2036"}],"curies":[{"name":"wp","href":"https:\/\/api.w.org\/{rel}","templated":true}]}}