{"id":2397,"date":"2024-09-30T20:01:45","date_gmt":"2024-09-30T18:01:45","guid":{"rendered":"https:\/\/www.smokershop.es\/?post_type=product&#038;p=2397"},"modified":"2025-07-30T19:12:14","modified_gmt":"2025-07-30T17:12:14","slug":"antig-bar-jumbo-vape-10000-puffs","status":"publish","type":"product","link":"https:\/\/www.smokershop.es\/index.php\/producto\/antig-bar-jumbo-vape-10000-puffs\/","title":{"rendered":"ANTIG BAR JUMBO VAPE 10000 PUFFS"},"content":{"rendered":"<p>ANTIG BAR JUMBO VAPE 10000 PUFFS<\/p>\n<p>Descubre la experiencia de vapeo definitiva con el Antig Bar Jumbo Vape 1000 puffs desechable. Dise\u00f1ado para ofrecer comodidad y sabor en cada calada, este vaper cuenta con una capacidad de 1000 caladas, lo que lo convierte en la opci\u00f3n perfecta para quienes buscan un dispositivo pr\u00e1ctico y duradero.<\/p>\n<p>&#8211; Sabor Intenso: Disfruta de una amplia variedad de sabores que deleitar\u00e1n tu paladar, desde frutas frescas hasta combinaciones ex\u00f3ticas.<br \/>\n&#8211; Dise\u00f1o Compacto: Su dise\u00f1o ligero y ergon\u00f3mico lo hace f\u00e1cil de llevar a cualquier lugar, ideal para usar en cualquier momento del d\u00eda.<br \/>\n&#8211; Uso Sencillo: No requiere recargas de e-liquid ni mantenimiento. Simplemente abre el paquete y comienza a disfrutar.<br \/>\n&#8211; Bater\u00eda de Larga Duraci\u00f3n: Equipado con una bater\u00eda optimizada que garantiza que cada una de las 1000 caladas sea satisfactoria y recargable.<\/p>\n<p>Perfecto para aquellos que buscan una alternativa al tabaco o simplemente desean disfrutar de un momento de relajaci\u00f3n. El Antig Bar Jumbo Vape es la elecci\u00f3n ideal para un vapeo sin complicaciones.<\/p>\n<p>\u00a1Hazte con el tuyo y experimenta la diferencia!<\/p>\n","protected":false},"excerpt":{"rendered":"<p>ANTIG BAR JUMBO VAPE 10000 PUFFS<\/p>\n<ul>\n<li>10000 Caladas.<\/li>\n<li>Bater\u00eda de 650 mAh recargable.<\/li>\n<li>\u00a0USB Tipo C.<\/li>\n<li>\u00a0Control de encendido y apagado mediante bot\u00f3n.<\/li>\n<li>\u00a00 mg\/ml de Nicotina.<\/li>\n<li>\u00a0Control del flujo de aire (Air-Flow).<\/li>\n<li>\u00a0Pantalla con indicador de bater\u00eda y nivel de l\u00edquido.<\/li>\n<li>10 sabores diferentes entre los que elegir.<\/li>\n<li>Contiene 20 ml de e-liquid, resistencia 1,1 <b>\u03a9\u00a0<\/b>y potencia de 11W.<\/li>\n<\/ul>\n","protected":false},"featured_media":2417,"template":"","meta":{"_joinchat":[]},"product_brand":[],"product_cat":[73,69],"product_tag":[],"class_list":{"0":"post-2397","1":"product","2":"type-product","3":"status-publish","4":"has-post-thumbnail","6":"product_cat-pod-desechables","7":"product_cat-vaper","9":"first","10":"instock","11":"taxable","12":"shipping-taxable","13":"purchasable","14":"product-type-variable"},"yoast_head":"<!-- This site is optimized with the Yoast SEO plugin v27.2 - https:\/\/yoast.com\/product\/yoast-seo-wordpress\/ -->\n<title>ANTIG BAR JUMBO VAPE 10000 PUFFS - The Smoker&#039;s Shop<\/title>\n<meta name=\"description\" content=\"El ANTIG BAR JUMBO VAPE 10000 PUFFS es una opci\u00f3n perfecta para aquellos que necesitan un dispositivo desechable practico, duradero y de calidad.\" \/>\n<meta name=\"robots\" content=\"index, follow, max-snippet:-1, max-image-preview:large, max-video-preview:-1\" \/>\n<link rel=\"canonical\" href=\"https:\/\/www.smokershop.es\/index.php\/producto\/antig-bar-jumbo-vape-10000-puffs\/\" \/>\n<meta property=\"og:locale\" content=\"es_ES\" \/>\n<meta property=\"og:type\" content=\"article\" \/>\n<meta property=\"og:title\" content=\"ANTIG BAR JUMBO VAPE 10000 PUFFS - The Smoker&#039;s Shop\" \/>\n<meta property=\"og:description\" content=\"El ANTIG BAR JUMBO VAPE 10000 PUFFS es una opci\u00f3n perfecta para aquellos que necesitan un dispositivo desechable practico, duradero y de calidad.\" \/>\n<meta property=\"og:url\" content=\"https:\/\/www.smokershop.es\/index.php\/producto\/antig-bar-jumbo-vape-10000-puffs\/\" \/>\n<meta property=\"og:site_name\" content=\"The Smoker&#039;s Shop\" \/>\n<meta property=\"article:modified_time\" content=\"2025-07-30T17:12:14+00:00\" \/>\n<meta property=\"og:image\" content=\"https:\/\/www.smokershop.es\/wp-content\/uploads\/2024\/09\/pod-desechable-ating-jumbo-10000-puffs-watermelon-ice.jpg\" \/>\n\t<meta property=\"og:image:width\" content=\"1100\" \/>\n\t<meta property=\"og:image:height\" content=\"1422\" \/>\n\t<meta property=\"og:image:type\" content=\"image\/jpeg\" \/>\n<meta name=\"twitter:card\" content=\"summary_large_image\" \/>\n<meta name=\"twitter:label1\" content=\"Tiempo de lectura\" \/>\n\t<meta name=\"twitter:data1\" content=\"2 minutos\" \/>\n<script type=\"application\/ld+json\" class=\"yoast-schema-graph\">{\"@context\":\"https:\/\/schema.org\",\"@graph\":[{\"@type\":\"WebPage\",\"@id\":\"https:\/\/www.smokershop.es\/index.php\/producto\/antig-bar-jumbo-vape-10000-puffs\/\",\"url\":\"https:\/\/www.smokershop.es\/index.php\/producto\/antig-bar-jumbo-vape-10000-puffs\/\",\"name\":\"ANTIG BAR JUMBO VAPE 10000 PUFFS - The Smoker&#039;s Shop\",\"isPartOf\":{\"@id\":\"https:\/\/www.smokershop.es\/#website\"},\"primaryImageOfPage\":{\"@id\":\"https:\/\/www.smokershop.es\/index.php\/producto\/antig-bar-jumbo-vape-10000-puffs\/#primaryimage\"},\"image\":{\"@id\":\"https:\/\/www.smokershop.es\/index.php\/producto\/antig-bar-jumbo-vape-10000-puffs\/#primaryimage\"},\"thumbnailUrl\":\"https:\/\/www.smokershop.es\/wp-content\/uploads\/2024\/09\/pod-desechable-ating-jumbo-10000-puffs-watermelon-ice.jpg\",\"datePublished\":\"2024-09-30T18:01:45+00:00\",\"dateModified\":\"2025-07-30T17:12:14+00:00\",\"description\":\"El ANTIG BAR JUMBO VAPE 10000 PUFFS es una opci\u00f3n perfecta para aquellos que necesitan un dispositivo desechable practico, duradero y de calidad.\",\"breadcrumb\":{\"@id\":\"https:\/\/www.smokershop.es\/index.php\/producto\/antig-bar-jumbo-vape-10000-puffs\/#breadcrumb\"},\"inLanguage\":\"es\",\"potentialAction\":[{\"@type\":\"ReadAction\",\"target\":[\"https:\/\/www.smokershop.es\/index.php\/producto\/antig-bar-jumbo-vape-10000-puffs\/\"]}]},{\"@type\":\"ImageObject\",\"inLanguage\":\"es\",\"@id\":\"https:\/\/www.smokershop.es\/index.php\/producto\/antig-bar-jumbo-vape-10000-puffs\/#primaryimage\",\"url\":\"https:\/\/www.smokershop.es\/wp-content\/uploads\/2024\/09\/pod-desechable-ating-jumbo-10000-puffs-watermelon-ice.jpg\",\"contentUrl\":\"https:\/\/www.smokershop.es\/wp-content\/uploads\/2024\/09\/pod-desechable-ating-jumbo-10000-puffs-watermelon-ice.jpg\",\"width\":1100,\"height\":1422,\"caption\":\"ANTIG BAR JUMBO 10000 PUFFS DESECHABLE WATERMELON ICE\"},{\"@type\":\"BreadcrumbList\",\"@id\":\"https:\/\/www.smokershop.es\/index.php\/producto\/antig-bar-jumbo-vape-10000-puffs\/#breadcrumb\",\"itemListElement\":[{\"@type\":\"ListItem\",\"position\":1,\"name\":\"Portada\",\"item\":\"https:\/\/www.smokershop.es\/\"},{\"@type\":\"ListItem\",\"position\":2,\"name\":\"The Shop\",\"item\":\"https:\/\/www.smokershop.es\/index.php\/shop\/\"},{\"@type\":\"ListItem\",\"position\":3,\"name\":\"ANTIG BAR JUMBO VAPE 10000 PUFFS\"}]},{\"@type\":\"WebSite\",\"@id\":\"https:\/\/www.smokershop.es\/#website\",\"url\":\"https:\/\/www.smokershop.es\/\",\"name\":\"The Smoker&#039;s Shop\",\"description\":\"Todo para los fumadores\",\"publisher\":{\"@id\":\"https:\/\/www.smokershop.es\/#organization\"},\"potentialAction\":[{\"@type\":\"SearchAction\",\"target\":{\"@type\":\"EntryPoint\",\"urlTemplate\":\"https:\/\/www.smokershop.es\/?s={search_term_string}\"},\"query-input\":{\"@type\":\"PropertyValueSpecification\",\"valueRequired\":true,\"valueName\":\"search_term_string\"}}],\"inLanguage\":\"es\"},{\"@type\":\"Organization\",\"@id\":\"https:\/\/www.smokershop.es\/#organization\",\"name\":\"The Smoker&#039;s Shop\",\"url\":\"https:\/\/www.smokershop.es\/\",\"logo\":{\"@type\":\"ImageObject\",\"inLanguage\":\"es\",\"@id\":\"https:\/\/www.smokershop.es\/#\/schema\/logo\/image\/\",\"url\":\"https:\/\/www.smokershop.es\/wp-content\/uploads\/2023\/10\/smokershop-logo.png\",\"contentUrl\":\"https:\/\/www.smokershop.es\/wp-content\/uploads\/2023\/10\/smokershop-logo.png\",\"width\":1711,\"height\":752,\"caption\":\"The Smoker&#039;s Shop\"},\"image\":{\"@id\":\"https:\/\/www.smokershop.es\/#\/schema\/logo\/image\/\"},\"sameAs\":[\"https:\/\/www.instagram.com\/thesmokersshopofficial\"]}]}<\/script>\n<!-- \/ Yoast SEO plugin. -->","yoast_head_json":{"title":"ANTIG BAR JUMBO VAPE 10000 PUFFS - The Smoker&#039;s Shop","description":"El ANTIG BAR JUMBO VAPE 10000 PUFFS es una opci\u00f3n perfecta para aquellos que necesitan un dispositivo desechable practico, duradero y de calidad.","robots":{"index":"index","follow":"follow","max-snippet":"max-snippet:-1","max-image-preview":"max-image-preview:large","max-video-preview":"max-video-preview:-1"},"canonical":"https:\/\/www.smokershop.es\/index.php\/producto\/antig-bar-jumbo-vape-10000-puffs\/","og_locale":"es_ES","og_type":"article","og_title":"ANTIG BAR JUMBO VAPE 10000 PUFFS - The Smoker&#039;s Shop","og_description":"El ANTIG BAR JUMBO VAPE 10000 PUFFS es una opci\u00f3n perfecta para aquellos que necesitan un dispositivo desechable practico, duradero y de calidad.","og_url":"https:\/\/www.smokershop.es\/index.php\/producto\/antig-bar-jumbo-vape-10000-puffs\/","og_site_name":"The Smoker&#039;s Shop","article_modified_time":"2025-07-30T17:12:14+00:00","og_image":[{"width":1100,"height":1422,"url":"https:\/\/www.smokershop.es\/wp-content\/uploads\/2024\/09\/pod-desechable-ating-jumbo-10000-puffs-watermelon-ice.jpg","type":"image\/jpeg"}],"twitter_card":"summary_large_image","twitter_misc":{"Tiempo de lectura":"2 minutos"},"schema":{"@context":"https:\/\/schema.org","@graph":[{"@type":"WebPage","@id":"https:\/\/www.smokershop.es\/index.php\/producto\/antig-bar-jumbo-vape-10000-puffs\/","url":"https:\/\/www.smokershop.es\/index.php\/producto\/antig-bar-jumbo-vape-10000-puffs\/","name":"ANTIG BAR JUMBO VAPE 10000 PUFFS - The Smoker&#039;s Shop","isPartOf":{"@id":"https:\/\/www.smokershop.es\/#website"},"primaryImageOfPage":{"@id":"https:\/\/www.smokershop.es\/index.php\/producto\/antig-bar-jumbo-vape-10000-puffs\/#primaryimage"},"image":{"@id":"https:\/\/www.smokershop.es\/index.php\/producto\/antig-bar-jumbo-vape-10000-puffs\/#primaryimage"},"thumbnailUrl":"https:\/\/www.smokershop.es\/wp-content\/uploads\/2024\/09\/pod-desechable-ating-jumbo-10000-puffs-watermelon-ice.jpg","datePublished":"2024-09-30T18:01:45+00:00","dateModified":"2025-07-30T17:12:14+00:00","description":"El ANTIG BAR JUMBO VAPE 10000 PUFFS es una opci\u00f3n perfecta para aquellos que necesitan un dispositivo desechable practico, duradero y de calidad.","breadcrumb":{"@id":"https:\/\/www.smokershop.es\/index.php\/producto\/antig-bar-jumbo-vape-10000-puffs\/#breadcrumb"},"inLanguage":"es","potentialAction":[{"@type":"ReadAction","target":["https:\/\/www.smokershop.es\/index.php\/producto\/antig-bar-jumbo-vape-10000-puffs\/"]}]},{"@type":"ImageObject","inLanguage":"es","@id":"https:\/\/www.smokershop.es\/index.php\/producto\/antig-bar-jumbo-vape-10000-puffs\/#primaryimage","url":"https:\/\/www.smokershop.es\/wp-content\/uploads\/2024\/09\/pod-desechable-ating-jumbo-10000-puffs-watermelon-ice.jpg","contentUrl":"https:\/\/www.smokershop.es\/wp-content\/uploads\/2024\/09\/pod-desechable-ating-jumbo-10000-puffs-watermelon-ice.jpg","width":1100,"height":1422,"caption":"ANTIG BAR JUMBO 10000 PUFFS DESECHABLE WATERMELON ICE"},{"@type":"BreadcrumbList","@id":"https:\/\/www.smokershop.es\/index.php\/producto\/antig-bar-jumbo-vape-10000-puffs\/#breadcrumb","itemListElement":[{"@type":"ListItem","position":1,"name":"Portada","item":"https:\/\/www.smokershop.es\/"},{"@type":"ListItem","position":2,"name":"The Shop","item":"https:\/\/www.smokershop.es\/index.php\/shop\/"},{"@type":"ListItem","position":3,"name":"ANTIG BAR JUMBO VAPE 10000 PUFFS"}]},{"@type":"WebSite","@id":"https:\/\/www.smokershop.es\/#website","url":"https:\/\/www.smokershop.es\/","name":"The Smoker&#039;s Shop","description":"Todo para los fumadores","publisher":{"@id":"https:\/\/www.smokershop.es\/#organization"},"potentialAction":[{"@type":"SearchAction","target":{"@type":"EntryPoint","urlTemplate":"https:\/\/www.smokershop.es\/?s={search_term_string}"},"query-input":{"@type":"PropertyValueSpecification","valueRequired":true,"valueName":"search_term_string"}}],"inLanguage":"es"},{"@type":"Organization","@id":"https:\/\/www.smokershop.es\/#organization","name":"The Smoker&#039;s Shop","url":"https:\/\/www.smokershop.es\/","logo":{"@type":"ImageObject","inLanguage":"es","@id":"https:\/\/www.smokershop.es\/#\/schema\/logo\/image\/","url":"https:\/\/www.smokershop.es\/wp-content\/uploads\/2023\/10\/smokershop-logo.png","contentUrl":"https:\/\/www.smokershop.es\/wp-content\/uploads\/2023\/10\/smokershop-logo.png","width":1711,"height":752,"caption":"The Smoker&#039;s Shop"},"image":{"@id":"https:\/\/www.smokershop.es\/#\/schema\/logo\/image\/"},"sameAs":["https:\/\/www.instagram.com\/thesmokersshopofficial"]}]}},"_links":{"self":[{"href":"https:\/\/www.smokershop.es\/index.php\/wp-json\/wp\/v2\/product\/2397","targetHints":{"allow":["GET"]}}],"collection":[{"href":"https:\/\/www.smokershop.es\/index.php\/wp-json\/wp\/v2\/product"}],"about":[{"href":"https:\/\/www.smokershop.es\/index.php\/wp-json\/wp\/v2\/types\/product"}],"wp:featuredmedia":[{"embeddable":true,"href":"https:\/\/www.smokershop.es\/index.php\/wp-json\/wp\/v2\/media\/2417"}],"wp:attachment":[{"href":"https:\/\/www.smokershop.es\/index.php\/wp-json\/wp\/v2\/media?parent=2397"}],"wp:term":[{"taxonomy":"product_brand","embeddable":true,"href":"https:\/\/www.smokershop.es\/index.php\/wp-json\/wp\/v2\/product_brand?post=2397"},{"taxonomy":"product_cat","embeddable":true,"href":"https:\/\/www.smokershop.es\/index.php\/wp-json\/wp\/v2\/product_cat?post=2397"},{"taxonomy":"product_tag","embeddable":true,"href":"https:\/\/www.smokershop.es\/index.php\/wp-json\/wp\/v2\/product_tag?post=2397"}],"curies":[{"name":"wp","href":"https:\/\/api.w.org\/{rel}","templated":true}]}}