{"id":2485,"date":"2024-10-04T17:00:16","date_gmt":"2024-10-04T15:00:16","guid":{"rendered":"https:\/\/www.smokershop.es\/?post_type=product&#038;p=2485"},"modified":"2026-04-23T19:44:31","modified_gmt":"2026-04-23T17:44:31","slug":"frumist-box-pod-desechable-600-puffs","status":"publish","type":"product","link":"https:\/\/www.smokershop.es\/index.php\/producto\/frumist-box-pod-desechable-600-puffs\/","title":{"rendered":"FRUMIST BOX POD DESECHABLE 600 PUFFS"},"content":{"rendered":"<p>FRUMIST BOX POD DESECHABLE 600 PUFFS<\/p>\n<p>\u00a1Experimenta la libertad del vapeo con el Frumist Box Pod desechable! Dise\u00f1ado para ofrecer una experiencia de vapeo excepcional, este dispositivo compacto y ligero es perfecto para quienes buscan comodidad y sabor en cada calada. Con una capacidad de 600 puffs, el Frumist Box Pod es ideal para disfrutar durante todo el d\u00eda sin complicaciones.<br \/>\nDisfruta de una variedad de sabores vibrantes y deliciosos que satisfacen todos los gustos, desde frutas frescas hasta mezclas ex\u00f3ticas. No requiere recargas ni mantenimiento. Simplemente abre el paquete y comienza a disfrutar de tu vapeo al instante. Su dise\u00f1o ergon\u00f3mico y port\u00e1til lo hace f\u00e1cil de llevar en el bolsillo o bolso, perfecto para cualquier ocasi\u00f3n. Perfecto tanto para quienes se inician en el mundo del vapeo como para los vapeadores experimentados que buscan una opci\u00f3n pr\u00e1ctica.<\/p>\n<p>El Frumist Box Pod desechable es la elecci\u00f3n perfecta para quienes desean disfrutar de una experiencia de vapeo sin complicaciones. \u00a1Hazte con el tuyo y descubre un nuevo nivel de satisfacci\u00f3n!<\/p>\n","protected":false},"excerpt":{"rendered":"<ul>\n<li>600 Caladas.<\/li>\n<li>Bater\u00eda de 400 mAh.<\/li>\n<li>\u00a020 mg (2%) de Nicotina.67mcg de nicotina por dosis.<\/li>\n<li>Diferentes sabores entre los que elegir.<\/li>\n<li>Contiene 2 ml de e-liquid.<\/li>\n<\/ul>\n<ul>\n<li style=\"list-style-type: none;\">\n<ul>\n<li><strong>\u2b07\ufe0f PRECIOS MAYORISTA PARA PROFESIONALES \u2b07\ufe0f<\/strong><\/li>\n<\/ul>\n<\/li>\n<\/ul>\n<p style=\"padding-left: 200px;\"><strong><a href=\"https:\/\/www.smokershop.es\/index.php\/register\/\" target=\"_blank\" rel=\"noopener\">\ud83d\udc49 REGISTRATE AQUI \ud83d\udc48<\/a><\/strong><\/p>\n","protected":false},"featured_media":2496,"template":"","meta":{"_joinchat":[]},"product_brand":[],"product_cat":[73,69],"product_tag":[],"class_list":{"0":"post-2485","1":"product","2":"type-product","3":"status-publish","4":"has-post-thumbnail","6":"product_cat-pod-desechables","7":"product_cat-vaper","9":"first","10":"instock","11":"taxable","12":"shipping-taxable","13":"purchasable","14":"product-type-variable"},"yoast_head":"<!-- This site is optimized with the Yoast SEO plugin v27.4 - https:\/\/yoast.com\/product\/yoast-seo-wordpress\/ -->\n<title>FRUMIST BOX POD DESECHABLE 600 PUFFS - The Smoker&#039;s Shop<\/title>\n<meta name=\"description\" content=\"El FRUMIST BOX POD DESECHABLE 600 PUFFS es una opci\u00f3n perfecta para aquellos que necesitan un dispositivo desechable practico y de gran calidad.\" \/>\n<meta name=\"robots\" content=\"index, follow, max-snippet:-1, max-image-preview:large, max-video-preview:-1\" \/>\n<link rel=\"canonical\" href=\"https:\/\/www.smokershop.es\/index.php\/producto\/frumist-box-pod-desechable-600-puffs\/\" \/>\n<meta property=\"og:locale\" content=\"es_ES\" \/>\n<meta property=\"og:type\" content=\"article\" \/>\n<meta property=\"og:title\" content=\"FRUMIST BOX POD DESECHABLE 600 PUFFS - The Smoker&#039;s Shop\" \/>\n<meta property=\"og:description\" content=\"El FRUMIST BOX POD DESECHABLE 600 PUFFS es una opci\u00f3n perfecta para aquellos que necesitan un dispositivo desechable practico y de gran calidad.\" \/>\n<meta property=\"og:url\" content=\"https:\/\/www.smokershop.es\/index.php\/producto\/frumist-box-pod-desechable-600-puffs\/\" \/>\n<meta property=\"og:site_name\" content=\"The Smoker&#039;s Shop\" \/>\n<meta property=\"article:modified_time\" content=\"2026-04-23T17:44:31+00:00\" \/>\n<meta property=\"og:image\" content=\"https:\/\/www.smokershop.es\/wp-content\/uploads\/2024\/10\/POD8.jpeg\" \/>\n\t<meta property=\"og:image:width\" content=\"1600\" \/>\n\t<meta property=\"og:image:height\" content=\"1600\" \/>\n\t<meta property=\"og:image:type\" content=\"image\/jpeg\" \/>\n<meta name=\"twitter:card\" content=\"summary_large_image\" \/>\n<meta name=\"twitter:label1\" content=\"Tiempo de lectura\" \/>\n\t<meta name=\"twitter:data1\" content=\"1 minuto\" \/>\n<script type=\"application\/ld+json\" class=\"yoast-schema-graph\">{\"@context\":\"https:\\\/\\\/schema.org\",\"@graph\":[{\"@type\":\"WebPage\",\"@id\":\"https:\\\/\\\/www.smokershop.es\\\/index.php\\\/producto\\\/frumist-box-pod-desechable-600-puffs\\\/\",\"url\":\"https:\\\/\\\/www.smokershop.es\\\/index.php\\\/producto\\\/frumist-box-pod-desechable-600-puffs\\\/\",\"name\":\"FRUMIST BOX POD DESECHABLE 600 PUFFS - The Smoker&#039;s Shop\",\"isPartOf\":{\"@id\":\"https:\\\/\\\/www.smokershop.es\\\/#website\"},\"primaryImageOfPage\":{\"@id\":\"https:\\\/\\\/www.smokershop.es\\\/index.php\\\/producto\\\/frumist-box-pod-desechable-600-puffs\\\/#primaryimage\"},\"image\":{\"@id\":\"https:\\\/\\\/www.smokershop.es\\\/index.php\\\/producto\\\/frumist-box-pod-desechable-600-puffs\\\/#primaryimage\"},\"thumbnailUrl\":\"https:\\\/\\\/www.smokershop.es\\\/wp-content\\\/uploads\\\/2024\\\/10\\\/POD8.jpeg\",\"datePublished\":\"2024-10-04T15:00:16+00:00\",\"dateModified\":\"2026-04-23T17:44:31+00:00\",\"description\":\"El FRUMIST BOX POD DESECHABLE 600 PUFFS es una opci\u00f3n perfecta para aquellos que necesitan un dispositivo desechable practico y de gran calidad.\",\"breadcrumb\":{\"@id\":\"https:\\\/\\\/www.smokershop.es\\\/index.php\\\/producto\\\/frumist-box-pod-desechable-600-puffs\\\/#breadcrumb\"},\"inLanguage\":\"es\",\"potentialAction\":[{\"@type\":\"ReadAction\",\"target\":[\"https:\\\/\\\/www.smokershop.es\\\/index.php\\\/producto\\\/frumist-box-pod-desechable-600-puffs\\\/\"]}]},{\"@type\":\"ImageObject\",\"inLanguage\":\"es\",\"@id\":\"https:\\\/\\\/www.smokershop.es\\\/index.php\\\/producto\\\/frumist-box-pod-desechable-600-puffs\\\/#primaryimage\",\"url\":\"https:\\\/\\\/www.smokershop.es\\\/wp-content\\\/uploads\\\/2024\\\/10\\\/POD8.jpeg\",\"contentUrl\":\"https:\\\/\\\/www.smokershop.es\\\/wp-content\\\/uploads\\\/2024\\\/10\\\/POD8.jpeg\",\"width\":1600,\"height\":1600},{\"@type\":\"BreadcrumbList\",\"@id\":\"https:\\\/\\\/www.smokershop.es\\\/index.php\\\/producto\\\/frumist-box-pod-desechable-600-puffs\\\/#breadcrumb\",\"itemListElement\":[{\"@type\":\"ListItem\",\"position\":1,\"name\":\"Portada\",\"item\":\"https:\\\/\\\/www.smokershop.es\\\/\"},{\"@type\":\"ListItem\",\"position\":2,\"name\":\"The Shop\",\"item\":\"https:\\\/\\\/www.smokershop.es\\\/index.php\\\/shop\\\/\"},{\"@type\":\"ListItem\",\"position\":3,\"name\":\"FRUMIST BOX POD DESECHABLE 600 PUFFS\"}]},{\"@type\":\"WebSite\",\"@id\":\"https:\\\/\\\/www.smokershop.es\\\/#website\",\"url\":\"https:\\\/\\\/www.smokershop.es\\\/\",\"name\":\"The Smoker&#039;s Shop\",\"description\":\"Todo para los fumadores\",\"publisher\":{\"@id\":\"https:\\\/\\\/www.smokershop.es\\\/#organization\"},\"potentialAction\":[{\"@type\":\"SearchAction\",\"target\":{\"@type\":\"EntryPoint\",\"urlTemplate\":\"https:\\\/\\\/www.smokershop.es\\\/?s={search_term_string}\"},\"query-input\":{\"@type\":\"PropertyValueSpecification\",\"valueRequired\":true,\"valueName\":\"search_term_string\"}}],\"inLanguage\":\"es\"},{\"@type\":\"Organization\",\"@id\":\"https:\\\/\\\/www.smokershop.es\\\/#organization\",\"name\":\"The Smoker&#039;s Shop\",\"url\":\"https:\\\/\\\/www.smokershop.es\\\/\",\"logo\":{\"@type\":\"ImageObject\",\"inLanguage\":\"es\",\"@id\":\"https:\\\/\\\/www.smokershop.es\\\/#\\\/schema\\\/logo\\\/image\\\/\",\"url\":\"https:\\\/\\\/www.smokershop.es\\\/wp-content\\\/uploads\\\/2023\\\/10\\\/smokershop-logo.png\",\"contentUrl\":\"https:\\\/\\\/www.smokershop.es\\\/wp-content\\\/uploads\\\/2023\\\/10\\\/smokershop-logo.png\",\"width\":1711,\"height\":752,\"caption\":\"The Smoker&#039;s Shop\"},\"image\":{\"@id\":\"https:\\\/\\\/www.smokershop.es\\\/#\\\/schema\\\/logo\\\/image\\\/\"},\"sameAs\":[\"https:\\\/\\\/www.instagram.com\\\/thesmokersshopofficial\"]}]}<\/script>\n<!-- \/ Yoast SEO plugin. -->","yoast_head_json":{"title":"FRUMIST BOX POD DESECHABLE 600 PUFFS - The Smoker&#039;s Shop","description":"El FRUMIST BOX POD DESECHABLE 600 PUFFS es una opci\u00f3n perfecta para aquellos que necesitan un dispositivo desechable practico y de gran calidad.","robots":{"index":"index","follow":"follow","max-snippet":"max-snippet:-1","max-image-preview":"max-image-preview:large","max-video-preview":"max-video-preview:-1"},"canonical":"https:\/\/www.smokershop.es\/index.php\/producto\/frumist-box-pod-desechable-600-puffs\/","og_locale":"es_ES","og_type":"article","og_title":"FRUMIST BOX POD DESECHABLE 600 PUFFS - The Smoker&#039;s Shop","og_description":"El FRUMIST BOX POD DESECHABLE 600 PUFFS es una opci\u00f3n perfecta para aquellos que necesitan un dispositivo desechable practico y de gran calidad.","og_url":"https:\/\/www.smokershop.es\/index.php\/producto\/frumist-box-pod-desechable-600-puffs\/","og_site_name":"The Smoker&#039;s Shop","article_modified_time":"2026-04-23T17:44:31+00:00","og_image":[{"width":1600,"height":1600,"url":"https:\/\/www.smokershop.es\/wp-content\/uploads\/2024\/10\/POD8.jpeg","type":"image\/jpeg"}],"twitter_card":"summary_large_image","twitter_misc":{"Tiempo de lectura":"1 minuto"},"schema":{"@context":"https:\/\/schema.org","@graph":[{"@type":"WebPage","@id":"https:\/\/www.smokershop.es\/index.php\/producto\/frumist-box-pod-desechable-600-puffs\/","url":"https:\/\/www.smokershop.es\/index.php\/producto\/frumist-box-pod-desechable-600-puffs\/","name":"FRUMIST BOX POD DESECHABLE 600 PUFFS - The Smoker&#039;s Shop","isPartOf":{"@id":"https:\/\/www.smokershop.es\/#website"},"primaryImageOfPage":{"@id":"https:\/\/www.smokershop.es\/index.php\/producto\/frumist-box-pod-desechable-600-puffs\/#primaryimage"},"image":{"@id":"https:\/\/www.smokershop.es\/index.php\/producto\/frumist-box-pod-desechable-600-puffs\/#primaryimage"},"thumbnailUrl":"https:\/\/www.smokershop.es\/wp-content\/uploads\/2024\/10\/POD8.jpeg","datePublished":"2024-10-04T15:00:16+00:00","dateModified":"2026-04-23T17:44:31+00:00","description":"El FRUMIST BOX POD DESECHABLE 600 PUFFS es una opci\u00f3n perfecta para aquellos que necesitan un dispositivo desechable practico y de gran calidad.","breadcrumb":{"@id":"https:\/\/www.smokershop.es\/index.php\/producto\/frumist-box-pod-desechable-600-puffs\/#breadcrumb"},"inLanguage":"es","potentialAction":[{"@type":"ReadAction","target":["https:\/\/www.smokershop.es\/index.php\/producto\/frumist-box-pod-desechable-600-puffs\/"]}]},{"@type":"ImageObject","inLanguage":"es","@id":"https:\/\/www.smokershop.es\/index.php\/producto\/frumist-box-pod-desechable-600-puffs\/#primaryimage","url":"https:\/\/www.smokershop.es\/wp-content\/uploads\/2024\/10\/POD8.jpeg","contentUrl":"https:\/\/www.smokershop.es\/wp-content\/uploads\/2024\/10\/POD8.jpeg","width":1600,"height":1600},{"@type":"BreadcrumbList","@id":"https:\/\/www.smokershop.es\/index.php\/producto\/frumist-box-pod-desechable-600-puffs\/#breadcrumb","itemListElement":[{"@type":"ListItem","position":1,"name":"Portada","item":"https:\/\/www.smokershop.es\/"},{"@type":"ListItem","position":2,"name":"The Shop","item":"https:\/\/www.smokershop.es\/index.php\/shop\/"},{"@type":"ListItem","position":3,"name":"FRUMIST BOX POD DESECHABLE 600 PUFFS"}]},{"@type":"WebSite","@id":"https:\/\/www.smokershop.es\/#website","url":"https:\/\/www.smokershop.es\/","name":"The Smoker&#039;s Shop","description":"Todo para los fumadores","publisher":{"@id":"https:\/\/www.smokershop.es\/#organization"},"potentialAction":[{"@type":"SearchAction","target":{"@type":"EntryPoint","urlTemplate":"https:\/\/www.smokershop.es\/?s={search_term_string}"},"query-input":{"@type":"PropertyValueSpecification","valueRequired":true,"valueName":"search_term_string"}}],"inLanguage":"es"},{"@type":"Organization","@id":"https:\/\/www.smokershop.es\/#organization","name":"The Smoker&#039;s Shop","url":"https:\/\/www.smokershop.es\/","logo":{"@type":"ImageObject","inLanguage":"es","@id":"https:\/\/www.smokershop.es\/#\/schema\/logo\/image\/","url":"https:\/\/www.smokershop.es\/wp-content\/uploads\/2023\/10\/smokershop-logo.png","contentUrl":"https:\/\/www.smokershop.es\/wp-content\/uploads\/2023\/10\/smokershop-logo.png","width":1711,"height":752,"caption":"The Smoker&#039;s Shop"},"image":{"@id":"https:\/\/www.smokershop.es\/#\/schema\/logo\/image\/"},"sameAs":["https:\/\/www.instagram.com\/thesmokersshopofficial"]}]}},"_links":{"self":[{"href":"https:\/\/www.smokershop.es\/index.php\/wp-json\/wp\/v2\/product\/2485","targetHints":{"allow":["GET"]}}],"collection":[{"href":"https:\/\/www.smokershop.es\/index.php\/wp-json\/wp\/v2\/product"}],"about":[{"href":"https:\/\/www.smokershop.es\/index.php\/wp-json\/wp\/v2\/types\/product"}],"wp:featuredmedia":[{"embeddable":true,"href":"https:\/\/www.smokershop.es\/index.php\/wp-json\/wp\/v2\/media\/2496"}],"wp:attachment":[{"href":"https:\/\/www.smokershop.es\/index.php\/wp-json\/wp\/v2\/media?parent=2485"}],"wp:term":[{"taxonomy":"product_brand","embeddable":true,"href":"https:\/\/www.smokershop.es\/index.php\/wp-json\/wp\/v2\/product_brand?post=2485"},{"taxonomy":"product_cat","embeddable":true,"href":"https:\/\/www.smokershop.es\/index.php\/wp-json\/wp\/v2\/product_cat?post=2485"},{"taxonomy":"product_tag","embeddable":true,"href":"https:\/\/www.smokershop.es\/index.php\/wp-json\/wp\/v2\/product_tag?post=2485"}],"curies":[{"name":"wp","href":"https:\/\/api.w.org\/{rel}","templated":true}]}}