{"id":2515,"date":"2024-10-04T16:54:15","date_gmt":"2024-10-04T14:54:15","guid":{"rendered":"https:\/\/www.smokershop.es\/?post_type=product&#038;p=2515"},"modified":"2026-01-19T12:55:00","modified_gmt":"2026-01-19T11:55:00","slug":"opium-pod-desechable-cbd","status":"publish","type":"product","link":"https:\/\/www.smokershop.es\/index.php\/producto\/opium-pod-desechable-cbd\/","title":{"rendered":"OPIUM POD DESECHABLE CBD"},"content":{"rendered":"<p>OPIUM POD DESECHABLE CBD<\/p>\n<p>Descubre el equilibrio perfecto entre sabor y bienestar con el Pod Desechable de CBD de Opium. Dise\u00f1ado para ofrecer una experiencia de vapeo \u00fanica, este dispositivo es ideal para quienes buscan disfrutar de los beneficios del CBD de manera pr\u00e1ctica y discreta. Con un dise\u00f1o elegante y port\u00e1til, el pod es perfecto para llevar contigo a cualquier lugar.<br \/>\nElaborado con extracto de CBD de espectro completo, garantizando una experiencia rica en cannabinoides y terpenos, sin THC. Disfruta de una variedad de sabores naturales que realzan la experiencia de vapeo. No requiere recargas ni mantenimiento. Simplemente abre el paquete y comienza a disfrutar de una experiencia de vapeo relajante al instante. Su dise\u00f1o compacto lo hace f\u00e1cil de llevar en el bolsillo o bolso, ideal para usar en cualquier momento y lugar.\u00a0Perfecto para aquellos que buscan aliviar el estr\u00e9s y la ansiedad, promoviendo una sensaci\u00f3n de calma y bienestar.<\/p>\n<p>El Pod Desechable de CBD de Opium es la opci\u00f3n ideal para quienes desean incorporar el CBD en su rutina diaria de manera sencilla y efectiva.<\/p>\n<p>\u00a1Hazte con el tuyo y experimenta la tranquilidad que solo Opium puede ofrecer!<\/p>\n","protected":false},"excerpt":{"rendered":"<ul>\n<li>Capacidad: 3 ml<\/li>\n<li>900 puffs, aproximadamente.<\/li>\n<li>225mg de CBD.<\/li>\n<li>0% THC, inferior al decreto 1729\/1999 del 12 de noviembre.<\/li>\n<li>0% nicotina.<\/li>\n<li>Glicerina vegetal, propilenglicol, aromas y CBD.<\/li>\n<li>Dimensiones: 35 x 6.5 x 65.5mm<\/li>\n<li>Bater\u00eda: 550 mAh<\/li>\n<\/ul>\n","protected":false},"featured_media":3642,"template":"","meta":{"_joinchat":[]},"product_brand":[],"product_cat":[56,73,68,69],"product_tag":[],"class_list":{"0":"post-2515","1":"product","2":"type-product","3":"status-publish","4":"has-post-thumbnail","6":"product_cat-cbd","7":"product_cat-pod-desechables","8":"product_cat-vapercbd","9":"product_cat-vaper","11":"first","12":"instock","13":"taxable","14":"shipping-taxable","15":"purchasable","16":"product-type-variable"},"yoast_head":"<!-- This site is optimized with the Yoast SEO plugin v27.4 - https:\/\/yoast.com\/product\/yoast-seo-wordpress\/ -->\n<title>OPIUM POD DESECHABLE CBD - The Smoker&#039;s Shop<\/title>\n<meta name=\"description\" content=\"El OPIUM POD DESECHABLE CBD es perfecto para aquellos que buscan aliviar el estr\u00e9s y la ansiedad benefici\u00e1ndose del CBD de manera sencilla y efectiva.\" \/>\n<meta name=\"robots\" content=\"index, follow, max-snippet:-1, max-image-preview:large, max-video-preview:-1\" \/>\n<link rel=\"canonical\" href=\"https:\/\/www.smokershop.es\/index.php\/producto\/opium-pod-desechable-cbd\/\" \/>\n<meta property=\"og:locale\" content=\"es_ES\" \/>\n<meta property=\"og:type\" content=\"article\" \/>\n<meta property=\"og:title\" content=\"OPIUM POD DESECHABLE CBD - The Smoker&#039;s Shop\" \/>\n<meta property=\"og:description\" content=\"El OPIUM POD DESECHABLE CBD es perfecto para aquellos que buscan aliviar el estr\u00e9s y la ansiedad benefici\u00e1ndose del CBD de manera sencilla y efectiva.\" \/>\n<meta property=\"og:url\" content=\"https:\/\/www.smokershop.es\/index.php\/producto\/opium-pod-desechable-cbd\/\" \/>\n<meta property=\"og:site_name\" content=\"The Smoker&#039;s Shop\" \/>\n<meta property=\"article:modified_time\" content=\"2026-01-19T11:55:00+00:00\" \/>\n<meta property=\"og:image\" content=\"https:\/\/www.smokershop.es\/wp-content\/uploads\/2024\/10\/opium-cbd-vape.jpg\" \/>\n\t<meta property=\"og:image:width\" content=\"1350\" \/>\n\t<meta property=\"og:image:height\" content=\"1350\" \/>\n\t<meta property=\"og:image:type\" content=\"image\/jpeg\" \/>\n<meta name=\"twitter:card\" content=\"summary_large_image\" \/>\n<meta name=\"twitter:label1\" content=\"Tiempo de lectura\" \/>\n\t<meta name=\"twitter:data1\" content=\"2 minutos\" \/>\n<script type=\"application\/ld+json\" class=\"yoast-schema-graph\">{\"@context\":\"https:\\\/\\\/schema.org\",\"@graph\":[{\"@type\":\"WebPage\",\"@id\":\"https:\\\/\\\/www.smokershop.es\\\/index.php\\\/producto\\\/opium-pod-desechable-cbd\\\/\",\"url\":\"https:\\\/\\\/www.smokershop.es\\\/index.php\\\/producto\\\/opium-pod-desechable-cbd\\\/\",\"name\":\"OPIUM POD DESECHABLE CBD - The Smoker&#039;s Shop\",\"isPartOf\":{\"@id\":\"https:\\\/\\\/www.smokershop.es\\\/#website\"},\"primaryImageOfPage\":{\"@id\":\"https:\\\/\\\/www.smokershop.es\\\/index.php\\\/producto\\\/opium-pod-desechable-cbd\\\/#primaryimage\"},\"image\":{\"@id\":\"https:\\\/\\\/www.smokershop.es\\\/index.php\\\/producto\\\/opium-pod-desechable-cbd\\\/#primaryimage\"},\"thumbnailUrl\":\"https:\\\/\\\/www.smokershop.es\\\/wp-content\\\/uploads\\\/2024\\\/10\\\/opium-cbd-vape.jpg\",\"datePublished\":\"2024-10-04T14:54:15+00:00\",\"dateModified\":\"2026-01-19T11:55:00+00:00\",\"description\":\"El OPIUM POD DESECHABLE CBD es perfecto para aquellos que buscan aliviar el estr\u00e9s y la ansiedad benefici\u00e1ndose del CBD de manera sencilla y efectiva.\",\"breadcrumb\":{\"@id\":\"https:\\\/\\\/www.smokershop.es\\\/index.php\\\/producto\\\/opium-pod-desechable-cbd\\\/#breadcrumb\"},\"inLanguage\":\"es\",\"potentialAction\":[{\"@type\":\"ReadAction\",\"target\":[\"https:\\\/\\\/www.smokershop.es\\\/index.php\\\/producto\\\/opium-pod-desechable-cbd\\\/\"]}]},{\"@type\":\"ImageObject\",\"inLanguage\":\"es\",\"@id\":\"https:\\\/\\\/www.smokershop.es\\\/index.php\\\/producto\\\/opium-pod-desechable-cbd\\\/#primaryimage\",\"url\":\"https:\\\/\\\/www.smokershop.es\\\/wp-content\\\/uploads\\\/2024\\\/10\\\/opium-cbd-vape.jpg\",\"contentUrl\":\"https:\\\/\\\/www.smokershop.es\\\/wp-content\\\/uploads\\\/2024\\\/10\\\/opium-cbd-vape.jpg\",\"width\":1350,\"height\":1350},{\"@type\":\"BreadcrumbList\",\"@id\":\"https:\\\/\\\/www.smokershop.es\\\/index.php\\\/producto\\\/opium-pod-desechable-cbd\\\/#breadcrumb\",\"itemListElement\":[{\"@type\":\"ListItem\",\"position\":1,\"name\":\"Portada\",\"item\":\"https:\\\/\\\/www.smokershop.es\\\/\"},{\"@type\":\"ListItem\",\"position\":2,\"name\":\"The Shop\",\"item\":\"https:\\\/\\\/www.smokershop.es\\\/index.php\\\/shop\\\/\"},{\"@type\":\"ListItem\",\"position\":3,\"name\":\"OPIUM POD DESECHABLE CBD\"}]},{\"@type\":\"WebSite\",\"@id\":\"https:\\\/\\\/www.smokershop.es\\\/#website\",\"url\":\"https:\\\/\\\/www.smokershop.es\\\/\",\"name\":\"The Smoker&#039;s Shop\",\"description\":\"Todo para los fumadores\",\"publisher\":{\"@id\":\"https:\\\/\\\/www.smokershop.es\\\/#organization\"},\"potentialAction\":[{\"@type\":\"SearchAction\",\"target\":{\"@type\":\"EntryPoint\",\"urlTemplate\":\"https:\\\/\\\/www.smokershop.es\\\/?s={search_term_string}\"},\"query-input\":{\"@type\":\"PropertyValueSpecification\",\"valueRequired\":true,\"valueName\":\"search_term_string\"}}],\"inLanguage\":\"es\"},{\"@type\":\"Organization\",\"@id\":\"https:\\\/\\\/www.smokershop.es\\\/#organization\",\"name\":\"The Smoker&#039;s Shop\",\"url\":\"https:\\\/\\\/www.smokershop.es\\\/\",\"logo\":{\"@type\":\"ImageObject\",\"inLanguage\":\"es\",\"@id\":\"https:\\\/\\\/www.smokershop.es\\\/#\\\/schema\\\/logo\\\/image\\\/\",\"url\":\"https:\\\/\\\/www.smokershop.es\\\/wp-content\\\/uploads\\\/2023\\\/10\\\/smokershop-logo.png\",\"contentUrl\":\"https:\\\/\\\/www.smokershop.es\\\/wp-content\\\/uploads\\\/2023\\\/10\\\/smokershop-logo.png\",\"width\":1711,\"height\":752,\"caption\":\"The Smoker&#039;s Shop\"},\"image\":{\"@id\":\"https:\\\/\\\/www.smokershop.es\\\/#\\\/schema\\\/logo\\\/image\\\/\"},\"sameAs\":[\"https:\\\/\\\/www.instagram.com\\\/thesmokersshopofficial\"]}]}<\/script>\n<!-- \/ Yoast SEO plugin. -->","yoast_head_json":{"title":"OPIUM POD DESECHABLE CBD - The Smoker&#039;s Shop","description":"El OPIUM POD DESECHABLE CBD es perfecto para aquellos que buscan aliviar el estr\u00e9s y la ansiedad benefici\u00e1ndose del CBD de manera sencilla y efectiva.","robots":{"index":"index","follow":"follow","max-snippet":"max-snippet:-1","max-image-preview":"max-image-preview:large","max-video-preview":"max-video-preview:-1"},"canonical":"https:\/\/www.smokershop.es\/index.php\/producto\/opium-pod-desechable-cbd\/","og_locale":"es_ES","og_type":"article","og_title":"OPIUM POD DESECHABLE CBD - The Smoker&#039;s Shop","og_description":"El OPIUM POD DESECHABLE CBD es perfecto para aquellos que buscan aliviar el estr\u00e9s y la ansiedad benefici\u00e1ndose del CBD de manera sencilla y efectiva.","og_url":"https:\/\/www.smokershop.es\/index.php\/producto\/opium-pod-desechable-cbd\/","og_site_name":"The Smoker&#039;s Shop","article_modified_time":"2026-01-19T11:55:00+00:00","og_image":[{"width":1350,"height":1350,"url":"https:\/\/www.smokershop.es\/wp-content\/uploads\/2024\/10\/opium-cbd-vape.jpg","type":"image\/jpeg"}],"twitter_card":"summary_large_image","twitter_misc":{"Tiempo de lectura":"2 minutos"},"schema":{"@context":"https:\/\/schema.org","@graph":[{"@type":"WebPage","@id":"https:\/\/www.smokershop.es\/index.php\/producto\/opium-pod-desechable-cbd\/","url":"https:\/\/www.smokershop.es\/index.php\/producto\/opium-pod-desechable-cbd\/","name":"OPIUM POD DESECHABLE CBD - The Smoker&#039;s Shop","isPartOf":{"@id":"https:\/\/www.smokershop.es\/#website"},"primaryImageOfPage":{"@id":"https:\/\/www.smokershop.es\/index.php\/producto\/opium-pod-desechable-cbd\/#primaryimage"},"image":{"@id":"https:\/\/www.smokershop.es\/index.php\/producto\/opium-pod-desechable-cbd\/#primaryimage"},"thumbnailUrl":"https:\/\/www.smokershop.es\/wp-content\/uploads\/2024\/10\/opium-cbd-vape.jpg","datePublished":"2024-10-04T14:54:15+00:00","dateModified":"2026-01-19T11:55:00+00:00","description":"El OPIUM POD DESECHABLE CBD es perfecto para aquellos que buscan aliviar el estr\u00e9s y la ansiedad benefici\u00e1ndose del CBD de manera sencilla y efectiva.","breadcrumb":{"@id":"https:\/\/www.smokershop.es\/index.php\/producto\/opium-pod-desechable-cbd\/#breadcrumb"},"inLanguage":"es","potentialAction":[{"@type":"ReadAction","target":["https:\/\/www.smokershop.es\/index.php\/producto\/opium-pod-desechable-cbd\/"]}]},{"@type":"ImageObject","inLanguage":"es","@id":"https:\/\/www.smokershop.es\/index.php\/producto\/opium-pod-desechable-cbd\/#primaryimage","url":"https:\/\/www.smokershop.es\/wp-content\/uploads\/2024\/10\/opium-cbd-vape.jpg","contentUrl":"https:\/\/www.smokershop.es\/wp-content\/uploads\/2024\/10\/opium-cbd-vape.jpg","width":1350,"height":1350},{"@type":"BreadcrumbList","@id":"https:\/\/www.smokershop.es\/index.php\/producto\/opium-pod-desechable-cbd\/#breadcrumb","itemListElement":[{"@type":"ListItem","position":1,"name":"Portada","item":"https:\/\/www.smokershop.es\/"},{"@type":"ListItem","position":2,"name":"The Shop","item":"https:\/\/www.smokershop.es\/index.php\/shop\/"},{"@type":"ListItem","position":3,"name":"OPIUM POD DESECHABLE CBD"}]},{"@type":"WebSite","@id":"https:\/\/www.smokershop.es\/#website","url":"https:\/\/www.smokershop.es\/","name":"The Smoker&#039;s Shop","description":"Todo para los fumadores","publisher":{"@id":"https:\/\/www.smokershop.es\/#organization"},"potentialAction":[{"@type":"SearchAction","target":{"@type":"EntryPoint","urlTemplate":"https:\/\/www.smokershop.es\/?s={search_term_string}"},"query-input":{"@type":"PropertyValueSpecification","valueRequired":true,"valueName":"search_term_string"}}],"inLanguage":"es"},{"@type":"Organization","@id":"https:\/\/www.smokershop.es\/#organization","name":"The Smoker&#039;s Shop","url":"https:\/\/www.smokershop.es\/","logo":{"@type":"ImageObject","inLanguage":"es","@id":"https:\/\/www.smokershop.es\/#\/schema\/logo\/image\/","url":"https:\/\/www.smokershop.es\/wp-content\/uploads\/2023\/10\/smokershop-logo.png","contentUrl":"https:\/\/www.smokershop.es\/wp-content\/uploads\/2023\/10\/smokershop-logo.png","width":1711,"height":752,"caption":"The Smoker&#039;s Shop"},"image":{"@id":"https:\/\/www.smokershop.es\/#\/schema\/logo\/image\/"},"sameAs":["https:\/\/www.instagram.com\/thesmokersshopofficial"]}]}},"_links":{"self":[{"href":"https:\/\/www.smokershop.es\/index.php\/wp-json\/wp\/v2\/product\/2515","targetHints":{"allow":["GET"]}}],"collection":[{"href":"https:\/\/www.smokershop.es\/index.php\/wp-json\/wp\/v2\/product"}],"about":[{"href":"https:\/\/www.smokershop.es\/index.php\/wp-json\/wp\/v2\/types\/product"}],"wp:featuredmedia":[{"embeddable":true,"href":"https:\/\/www.smokershop.es\/index.php\/wp-json\/wp\/v2\/media\/3642"}],"wp:attachment":[{"href":"https:\/\/www.smokershop.es\/index.php\/wp-json\/wp\/v2\/media?parent=2515"}],"wp:term":[{"taxonomy":"product_brand","embeddable":true,"href":"https:\/\/www.smokershop.es\/index.php\/wp-json\/wp\/v2\/product_brand?post=2515"},{"taxonomy":"product_cat","embeddable":true,"href":"https:\/\/www.smokershop.es\/index.php\/wp-json\/wp\/v2\/product_cat?post=2515"},{"taxonomy":"product_tag","embeddable":true,"href":"https:\/\/www.smokershop.es\/index.php\/wp-json\/wp\/v2\/product_tag?post=2515"}],"curies":[{"name":"wp","href":"https:\/\/api.w.org\/{rel}","templated":true}]}}