{"id":2749,"date":"2025-05-23T16:27:43","date_gmt":"2025-05-23T14:27:43","guid":{"rendered":"https:\/\/www.smokershop.es\/?post_type=product&#038;p=2749"},"modified":"2026-04-13T13:29:35","modified_gmt":"2026-04-13T11:29:35","slug":"papel-1-1-4-block-300-hojas-raw-black","status":"publish","type":"product","link":"https:\/\/www.smokershop.es\/index.php\/producto\/papel-1-1-4-block-300-hojas-raw-black\/","title":{"rendered":"PAPEL 1 1\/4 BLOCK 300 HOJAS RAW BLACK"},"content":{"rendered":"<p><span id=\"productTitle\" class=\"a-size-large product-title-word-break\">PAPEL 1 1\/4 BLOCK 300 HOJAS RAW BLACK<\/span><\/p>\n<p>Los papeles de liar Raw Black Classic 300 \u00bc est\u00e1n fabricados a partir de c\u00e1\u00f1amo puro, sin ning\u00fan tipo de aditivo, cloro o blanqueantes.<\/p>\n<p>Vienen en una cajita cerrada con una bandeja deslizable interna para resguardarlos cuando no se utilizan.<\/p>\n<p>Tienen unas medidas de 76mm de longitud y 44mm de ancho, que es una de las medidas m\u00e1s utilizadas en el mercado del papel de fumar.<\/p>\n<p>Cada papel cuenta con una marca de agua para asegurar su autenticidad.<\/p>\n","protected":false},"excerpt":{"rendered":"<ul>\n<li>100% libre de cloro y blanqueados<\/li>\n<li>Cada papel individual tiene una marca de agua en forma de cruz que ayuda a prevenir la combusti\u00f3n r\u00e1pida y crea un papel m\u00e1s duradero<\/li>\n<li>Medidas: 76 mm X 44 mm<\/li>\n<li>300 hojas por librillo<\/li>\n<\/ul>\n<ul>\n<li style=\"list-style-type: none;\">\n<ul>\n<li><em>FORMATO PRO -&gt; DISPLAY 40x<\/em><\/li>\n<li><strong>\u2b07\ufe0f PRECIOS MAYORISTA PARA PROFESIONALES \u2b07\ufe0f<\/strong><\/li>\n<\/ul>\n<\/li>\n<\/ul>\n<p style=\"padding-left: 200px;\"><strong><a href=\"https:\/\/www.smokershop.es\/index.php\/register\/\" target=\"_blank\" rel=\"noopener\">\ud83d\udc49 REGISTRATE AQUI \ud83d\udc48<\/a><\/strong><\/p>\n<p>&nbsp;<\/p>\n","protected":false},"featured_media":3577,"template":"","meta":{"_joinchat":[]},"product_brand":[],"product_cat":[65,41,40],"product_tag":[],"class_list":{"0":"post-2749","1":"product","2":"type-product","3":"status-publish","4":"has-post-thumbnail","6":"product_cat-1-1-4","7":"product_cat-papel-1-4","8":"product_cat-papel-de-fumar","10":"first","11":"instock","12":"taxable","13":"shipping-taxable","14":"purchasable","15":"product-type-simple"},"yoast_head":"<!-- This site is optimized with the Yoast SEO plugin v27.4 - https:\/\/yoast.com\/product\/yoast-seo-wordpress\/ -->\n<title>PAPEL 1 1\/4 BLOCK 300 HOJAS RAW BLACK - The Smoker&#039;s Shop<\/title>\n<meta name=\"description\" content=\"PAPEL 1 1\/4 BLOCK 300 HOJAS RAW BLACK hechos a partir de c\u00e1\u00f1amo puro, sin ning\u00fan tipo de aditivo ni colorante, disfruta de un papel de calidad.\" \/>\n<meta name=\"robots\" content=\"index, follow, max-snippet:-1, max-image-preview:large, max-video-preview:-1\" \/>\n<link rel=\"canonical\" href=\"https:\/\/www.smokershop.es\/index.php\/producto\/papel-1-1-4-block-300-hojas-raw-black\/\" \/>\n<meta property=\"og:locale\" content=\"es_ES\" \/>\n<meta property=\"og:type\" content=\"article\" \/>\n<meta property=\"og:title\" content=\"PAPEL 1 1\/4 BLOCK 300 HOJAS RAW BLACK - The Smoker&#039;s Shop\" \/>\n<meta property=\"og:description\" content=\"PAPEL 1 1\/4 BLOCK 300 HOJAS RAW BLACK hechos a partir de c\u00e1\u00f1amo puro, sin ning\u00fan tipo de aditivo ni colorante, disfruta de un papel de calidad.\" \/>\n<meta property=\"og:url\" content=\"https:\/\/www.smokershop.es\/index.php\/producto\/papel-1-1-4-block-300-hojas-raw-black\/\" \/>\n<meta property=\"og:site_name\" content=\"The Smoker&#039;s Shop\" \/>\n<meta property=\"article:modified_time\" content=\"2026-04-13T11:29:35+00:00\" \/>\n<meta property=\"og:image\" content=\"https:\/\/www.smokershop.es\/wp-content\/uploads\/2025\/05\/RAW-300-2.jpg\" \/>\n\t<meta property=\"og:image:width\" content=\"1350\" \/>\n\t<meta property=\"og:image:height\" content=\"1350\" \/>\n\t<meta property=\"og:image:type\" content=\"image\/jpeg\" \/>\n<meta name=\"twitter:card\" content=\"summary_large_image\" \/>\n<meta name=\"twitter:label1\" content=\"Tiempo de lectura\" \/>\n\t<meta name=\"twitter:data1\" content=\"1 minuto\" \/>\n<script type=\"application\/ld+json\" class=\"yoast-schema-graph\">{\"@context\":\"https:\\\/\\\/schema.org\",\"@graph\":[{\"@type\":\"WebPage\",\"@id\":\"https:\\\/\\\/www.smokershop.es\\\/index.php\\\/producto\\\/papel-1-1-4-block-300-hojas-raw-black\\\/\",\"url\":\"https:\\\/\\\/www.smokershop.es\\\/index.php\\\/producto\\\/papel-1-1-4-block-300-hojas-raw-black\\\/\",\"name\":\"PAPEL 1 1\\\/4 BLOCK 300 HOJAS RAW BLACK - The Smoker&#039;s Shop\",\"isPartOf\":{\"@id\":\"https:\\\/\\\/www.smokershop.es\\\/#website\"},\"primaryImageOfPage\":{\"@id\":\"https:\\\/\\\/www.smokershop.es\\\/index.php\\\/producto\\\/papel-1-1-4-block-300-hojas-raw-black\\\/#primaryimage\"},\"image\":{\"@id\":\"https:\\\/\\\/www.smokershop.es\\\/index.php\\\/producto\\\/papel-1-1-4-block-300-hojas-raw-black\\\/#primaryimage\"},\"thumbnailUrl\":\"https:\\\/\\\/www.smokershop.es\\\/wp-content\\\/uploads\\\/2025\\\/05\\\/RAW-300-2.jpg\",\"datePublished\":\"2025-05-23T14:27:43+00:00\",\"dateModified\":\"2026-04-13T11:29:35+00:00\",\"description\":\"PAPEL 1 1\\\/4 BLOCK 300 HOJAS RAW BLACK hechos a partir de c\u00e1\u00f1amo puro, sin ning\u00fan tipo de aditivo ni colorante, disfruta de un papel de calidad.\",\"breadcrumb\":{\"@id\":\"https:\\\/\\\/www.smokershop.es\\\/index.php\\\/producto\\\/papel-1-1-4-block-300-hojas-raw-black\\\/#breadcrumb\"},\"inLanguage\":\"es\",\"potentialAction\":[{\"@type\":\"ReadAction\",\"target\":[\"https:\\\/\\\/www.smokershop.es\\\/index.php\\\/producto\\\/papel-1-1-4-block-300-hojas-raw-black\\\/\"]}]},{\"@type\":\"ImageObject\",\"inLanguage\":\"es\",\"@id\":\"https:\\\/\\\/www.smokershop.es\\\/index.php\\\/producto\\\/papel-1-1-4-block-300-hojas-raw-black\\\/#primaryimage\",\"url\":\"https:\\\/\\\/www.smokershop.es\\\/wp-content\\\/uploads\\\/2025\\\/05\\\/RAW-300-2.jpg\",\"contentUrl\":\"https:\\\/\\\/www.smokershop.es\\\/wp-content\\\/uploads\\\/2025\\\/05\\\/RAW-300-2.jpg\",\"width\":1350,\"height\":1350},{\"@type\":\"BreadcrumbList\",\"@id\":\"https:\\\/\\\/www.smokershop.es\\\/index.php\\\/producto\\\/papel-1-1-4-block-300-hojas-raw-black\\\/#breadcrumb\",\"itemListElement\":[{\"@type\":\"ListItem\",\"position\":1,\"name\":\"Portada\",\"item\":\"https:\\\/\\\/www.smokershop.es\\\/\"},{\"@type\":\"ListItem\",\"position\":2,\"name\":\"The Shop\",\"item\":\"https:\\\/\\\/www.smokershop.es\\\/index.php\\\/shop\\\/\"},{\"@type\":\"ListItem\",\"position\":3,\"name\":\"PAPEL 1 1\\\/4 BLOCK 300 HOJAS RAW BLACK\"}]},{\"@type\":\"WebSite\",\"@id\":\"https:\\\/\\\/www.smokershop.es\\\/#website\",\"url\":\"https:\\\/\\\/www.smokershop.es\\\/\",\"name\":\"The Smoker&#039;s Shop\",\"description\":\"Todo para los fumadores\",\"publisher\":{\"@id\":\"https:\\\/\\\/www.smokershop.es\\\/#organization\"},\"potentialAction\":[{\"@type\":\"SearchAction\",\"target\":{\"@type\":\"EntryPoint\",\"urlTemplate\":\"https:\\\/\\\/www.smokershop.es\\\/?s={search_term_string}\"},\"query-input\":{\"@type\":\"PropertyValueSpecification\",\"valueRequired\":true,\"valueName\":\"search_term_string\"}}],\"inLanguage\":\"es\"},{\"@type\":\"Organization\",\"@id\":\"https:\\\/\\\/www.smokershop.es\\\/#organization\",\"name\":\"The Smoker&#039;s Shop\",\"url\":\"https:\\\/\\\/www.smokershop.es\\\/\",\"logo\":{\"@type\":\"ImageObject\",\"inLanguage\":\"es\",\"@id\":\"https:\\\/\\\/www.smokershop.es\\\/#\\\/schema\\\/logo\\\/image\\\/\",\"url\":\"https:\\\/\\\/www.smokershop.es\\\/wp-content\\\/uploads\\\/2023\\\/10\\\/smokershop-logo.png\",\"contentUrl\":\"https:\\\/\\\/www.smokershop.es\\\/wp-content\\\/uploads\\\/2023\\\/10\\\/smokershop-logo.png\",\"width\":1711,\"height\":752,\"caption\":\"The Smoker&#039;s Shop\"},\"image\":{\"@id\":\"https:\\\/\\\/www.smokershop.es\\\/#\\\/schema\\\/logo\\\/image\\\/\"},\"sameAs\":[\"https:\\\/\\\/www.instagram.com\\\/thesmokersshopofficial\"]}]}<\/script>\n<!-- \/ Yoast SEO plugin. -->","yoast_head_json":{"title":"PAPEL 1 1\/4 BLOCK 300 HOJAS RAW BLACK - The Smoker&#039;s Shop","description":"PAPEL 1 1\/4 BLOCK 300 HOJAS RAW BLACK hechos a partir de c\u00e1\u00f1amo puro, sin ning\u00fan tipo de aditivo ni colorante, disfruta de un papel de calidad.","robots":{"index":"index","follow":"follow","max-snippet":"max-snippet:-1","max-image-preview":"max-image-preview:large","max-video-preview":"max-video-preview:-1"},"canonical":"https:\/\/www.smokershop.es\/index.php\/producto\/papel-1-1-4-block-300-hojas-raw-black\/","og_locale":"es_ES","og_type":"article","og_title":"PAPEL 1 1\/4 BLOCK 300 HOJAS RAW BLACK - The Smoker&#039;s Shop","og_description":"PAPEL 1 1\/4 BLOCK 300 HOJAS RAW BLACK hechos a partir de c\u00e1\u00f1amo puro, sin ning\u00fan tipo de aditivo ni colorante, disfruta de un papel de calidad.","og_url":"https:\/\/www.smokershop.es\/index.php\/producto\/papel-1-1-4-block-300-hojas-raw-black\/","og_site_name":"The Smoker&#039;s Shop","article_modified_time":"2026-04-13T11:29:35+00:00","og_image":[{"width":1350,"height":1350,"url":"https:\/\/www.smokershop.es\/wp-content\/uploads\/2025\/05\/RAW-300-2.jpg","type":"image\/jpeg"}],"twitter_card":"summary_large_image","twitter_misc":{"Tiempo de lectura":"1 minuto"},"schema":{"@context":"https:\/\/schema.org","@graph":[{"@type":"WebPage","@id":"https:\/\/www.smokershop.es\/index.php\/producto\/papel-1-1-4-block-300-hojas-raw-black\/","url":"https:\/\/www.smokershop.es\/index.php\/producto\/papel-1-1-4-block-300-hojas-raw-black\/","name":"PAPEL 1 1\/4 BLOCK 300 HOJAS RAW BLACK - The Smoker&#039;s Shop","isPartOf":{"@id":"https:\/\/www.smokershop.es\/#website"},"primaryImageOfPage":{"@id":"https:\/\/www.smokershop.es\/index.php\/producto\/papel-1-1-4-block-300-hojas-raw-black\/#primaryimage"},"image":{"@id":"https:\/\/www.smokershop.es\/index.php\/producto\/papel-1-1-4-block-300-hojas-raw-black\/#primaryimage"},"thumbnailUrl":"https:\/\/www.smokershop.es\/wp-content\/uploads\/2025\/05\/RAW-300-2.jpg","datePublished":"2025-05-23T14:27:43+00:00","dateModified":"2026-04-13T11:29:35+00:00","description":"PAPEL 1 1\/4 BLOCK 300 HOJAS RAW BLACK hechos a partir de c\u00e1\u00f1amo puro, sin ning\u00fan tipo de aditivo ni colorante, disfruta de un papel de calidad.","breadcrumb":{"@id":"https:\/\/www.smokershop.es\/index.php\/producto\/papel-1-1-4-block-300-hojas-raw-black\/#breadcrumb"},"inLanguage":"es","potentialAction":[{"@type":"ReadAction","target":["https:\/\/www.smokershop.es\/index.php\/producto\/papel-1-1-4-block-300-hojas-raw-black\/"]}]},{"@type":"ImageObject","inLanguage":"es","@id":"https:\/\/www.smokershop.es\/index.php\/producto\/papel-1-1-4-block-300-hojas-raw-black\/#primaryimage","url":"https:\/\/www.smokershop.es\/wp-content\/uploads\/2025\/05\/RAW-300-2.jpg","contentUrl":"https:\/\/www.smokershop.es\/wp-content\/uploads\/2025\/05\/RAW-300-2.jpg","width":1350,"height":1350},{"@type":"BreadcrumbList","@id":"https:\/\/www.smokershop.es\/index.php\/producto\/papel-1-1-4-block-300-hojas-raw-black\/#breadcrumb","itemListElement":[{"@type":"ListItem","position":1,"name":"Portada","item":"https:\/\/www.smokershop.es\/"},{"@type":"ListItem","position":2,"name":"The Shop","item":"https:\/\/www.smokershop.es\/index.php\/shop\/"},{"@type":"ListItem","position":3,"name":"PAPEL 1 1\/4 BLOCK 300 HOJAS RAW BLACK"}]},{"@type":"WebSite","@id":"https:\/\/www.smokershop.es\/#website","url":"https:\/\/www.smokershop.es\/","name":"The Smoker&#039;s Shop","description":"Todo para los fumadores","publisher":{"@id":"https:\/\/www.smokershop.es\/#organization"},"potentialAction":[{"@type":"SearchAction","target":{"@type":"EntryPoint","urlTemplate":"https:\/\/www.smokershop.es\/?s={search_term_string}"},"query-input":{"@type":"PropertyValueSpecification","valueRequired":true,"valueName":"search_term_string"}}],"inLanguage":"es"},{"@type":"Organization","@id":"https:\/\/www.smokershop.es\/#organization","name":"The Smoker&#039;s Shop","url":"https:\/\/www.smokershop.es\/","logo":{"@type":"ImageObject","inLanguage":"es","@id":"https:\/\/www.smokershop.es\/#\/schema\/logo\/image\/","url":"https:\/\/www.smokershop.es\/wp-content\/uploads\/2023\/10\/smokershop-logo.png","contentUrl":"https:\/\/www.smokershop.es\/wp-content\/uploads\/2023\/10\/smokershop-logo.png","width":1711,"height":752,"caption":"The Smoker&#039;s Shop"},"image":{"@id":"https:\/\/www.smokershop.es\/#\/schema\/logo\/image\/"},"sameAs":["https:\/\/www.instagram.com\/thesmokersshopofficial"]}]}},"_links":{"self":[{"href":"https:\/\/www.smokershop.es\/index.php\/wp-json\/wp\/v2\/product\/2749","targetHints":{"allow":["GET"]}}],"collection":[{"href":"https:\/\/www.smokershop.es\/index.php\/wp-json\/wp\/v2\/product"}],"about":[{"href":"https:\/\/www.smokershop.es\/index.php\/wp-json\/wp\/v2\/types\/product"}],"wp:featuredmedia":[{"embeddable":true,"href":"https:\/\/www.smokershop.es\/index.php\/wp-json\/wp\/v2\/media\/3577"}],"wp:attachment":[{"href":"https:\/\/www.smokershop.es\/index.php\/wp-json\/wp\/v2\/media?parent=2749"}],"wp:term":[{"taxonomy":"product_brand","embeddable":true,"href":"https:\/\/www.smokershop.es\/index.php\/wp-json\/wp\/v2\/product_brand?post=2749"},{"taxonomy":"product_cat","embeddable":true,"href":"https:\/\/www.smokershop.es\/index.php\/wp-json\/wp\/v2\/product_cat?post=2749"},{"taxonomy":"product_tag","embeddable":true,"href":"https:\/\/www.smokershop.es\/index.php\/wp-json\/wp\/v2\/product_tag?post=2749"}],"curies":[{"name":"wp","href":"https:\/\/api.w.org\/{rel}","templated":true}]}}