{"id":3217,"date":"2025-09-05T21:07:57","date_gmt":"2025-09-05T19:07:57","guid":{"rendered":"https:\/\/www.smokershop.es\/?post_type=product&#038;p=3217"},"modified":"2026-04-10T03:50:57","modified_gmt":"2026-04-10T01:50:57","slug":"monkey-cones-ks-unbleached","status":"publish","type":"product","link":"https:\/\/www.smokershop.es\/index.php\/producto\/monkey-cones-ks-unbleached\/","title":{"rendered":"MONKEY CONES KS UNBLEACHED"},"content":{"rendered":"<p data-start=\"290\" data-end=\"635\">Los Monkey Cones KS Unbleached son la elecci\u00f3n perfecta para no quienes quieren perder tiempo liando pero desean que su experiencia sea limpia, natural y sin complicaciones.<\/p>\n<p data-start=\"290\" data-end=\"635\">Fabricados con papel sin blanquear, estos conos preliados no contienen cloro ni aditivos qu\u00edmicos, lo que te garantiza una combusti\u00f3n suave y un sabor puro, sin interferencias. Adem\u00e1s son muy f\u00e1ciles y c\u00f3modos de usar lo que simplifica aun m\u00e1s el proceso del fumador.<\/p>\n<p data-start=\"290\" data-end=\"635\">Vienen en un estuche compacto y pr\u00e1ctico para que puedas llevar a cualquier parte tus conos pre-enrollados con boquilla incluida y solo te tengas que preocupar de rellenar y encender. Son ideales\u00a0para compartir o disfrutar de una fumada duradera.<\/p>\n<p data-start=\"1080\" data-end=\"1269\">Perfectos para quienes valoran productos de calidad y estilo\u00a0los Monkey Cones KS Unbleached son el complemento ideal para tu rutina diaria o tus momentos especiales.<\/p>\n","protected":false},"excerpt":{"rendered":"<ul>\n<li>Estuche compacto con 3 conos preliados, marr\u00f3n 100% natural, de combusti\u00f3n lenta.<\/li>\n<li>Tama\u00f1o king size, 108mm.<\/li>\n<\/ul>\n<p>&nbsp;<\/p>\n<ul>\n<li><em>FORMATO PRO -&gt; DISPLAY 18x 3 conos<\/em><\/li>\n<li><strong>\u2b07\ufe0f PRECIOS MAYORISTA PARA PROFESIONALES \u2b07\ufe0f<\/strong><\/li>\n<\/ul>\n<p style=\"padding-left: 160px;\"><strong><a href=\"https:\/\/www.smokershop.es\/index.php\/register\/\" target=\"_blank\" rel=\"noopener\">\ud83d\udc49 REGISTRATE AQUI \ud83d\udc48<\/a><\/strong><\/p>\n<p>&nbsp;<\/p>\n","protected":false},"featured_media":3564,"template":"","meta":{"_joinchat":[]},"product_brand":[],"product_cat":[45,40],"product_tag":[],"class_list":{"0":"post-3217","1":"product","2":"type-product","3":"status-publish","4":"has-post-thumbnail","6":"product_cat-conos","7":"product_cat-papel-de-fumar","9":"first","10":"instock","11":"taxable","12":"shipping-taxable","13":"purchasable","14":"product-type-simple"},"yoast_head":"<!-- This site is optimized with the Yoast SEO plugin v27.2 - https:\/\/yoast.com\/product\/yoast-seo-wordpress\/ -->\n<title>MONKEY CONES KS UNBLEACHED - The Smoker&#039;s Shop<\/title>\n<meta name=\"description\" content=\"MONKEY CONES KS UNBLEACHED perfecto para aquellos fumadores que valoran la comodidad y el estilo, estuche compacto con tres conos preliados.\" \/>\n<meta name=\"robots\" content=\"index, follow, max-snippet:-1, max-image-preview:large, max-video-preview:-1\" \/>\n<link rel=\"canonical\" href=\"https:\/\/www.smokershop.es\/index.php\/producto\/monkey-cones-ks-unbleached\/\" \/>\n<meta property=\"og:locale\" content=\"es_ES\" \/>\n<meta property=\"og:type\" content=\"article\" \/>\n<meta property=\"og:title\" content=\"MONKEY CONES KS UNBLEACHED - The Smoker&#039;s Shop\" \/>\n<meta property=\"og:description\" content=\"MONKEY CONES KS UNBLEACHED perfecto para aquellos fumadores que valoran la comodidad y el estilo, estuche compacto con tres conos preliados.\" \/>\n<meta property=\"og:url\" content=\"https:\/\/www.smokershop.es\/index.php\/producto\/monkey-cones-ks-unbleached\/\" \/>\n<meta property=\"og:site_name\" content=\"The Smoker&#039;s Shop\" \/>\n<meta property=\"article:modified_time\" content=\"2026-04-10T01:50:57+00:00\" \/>\n<meta property=\"og:image\" content=\"https:\/\/www.smokershop.es\/wp-content\/uploads\/2025\/09\/CONES-X3-UNB.jpg\" \/>\n\t<meta property=\"og:image:width\" content=\"1350\" \/>\n\t<meta property=\"og:image:height\" content=\"1350\" \/>\n\t<meta property=\"og:image:type\" content=\"image\/jpeg\" \/>\n<meta name=\"twitter:card\" content=\"summary_large_image\" \/>\n<meta name=\"twitter:label1\" content=\"Tiempo de lectura\" \/>\n\t<meta name=\"twitter:data1\" content=\"1 minuto\" \/>\n<script type=\"application\/ld+json\" class=\"yoast-schema-graph\">{\"@context\":\"https:\/\/schema.org\",\"@graph\":[{\"@type\":\"WebPage\",\"@id\":\"https:\/\/www.smokershop.es\/index.php\/producto\/monkey-cones-ks-unbleached\/\",\"url\":\"https:\/\/www.smokershop.es\/index.php\/producto\/monkey-cones-ks-unbleached\/\",\"name\":\"MONKEY CONES KS UNBLEACHED - The Smoker&#039;s Shop\",\"isPartOf\":{\"@id\":\"https:\/\/www.smokershop.es\/#website\"},\"primaryImageOfPage\":{\"@id\":\"https:\/\/www.smokershop.es\/index.php\/producto\/monkey-cones-ks-unbleached\/#primaryimage\"},\"image\":{\"@id\":\"https:\/\/www.smokershop.es\/index.php\/producto\/monkey-cones-ks-unbleached\/#primaryimage\"},\"thumbnailUrl\":\"https:\/\/www.smokershop.es\/wp-content\/uploads\/2025\/09\/CONES-X3-UNB.jpg\",\"datePublished\":\"2025-09-05T19:07:57+00:00\",\"dateModified\":\"2026-04-10T01:50:57+00:00\",\"description\":\"MONKEY CONES KS UNBLEACHED perfecto para aquellos fumadores que valoran la comodidad y el estilo, estuche compacto con tres conos preliados.\",\"breadcrumb\":{\"@id\":\"https:\/\/www.smokershop.es\/index.php\/producto\/monkey-cones-ks-unbleached\/#breadcrumb\"},\"inLanguage\":\"es\",\"potentialAction\":[{\"@type\":\"ReadAction\",\"target\":[\"https:\/\/www.smokershop.es\/index.php\/producto\/monkey-cones-ks-unbleached\/\"]}]},{\"@type\":\"ImageObject\",\"inLanguage\":\"es\",\"@id\":\"https:\/\/www.smokershop.es\/index.php\/producto\/monkey-cones-ks-unbleached\/#primaryimage\",\"url\":\"https:\/\/www.smokershop.es\/wp-content\/uploads\/2025\/09\/CONES-X3-UNB.jpg\",\"contentUrl\":\"https:\/\/www.smokershop.es\/wp-content\/uploads\/2025\/09\/CONES-X3-UNB.jpg\",\"width\":1350,\"height\":1350,\"caption\":\"MONKEY CONES KS UNBLEACHED X3\"},{\"@type\":\"BreadcrumbList\",\"@id\":\"https:\/\/www.smokershop.es\/index.php\/producto\/monkey-cones-ks-unbleached\/#breadcrumb\",\"itemListElement\":[{\"@type\":\"ListItem\",\"position\":1,\"name\":\"Portada\",\"item\":\"https:\/\/www.smokershop.es\/\"},{\"@type\":\"ListItem\",\"position\":2,\"name\":\"The Shop\",\"item\":\"https:\/\/www.smokershop.es\/index.php\/shop\/\"},{\"@type\":\"ListItem\",\"position\":3,\"name\":\"MONKEY CONES KS UNBLEACHED\"}]},{\"@type\":\"WebSite\",\"@id\":\"https:\/\/www.smokershop.es\/#website\",\"url\":\"https:\/\/www.smokershop.es\/\",\"name\":\"The Smoker&#039;s Shop\",\"description\":\"Todo para los fumadores\",\"publisher\":{\"@id\":\"https:\/\/www.smokershop.es\/#organization\"},\"potentialAction\":[{\"@type\":\"SearchAction\",\"target\":{\"@type\":\"EntryPoint\",\"urlTemplate\":\"https:\/\/www.smokershop.es\/?s={search_term_string}\"},\"query-input\":{\"@type\":\"PropertyValueSpecification\",\"valueRequired\":true,\"valueName\":\"search_term_string\"}}],\"inLanguage\":\"es\"},{\"@type\":\"Organization\",\"@id\":\"https:\/\/www.smokershop.es\/#organization\",\"name\":\"The Smoker&#039;s Shop\",\"url\":\"https:\/\/www.smokershop.es\/\",\"logo\":{\"@type\":\"ImageObject\",\"inLanguage\":\"es\",\"@id\":\"https:\/\/www.smokershop.es\/#\/schema\/logo\/image\/\",\"url\":\"https:\/\/www.smokershop.es\/wp-content\/uploads\/2023\/10\/smokershop-logo.png\",\"contentUrl\":\"https:\/\/www.smokershop.es\/wp-content\/uploads\/2023\/10\/smokershop-logo.png\",\"width\":1711,\"height\":752,\"caption\":\"The Smoker&#039;s Shop\"},\"image\":{\"@id\":\"https:\/\/www.smokershop.es\/#\/schema\/logo\/image\/\"},\"sameAs\":[\"https:\/\/www.instagram.com\/thesmokersshopofficial\"]}]}<\/script>\n<!-- \/ Yoast SEO plugin. -->","yoast_head_json":{"title":"MONKEY CONES KS UNBLEACHED - The Smoker&#039;s Shop","description":"MONKEY CONES KS UNBLEACHED perfecto para aquellos fumadores que valoran la comodidad y el estilo, estuche compacto con tres conos preliados.","robots":{"index":"index","follow":"follow","max-snippet":"max-snippet:-1","max-image-preview":"max-image-preview:large","max-video-preview":"max-video-preview:-1"},"canonical":"https:\/\/www.smokershop.es\/index.php\/producto\/monkey-cones-ks-unbleached\/","og_locale":"es_ES","og_type":"article","og_title":"MONKEY CONES KS UNBLEACHED - The Smoker&#039;s Shop","og_description":"MONKEY CONES KS UNBLEACHED perfecto para aquellos fumadores que valoran la comodidad y el estilo, estuche compacto con tres conos preliados.","og_url":"https:\/\/www.smokershop.es\/index.php\/producto\/monkey-cones-ks-unbleached\/","og_site_name":"The Smoker&#039;s Shop","article_modified_time":"2026-04-10T01:50:57+00:00","og_image":[{"width":1350,"height":1350,"url":"https:\/\/www.smokershop.es\/wp-content\/uploads\/2025\/09\/CONES-X3-UNB.jpg","type":"image\/jpeg"}],"twitter_card":"summary_large_image","twitter_misc":{"Tiempo de lectura":"1 minuto"},"schema":{"@context":"https:\/\/schema.org","@graph":[{"@type":"WebPage","@id":"https:\/\/www.smokershop.es\/index.php\/producto\/monkey-cones-ks-unbleached\/","url":"https:\/\/www.smokershop.es\/index.php\/producto\/monkey-cones-ks-unbleached\/","name":"MONKEY CONES KS UNBLEACHED - The Smoker&#039;s Shop","isPartOf":{"@id":"https:\/\/www.smokershop.es\/#website"},"primaryImageOfPage":{"@id":"https:\/\/www.smokershop.es\/index.php\/producto\/monkey-cones-ks-unbleached\/#primaryimage"},"image":{"@id":"https:\/\/www.smokershop.es\/index.php\/producto\/monkey-cones-ks-unbleached\/#primaryimage"},"thumbnailUrl":"https:\/\/www.smokershop.es\/wp-content\/uploads\/2025\/09\/CONES-X3-UNB.jpg","datePublished":"2025-09-05T19:07:57+00:00","dateModified":"2026-04-10T01:50:57+00:00","description":"MONKEY CONES KS UNBLEACHED perfecto para aquellos fumadores que valoran la comodidad y el estilo, estuche compacto con tres conos preliados.","breadcrumb":{"@id":"https:\/\/www.smokershop.es\/index.php\/producto\/monkey-cones-ks-unbleached\/#breadcrumb"},"inLanguage":"es","potentialAction":[{"@type":"ReadAction","target":["https:\/\/www.smokershop.es\/index.php\/producto\/monkey-cones-ks-unbleached\/"]}]},{"@type":"ImageObject","inLanguage":"es","@id":"https:\/\/www.smokershop.es\/index.php\/producto\/monkey-cones-ks-unbleached\/#primaryimage","url":"https:\/\/www.smokershop.es\/wp-content\/uploads\/2025\/09\/CONES-X3-UNB.jpg","contentUrl":"https:\/\/www.smokershop.es\/wp-content\/uploads\/2025\/09\/CONES-X3-UNB.jpg","width":1350,"height":1350,"caption":"MONKEY CONES KS UNBLEACHED X3"},{"@type":"BreadcrumbList","@id":"https:\/\/www.smokershop.es\/index.php\/producto\/monkey-cones-ks-unbleached\/#breadcrumb","itemListElement":[{"@type":"ListItem","position":1,"name":"Portada","item":"https:\/\/www.smokershop.es\/"},{"@type":"ListItem","position":2,"name":"The Shop","item":"https:\/\/www.smokershop.es\/index.php\/shop\/"},{"@type":"ListItem","position":3,"name":"MONKEY CONES KS UNBLEACHED"}]},{"@type":"WebSite","@id":"https:\/\/www.smokershop.es\/#website","url":"https:\/\/www.smokershop.es\/","name":"The Smoker&#039;s Shop","description":"Todo para los fumadores","publisher":{"@id":"https:\/\/www.smokershop.es\/#organization"},"potentialAction":[{"@type":"SearchAction","target":{"@type":"EntryPoint","urlTemplate":"https:\/\/www.smokershop.es\/?s={search_term_string}"},"query-input":{"@type":"PropertyValueSpecification","valueRequired":true,"valueName":"search_term_string"}}],"inLanguage":"es"},{"@type":"Organization","@id":"https:\/\/www.smokershop.es\/#organization","name":"The Smoker&#039;s Shop","url":"https:\/\/www.smokershop.es\/","logo":{"@type":"ImageObject","inLanguage":"es","@id":"https:\/\/www.smokershop.es\/#\/schema\/logo\/image\/","url":"https:\/\/www.smokershop.es\/wp-content\/uploads\/2023\/10\/smokershop-logo.png","contentUrl":"https:\/\/www.smokershop.es\/wp-content\/uploads\/2023\/10\/smokershop-logo.png","width":1711,"height":752,"caption":"The Smoker&#039;s Shop"},"image":{"@id":"https:\/\/www.smokershop.es\/#\/schema\/logo\/image\/"},"sameAs":["https:\/\/www.instagram.com\/thesmokersshopofficial"]}]}},"_links":{"self":[{"href":"https:\/\/www.smokershop.es\/index.php\/wp-json\/wp\/v2\/product\/3217","targetHints":{"allow":["GET"]}}],"collection":[{"href":"https:\/\/www.smokershop.es\/index.php\/wp-json\/wp\/v2\/product"}],"about":[{"href":"https:\/\/www.smokershop.es\/index.php\/wp-json\/wp\/v2\/types\/product"}],"wp:featuredmedia":[{"embeddable":true,"href":"https:\/\/www.smokershop.es\/index.php\/wp-json\/wp\/v2\/media\/3564"}],"wp:attachment":[{"href":"https:\/\/www.smokershop.es\/index.php\/wp-json\/wp\/v2\/media?parent=3217"}],"wp:term":[{"taxonomy":"product_brand","embeddable":true,"href":"https:\/\/www.smokershop.es\/index.php\/wp-json\/wp\/v2\/product_brand?post=3217"},{"taxonomy":"product_cat","embeddable":true,"href":"https:\/\/www.smokershop.es\/index.php\/wp-json\/wp\/v2\/product_cat?post=3217"},{"taxonomy":"product_tag","embeddable":true,"href":"https:\/\/www.smokershop.es\/index.php\/wp-json\/wp\/v2\/product_tag?post=3217"}],"curies":[{"name":"wp","href":"https:\/\/api.w.org\/{rel}","templated":true}]}}