{"id":3239,"date":"2025-09-08T20:12:06","date_gmt":"2025-09-08T18:12:06","guid":{"rendered":"https:\/\/www.smokershop.es\/?post_type=product&#038;p=3239"},"modified":"2026-04-13T11:52:55","modified_gmt":"2026-04-13T09:52:55","slug":"monkey-cones-xxl-28","status":"publish","type":"product","link":"https:\/\/www.smokershop.es\/index.php\/producto\/monkey-cones-xxl-28\/","title":{"rendered":"MONKEY CONES XXL 28"},"content":{"rendered":"<p data-start=\"242\" data-end=\"258\">MONKEY CONES XXL 28<\/p>\n<p data-start=\"260\" data-end=\"563\">\u00a1Prep\u00e1rate para una experiencia king size!<\/p>\n<p data-start=\"260\" data-end=\"563\">Los Monkey Cones XXL 28 est\u00e1n dise\u00f1ados para quienes no se conforman con poco. Estos conos de 28 cm de tama\u00f1os est\u00e1n elaborados con papel ultra fino y de combusti\u00f3n lenta, garantizando una experiencia suave, uniforme y prolongada. Ideales para quienes valoran la calidad, la practicidad y un dise\u00f1o profesional, estos conos vienen listos para rellenar y disfrutar. Olv\u00eddate de enrollar: solo abre, llena y enciende.<\/p>\n<p data-start=\"1010\" data-end=\"1195\">Perfectos para compartir en grupo o disfrutar en solitario a lo grande. Si buscas una mezcla entre conveniencia, estilo y rendimiento, los conos XXL de Monkey King son tu mejor elecci\u00f3n.<\/p>\n","protected":false},"excerpt":{"rendered":"<ul>\n<li>Cono de papel marr\u00f3n 100% natural, de 28 cm de tama\u00f1o, listo para rellenar y disfrutar.<\/li>\n<\/ul>\n<ul>\n<li><em>FORMATO PRO -&gt; DISPLAY x15<\/em><\/li>\n<li><strong>\u2b07\ufe0f PRECIOS MAYORISTA PARA PROFESIONALES \u2b07\ufe0f<\/strong><\/li>\n<\/ul>\n<p style=\"padding-left: 160px;\"><strong><a href=\"https:\/\/www.smokershop.es\/index.php\/register\/\" target=\"_blank\" rel=\"noopener\">\ud83d\udc49 REGISTRATE AQUI \ud83d\udc48<\/a><\/strong><\/p>\n","protected":false},"featured_media":3240,"template":"","meta":{"_joinchat":[]},"product_brand":[],"product_cat":[45,40],"product_tag":[],"class_list":{"0":"post-3239","1":"product","2":"type-product","3":"status-publish","4":"has-post-thumbnail","6":"product_cat-conos","7":"product_cat-papel-de-fumar","9":"first","10":"outofstock","11":"taxable","12":"shipping-taxable","13":"purchasable","14":"product-type-simple"},"yoast_head":"<!-- This site is optimized with the Yoast SEO plugin v27.4 - https:\/\/yoast.com\/product\/yoast-seo-wordpress\/ -->\n<title>MONKEY CONES XXL 28 - The Smoker&#039;s Shop<\/title>\n<meta name=\"description\" content=\"MONKEY CONES XXL 28 cono de 28 cm de tama\u00f1o de papel marr\u00f3n 100% natural, libre de colorantes y aditivos, perfectos para rellenar y disfrutar a lo grande.\" \/>\n<meta name=\"robots\" content=\"index, follow, max-snippet:-1, max-image-preview:large, max-video-preview:-1\" \/>\n<link rel=\"canonical\" href=\"https:\/\/www.smokershop.es\/index.php\/producto\/monkey-cones-xxl-28\/\" \/>\n<meta property=\"og:locale\" content=\"es_ES\" \/>\n<meta property=\"og:type\" content=\"article\" \/>\n<meta property=\"og:title\" content=\"MONKEY CONES XXL 28 - The Smoker&#039;s Shop\" \/>\n<meta property=\"og:description\" content=\"MONKEY CONES XXL 28 cono de 28 cm de tama\u00f1o de papel marr\u00f3n 100% natural, libre de colorantes y aditivos, perfectos para rellenar y disfrutar a lo grande.\" \/>\n<meta property=\"og:url\" content=\"https:\/\/www.smokershop.es\/index.php\/producto\/monkey-cones-xxl-28\/\" \/>\n<meta property=\"og:site_name\" content=\"The Smoker&#039;s Shop\" \/>\n<meta property=\"article:modified_time\" content=\"2026-04-13T09:52:55+00:00\" \/>\n<meta property=\"og:image\" content=\"https:\/\/www.smokershop.es\/wp-content\/uploads\/2025\/09\/WhatsApp-Image-2025-09-08-at-12.41.06-4.jpeg\" \/>\n\t<meta property=\"og:image:width\" content=\"1350\" \/>\n\t<meta property=\"og:image:height\" content=\"1350\" \/>\n\t<meta property=\"og:image:type\" content=\"image\/jpeg\" \/>\n<meta name=\"twitter:card\" content=\"summary_large_image\" \/>\n<meta name=\"twitter:label1\" content=\"Tiempo de lectura\" \/>\n\t<meta name=\"twitter:data1\" content=\"1 minuto\" \/>\n<script type=\"application\/ld+json\" class=\"yoast-schema-graph\">{\"@context\":\"https:\\\/\\\/schema.org\",\"@graph\":[{\"@type\":\"WebPage\",\"@id\":\"https:\\\/\\\/www.smokershop.es\\\/index.php\\\/producto\\\/monkey-cones-xxl-28\\\/\",\"url\":\"https:\\\/\\\/www.smokershop.es\\\/index.php\\\/producto\\\/monkey-cones-xxl-28\\\/\",\"name\":\"MONKEY CONES XXL 28 - The Smoker&#039;s Shop\",\"isPartOf\":{\"@id\":\"https:\\\/\\\/www.smokershop.es\\\/#website\"},\"primaryImageOfPage\":{\"@id\":\"https:\\\/\\\/www.smokershop.es\\\/index.php\\\/producto\\\/monkey-cones-xxl-28\\\/#primaryimage\"},\"image\":{\"@id\":\"https:\\\/\\\/www.smokershop.es\\\/index.php\\\/producto\\\/monkey-cones-xxl-28\\\/#primaryimage\"},\"thumbnailUrl\":\"https:\\\/\\\/www.smokershop.es\\\/wp-content\\\/uploads\\\/2025\\\/09\\\/WhatsApp-Image-2025-09-08-at-12.41.06-4.jpeg\",\"datePublished\":\"2025-09-08T18:12:06+00:00\",\"dateModified\":\"2026-04-13T09:52:55+00:00\",\"description\":\"MONKEY CONES XXL 28 cono de 28 cm de tama\u00f1o de papel marr\u00f3n 100% natural, libre de colorantes y aditivos, perfectos para rellenar y disfrutar a lo grande.\",\"breadcrumb\":{\"@id\":\"https:\\\/\\\/www.smokershop.es\\\/index.php\\\/producto\\\/monkey-cones-xxl-28\\\/#breadcrumb\"},\"inLanguage\":\"es\",\"potentialAction\":[{\"@type\":\"ReadAction\",\"target\":[\"https:\\\/\\\/www.smokershop.es\\\/index.php\\\/producto\\\/monkey-cones-xxl-28\\\/\"]}]},{\"@type\":\"ImageObject\",\"inLanguage\":\"es\",\"@id\":\"https:\\\/\\\/www.smokershop.es\\\/index.php\\\/producto\\\/monkey-cones-xxl-28\\\/#primaryimage\",\"url\":\"https:\\\/\\\/www.smokershop.es\\\/wp-content\\\/uploads\\\/2025\\\/09\\\/WhatsApp-Image-2025-09-08-at-12.41.06-4.jpeg\",\"contentUrl\":\"https:\\\/\\\/www.smokershop.es\\\/wp-content\\\/uploads\\\/2025\\\/09\\\/WhatsApp-Image-2025-09-08-at-12.41.06-4.jpeg\",\"width\":1350,\"height\":1350,\"caption\":\"MONKEY CONES XXL 28\"},{\"@type\":\"BreadcrumbList\",\"@id\":\"https:\\\/\\\/www.smokershop.es\\\/index.php\\\/producto\\\/monkey-cones-xxl-28\\\/#breadcrumb\",\"itemListElement\":[{\"@type\":\"ListItem\",\"position\":1,\"name\":\"Portada\",\"item\":\"https:\\\/\\\/www.smokershop.es\\\/\"},{\"@type\":\"ListItem\",\"position\":2,\"name\":\"The Shop\",\"item\":\"https:\\\/\\\/www.smokershop.es\\\/index.php\\\/shop\\\/\"},{\"@type\":\"ListItem\",\"position\":3,\"name\":\"MONKEY CONES XXL 28\"}]},{\"@type\":\"WebSite\",\"@id\":\"https:\\\/\\\/www.smokershop.es\\\/#website\",\"url\":\"https:\\\/\\\/www.smokershop.es\\\/\",\"name\":\"The Smoker&#039;s Shop\",\"description\":\"Todo para los fumadores\",\"publisher\":{\"@id\":\"https:\\\/\\\/www.smokershop.es\\\/#organization\"},\"potentialAction\":[{\"@type\":\"SearchAction\",\"target\":{\"@type\":\"EntryPoint\",\"urlTemplate\":\"https:\\\/\\\/www.smokershop.es\\\/?s={search_term_string}\"},\"query-input\":{\"@type\":\"PropertyValueSpecification\",\"valueRequired\":true,\"valueName\":\"search_term_string\"}}],\"inLanguage\":\"es\"},{\"@type\":\"Organization\",\"@id\":\"https:\\\/\\\/www.smokershop.es\\\/#organization\",\"name\":\"The Smoker&#039;s Shop\",\"url\":\"https:\\\/\\\/www.smokershop.es\\\/\",\"logo\":{\"@type\":\"ImageObject\",\"inLanguage\":\"es\",\"@id\":\"https:\\\/\\\/www.smokershop.es\\\/#\\\/schema\\\/logo\\\/image\\\/\",\"url\":\"https:\\\/\\\/www.smokershop.es\\\/wp-content\\\/uploads\\\/2023\\\/10\\\/smokershop-logo.png\",\"contentUrl\":\"https:\\\/\\\/www.smokershop.es\\\/wp-content\\\/uploads\\\/2023\\\/10\\\/smokershop-logo.png\",\"width\":1711,\"height\":752,\"caption\":\"The Smoker&#039;s Shop\"},\"image\":{\"@id\":\"https:\\\/\\\/www.smokershop.es\\\/#\\\/schema\\\/logo\\\/image\\\/\"},\"sameAs\":[\"https:\\\/\\\/www.instagram.com\\\/thesmokersshopofficial\"]}]}<\/script>\n<!-- \/ Yoast SEO plugin. -->","yoast_head_json":{"title":"MONKEY CONES XXL 28 - The Smoker&#039;s Shop","description":"MONKEY CONES XXL 28 cono de 28 cm de tama\u00f1o de papel marr\u00f3n 100% natural, libre de colorantes y aditivos, perfectos para rellenar y disfrutar a lo grande.","robots":{"index":"index","follow":"follow","max-snippet":"max-snippet:-1","max-image-preview":"max-image-preview:large","max-video-preview":"max-video-preview:-1"},"canonical":"https:\/\/www.smokershop.es\/index.php\/producto\/monkey-cones-xxl-28\/","og_locale":"es_ES","og_type":"article","og_title":"MONKEY CONES XXL 28 - The Smoker&#039;s Shop","og_description":"MONKEY CONES XXL 28 cono de 28 cm de tama\u00f1o de papel marr\u00f3n 100% natural, libre de colorantes y aditivos, perfectos para rellenar y disfrutar a lo grande.","og_url":"https:\/\/www.smokershop.es\/index.php\/producto\/monkey-cones-xxl-28\/","og_site_name":"The Smoker&#039;s Shop","article_modified_time":"2026-04-13T09:52:55+00:00","og_image":[{"width":1350,"height":1350,"url":"https:\/\/www.smokershop.es\/wp-content\/uploads\/2025\/09\/WhatsApp-Image-2025-09-08-at-12.41.06-4.jpeg","type":"image\/jpeg"}],"twitter_card":"summary_large_image","twitter_misc":{"Tiempo de lectura":"1 minuto"},"schema":{"@context":"https:\/\/schema.org","@graph":[{"@type":"WebPage","@id":"https:\/\/www.smokershop.es\/index.php\/producto\/monkey-cones-xxl-28\/","url":"https:\/\/www.smokershop.es\/index.php\/producto\/monkey-cones-xxl-28\/","name":"MONKEY CONES XXL 28 - The Smoker&#039;s Shop","isPartOf":{"@id":"https:\/\/www.smokershop.es\/#website"},"primaryImageOfPage":{"@id":"https:\/\/www.smokershop.es\/index.php\/producto\/monkey-cones-xxl-28\/#primaryimage"},"image":{"@id":"https:\/\/www.smokershop.es\/index.php\/producto\/monkey-cones-xxl-28\/#primaryimage"},"thumbnailUrl":"https:\/\/www.smokershop.es\/wp-content\/uploads\/2025\/09\/WhatsApp-Image-2025-09-08-at-12.41.06-4.jpeg","datePublished":"2025-09-08T18:12:06+00:00","dateModified":"2026-04-13T09:52:55+00:00","description":"MONKEY CONES XXL 28 cono de 28 cm de tama\u00f1o de papel marr\u00f3n 100% natural, libre de colorantes y aditivos, perfectos para rellenar y disfrutar a lo grande.","breadcrumb":{"@id":"https:\/\/www.smokershop.es\/index.php\/producto\/monkey-cones-xxl-28\/#breadcrumb"},"inLanguage":"es","potentialAction":[{"@type":"ReadAction","target":["https:\/\/www.smokershop.es\/index.php\/producto\/monkey-cones-xxl-28\/"]}]},{"@type":"ImageObject","inLanguage":"es","@id":"https:\/\/www.smokershop.es\/index.php\/producto\/monkey-cones-xxl-28\/#primaryimage","url":"https:\/\/www.smokershop.es\/wp-content\/uploads\/2025\/09\/WhatsApp-Image-2025-09-08-at-12.41.06-4.jpeg","contentUrl":"https:\/\/www.smokershop.es\/wp-content\/uploads\/2025\/09\/WhatsApp-Image-2025-09-08-at-12.41.06-4.jpeg","width":1350,"height":1350,"caption":"MONKEY CONES XXL 28"},{"@type":"BreadcrumbList","@id":"https:\/\/www.smokershop.es\/index.php\/producto\/monkey-cones-xxl-28\/#breadcrumb","itemListElement":[{"@type":"ListItem","position":1,"name":"Portada","item":"https:\/\/www.smokershop.es\/"},{"@type":"ListItem","position":2,"name":"The Shop","item":"https:\/\/www.smokershop.es\/index.php\/shop\/"},{"@type":"ListItem","position":3,"name":"MONKEY CONES XXL 28"}]},{"@type":"WebSite","@id":"https:\/\/www.smokershop.es\/#website","url":"https:\/\/www.smokershop.es\/","name":"The Smoker&#039;s Shop","description":"Todo para los fumadores","publisher":{"@id":"https:\/\/www.smokershop.es\/#organization"},"potentialAction":[{"@type":"SearchAction","target":{"@type":"EntryPoint","urlTemplate":"https:\/\/www.smokershop.es\/?s={search_term_string}"},"query-input":{"@type":"PropertyValueSpecification","valueRequired":true,"valueName":"search_term_string"}}],"inLanguage":"es"},{"@type":"Organization","@id":"https:\/\/www.smokershop.es\/#organization","name":"The Smoker&#039;s Shop","url":"https:\/\/www.smokershop.es\/","logo":{"@type":"ImageObject","inLanguage":"es","@id":"https:\/\/www.smokershop.es\/#\/schema\/logo\/image\/","url":"https:\/\/www.smokershop.es\/wp-content\/uploads\/2023\/10\/smokershop-logo.png","contentUrl":"https:\/\/www.smokershop.es\/wp-content\/uploads\/2023\/10\/smokershop-logo.png","width":1711,"height":752,"caption":"The Smoker&#039;s Shop"},"image":{"@id":"https:\/\/www.smokershop.es\/#\/schema\/logo\/image\/"},"sameAs":["https:\/\/www.instagram.com\/thesmokersshopofficial"]}]}},"_links":{"self":[{"href":"https:\/\/www.smokershop.es\/index.php\/wp-json\/wp\/v2\/product\/3239","targetHints":{"allow":["GET"]}}],"collection":[{"href":"https:\/\/www.smokershop.es\/index.php\/wp-json\/wp\/v2\/product"}],"about":[{"href":"https:\/\/www.smokershop.es\/index.php\/wp-json\/wp\/v2\/types\/product"}],"wp:featuredmedia":[{"embeddable":true,"href":"https:\/\/www.smokershop.es\/index.php\/wp-json\/wp\/v2\/media\/3240"}],"wp:attachment":[{"href":"https:\/\/www.smokershop.es\/index.php\/wp-json\/wp\/v2\/media?parent=3239"}],"wp:term":[{"taxonomy":"product_brand","embeddable":true,"href":"https:\/\/www.smokershop.es\/index.php\/wp-json\/wp\/v2\/product_brand?post=3239"},{"taxonomy":"product_cat","embeddable":true,"href":"https:\/\/www.smokershop.es\/index.php\/wp-json\/wp\/v2\/product_cat?post=3239"},{"taxonomy":"product_tag","embeddable":true,"href":"https:\/\/www.smokershop.es\/index.php\/wp-json\/wp\/v2\/product_tag?post=3239"}],"curies":[{"name":"wp","href":"https:\/\/api.w.org\/{rel}","templated":true}]}}