{"id":326,"date":"2023-03-09T15:51:19","date_gmt":"2023-03-09T14:51:19","guid":{"rendered":"https:\/\/www.smokershop.es\/?post_type=product&#038;p=326"},"modified":"2024-05-07T11:35:50","modified_gmt":"2024-05-07T09:35:50","slug":"filtros-monkey-cone-xl-32-unbleached","status":"publish","type":"product","link":"https:\/\/www.smokershop.es\/index.php\/producto\/filtros-monkey-cone-xl-32-unbleached\/","title":{"rendered":"FILTROS MONKEY CONE XL 32 UNBLEACHED"},"content":{"rendered":"<div class=\"page\" title=\"Page 8\">\n<div class=\"layoutArea\">\n<div class=\"column\">\n<p>FILTROS MONKEY CONE XL 32 UNBLEACHED<\/p>\n<p>El Filtro monkey cone XL 32, contienen un exclusivo dise\u00f1o y disponen de un corte para que al enrollarlos mantengan una forma de cono. Adem\u00e1s, est\u00e1n pre \u2013 cortados para que no tengas problemas al doblarlos, por lo que es muy f\u00e1cil de usar. Est\u00e1n elaborados con papel blanco.<\/p>\n<h3><\/h3>\n<\/div>\n<\/div>\n<\/div>\n","protected":false},"excerpt":{"rendered":"<div class=\"page\" title=\"Page 8\">\n<ul>\n<li>El tama\u00f1o del cono es XL de 2,5 cm x 7 cm.<\/li>\n<li>Elaborado con papel blanco de 160 gramos.<\/li>\n<li>Cada libro contiene 32 conos.<\/li>\n<li>Poseen dibujos alusivos a la marca Monkey King.<\/li>\n<li>24 unidades por caja.<\/li>\n<\/ul>\n<\/div>\n","protected":false},"featured_media":1063,"template":"","meta":{"_joinchat":[]},"product_brand":[],"product_cat":[43],"product_tag":[],"class_list":{"0":"post-326","1":"product","2":"type-product","3":"status-publish","4":"has-post-thumbnail","6":"product_cat-filtros-tips","8":"first","9":"instock","10":"taxable","11":"shipping-taxable","12":"purchasable","13":"product-type-simple"},"yoast_head":"<!-- This site is optimized with the Yoast SEO plugin v27.4 - https:\/\/yoast.com\/product\/yoast-seo-wordpress\/ -->\n<title>FILTROS MONKEY CONE XL 32 UNBLEACHED - The Smoker&#039;s Shop<\/title>\n<meta name=\"description\" content=\"FILTROS MONKEY CONE XL 32 UNBLEACHED. contienen un exclusivo dise\u00f1o y est\u00e1n pre \u2013 cortados. Est\u00e1n elaborados con papel blanco.\" \/>\n<meta name=\"robots\" content=\"index, follow, max-snippet:-1, max-image-preview:large, max-video-preview:-1\" \/>\n<link rel=\"canonical\" href=\"https:\/\/www.smokershop.es\/index.php\/producto\/filtros-monkey-cone-xl-32-unbleached\/\" \/>\n<meta property=\"og:locale\" content=\"es_ES\" \/>\n<meta property=\"og:type\" content=\"article\" \/>\n<meta property=\"og:title\" content=\"FILTROS MONKEY CONE XL 32 UNBLEACHED - The Smoker&#039;s Shop\" \/>\n<meta property=\"og:description\" content=\"FILTROS MONKEY CONE XL 32 UNBLEACHED. contienen un exclusivo dise\u00f1o y est\u00e1n pre \u2013 cortados. Est\u00e1n elaborados con papel blanco.\" \/>\n<meta property=\"og:url\" content=\"https:\/\/www.smokershop.es\/index.php\/producto\/filtros-monkey-cone-xl-32-unbleached\/\" \/>\n<meta property=\"og:site_name\" content=\"The Smoker&#039;s Shop\" \/>\n<meta property=\"article:modified_time\" content=\"2024-05-07T09:35:50+00:00\" \/>\n<meta property=\"og:image\" content=\"https:\/\/www.smokershop.es\/wp-content\/uploads\/2023\/03\/filtros-monkey-cone.jpg\" \/>\n\t<meta property=\"og:image:width\" content=\"1000\" \/>\n\t<meta property=\"og:image:height\" content=\"1000\" \/>\n\t<meta property=\"og:image:type\" content=\"image\/jpeg\" \/>\n<meta name=\"twitter:card\" content=\"summary_large_image\" \/>\n<meta name=\"twitter:label1\" content=\"Tiempo de lectura\" \/>\n\t<meta name=\"twitter:data1\" content=\"1 minuto\" \/>\n<script type=\"application\/ld+json\" class=\"yoast-schema-graph\">{\"@context\":\"https:\\\/\\\/schema.org\",\"@graph\":[{\"@type\":\"WebPage\",\"@id\":\"https:\\\/\\\/www.smokershop.es\\\/index.php\\\/producto\\\/filtros-monkey-cone-xl-32-unbleached\\\/\",\"url\":\"https:\\\/\\\/www.smokershop.es\\\/index.php\\\/producto\\\/filtros-monkey-cone-xl-32-unbleached\\\/\",\"name\":\"FILTROS MONKEY CONE XL 32 UNBLEACHED - The Smoker&#039;s Shop\",\"isPartOf\":{\"@id\":\"https:\\\/\\\/www.smokershop.es\\\/#website\"},\"primaryImageOfPage\":{\"@id\":\"https:\\\/\\\/www.smokershop.es\\\/index.php\\\/producto\\\/filtros-monkey-cone-xl-32-unbleached\\\/#primaryimage\"},\"image\":{\"@id\":\"https:\\\/\\\/www.smokershop.es\\\/index.php\\\/producto\\\/filtros-monkey-cone-xl-32-unbleached\\\/#primaryimage\"},\"thumbnailUrl\":\"https:\\\/\\\/www.smokershop.es\\\/wp-content\\\/uploads\\\/2023\\\/03\\\/filtros-monkey-cone.jpg\",\"datePublished\":\"2023-03-09T14:51:19+00:00\",\"dateModified\":\"2024-05-07T09:35:50+00:00\",\"description\":\"FILTROS MONKEY CONE XL 32 UNBLEACHED. contienen un exclusivo dise\u00f1o y est\u00e1n pre \u2013 cortados. Est\u00e1n elaborados con papel blanco.\",\"breadcrumb\":{\"@id\":\"https:\\\/\\\/www.smokershop.es\\\/index.php\\\/producto\\\/filtros-monkey-cone-xl-32-unbleached\\\/#breadcrumb\"},\"inLanguage\":\"es\",\"potentialAction\":[{\"@type\":\"ReadAction\",\"target\":[\"https:\\\/\\\/www.smokershop.es\\\/index.php\\\/producto\\\/filtros-monkey-cone-xl-32-unbleached\\\/\"]}]},{\"@type\":\"ImageObject\",\"inLanguage\":\"es\",\"@id\":\"https:\\\/\\\/www.smokershop.es\\\/index.php\\\/producto\\\/filtros-monkey-cone-xl-32-unbleached\\\/#primaryimage\",\"url\":\"https:\\\/\\\/www.smokershop.es\\\/wp-content\\\/uploads\\\/2023\\\/03\\\/filtros-monkey-cone.jpg\",\"contentUrl\":\"https:\\\/\\\/www.smokershop.es\\\/wp-content\\\/uploads\\\/2023\\\/03\\\/filtros-monkey-cone.jpg\",\"width\":1000,\"height\":1000},{\"@type\":\"BreadcrumbList\",\"@id\":\"https:\\\/\\\/www.smokershop.es\\\/index.php\\\/producto\\\/filtros-monkey-cone-xl-32-unbleached\\\/#breadcrumb\",\"itemListElement\":[{\"@type\":\"ListItem\",\"position\":1,\"name\":\"Portada\",\"item\":\"https:\\\/\\\/www.smokershop.es\\\/\"},{\"@type\":\"ListItem\",\"position\":2,\"name\":\"The Shop\",\"item\":\"https:\\\/\\\/www.smokershop.es\\\/index.php\\\/shop\\\/\"},{\"@type\":\"ListItem\",\"position\":3,\"name\":\"FILTROS MONKEY CONE XL 32 UNBLEACHED\"}]},{\"@type\":\"WebSite\",\"@id\":\"https:\\\/\\\/www.smokershop.es\\\/#website\",\"url\":\"https:\\\/\\\/www.smokershop.es\\\/\",\"name\":\"The Smoker&#039;s Shop\",\"description\":\"Todo para los fumadores\",\"publisher\":{\"@id\":\"https:\\\/\\\/www.smokershop.es\\\/#organization\"},\"potentialAction\":[{\"@type\":\"SearchAction\",\"target\":{\"@type\":\"EntryPoint\",\"urlTemplate\":\"https:\\\/\\\/www.smokershop.es\\\/?s={search_term_string}\"},\"query-input\":{\"@type\":\"PropertyValueSpecification\",\"valueRequired\":true,\"valueName\":\"search_term_string\"}}],\"inLanguage\":\"es\"},{\"@type\":\"Organization\",\"@id\":\"https:\\\/\\\/www.smokershop.es\\\/#organization\",\"name\":\"The Smoker&#039;s Shop\",\"url\":\"https:\\\/\\\/www.smokershop.es\\\/\",\"logo\":{\"@type\":\"ImageObject\",\"inLanguage\":\"es\",\"@id\":\"https:\\\/\\\/www.smokershop.es\\\/#\\\/schema\\\/logo\\\/image\\\/\",\"url\":\"https:\\\/\\\/www.smokershop.es\\\/wp-content\\\/uploads\\\/2023\\\/10\\\/smokershop-logo.png\",\"contentUrl\":\"https:\\\/\\\/www.smokershop.es\\\/wp-content\\\/uploads\\\/2023\\\/10\\\/smokershop-logo.png\",\"width\":1711,\"height\":752,\"caption\":\"The Smoker&#039;s Shop\"},\"image\":{\"@id\":\"https:\\\/\\\/www.smokershop.es\\\/#\\\/schema\\\/logo\\\/image\\\/\"},\"sameAs\":[\"https:\\\/\\\/www.instagram.com\\\/thesmokersshopofficial\"]}]}<\/script>\n<!-- \/ Yoast SEO plugin. -->","yoast_head_json":{"title":"FILTROS MONKEY CONE XL 32 UNBLEACHED - The Smoker&#039;s Shop","description":"FILTROS MONKEY CONE XL 32 UNBLEACHED. contienen un exclusivo dise\u00f1o y est\u00e1n pre \u2013 cortados. Est\u00e1n elaborados con papel blanco.","robots":{"index":"index","follow":"follow","max-snippet":"max-snippet:-1","max-image-preview":"max-image-preview:large","max-video-preview":"max-video-preview:-1"},"canonical":"https:\/\/www.smokershop.es\/index.php\/producto\/filtros-monkey-cone-xl-32-unbleached\/","og_locale":"es_ES","og_type":"article","og_title":"FILTROS MONKEY CONE XL 32 UNBLEACHED - The Smoker&#039;s Shop","og_description":"FILTROS MONKEY CONE XL 32 UNBLEACHED. contienen un exclusivo dise\u00f1o y est\u00e1n pre \u2013 cortados. Est\u00e1n elaborados con papel blanco.","og_url":"https:\/\/www.smokershop.es\/index.php\/producto\/filtros-monkey-cone-xl-32-unbleached\/","og_site_name":"The Smoker&#039;s Shop","article_modified_time":"2024-05-07T09:35:50+00:00","og_image":[{"width":1000,"height":1000,"url":"https:\/\/www.smokershop.es\/wp-content\/uploads\/2023\/03\/filtros-monkey-cone.jpg","type":"image\/jpeg"}],"twitter_card":"summary_large_image","twitter_misc":{"Tiempo de lectura":"1 minuto"},"schema":{"@context":"https:\/\/schema.org","@graph":[{"@type":"WebPage","@id":"https:\/\/www.smokershop.es\/index.php\/producto\/filtros-monkey-cone-xl-32-unbleached\/","url":"https:\/\/www.smokershop.es\/index.php\/producto\/filtros-monkey-cone-xl-32-unbleached\/","name":"FILTROS MONKEY CONE XL 32 UNBLEACHED - The Smoker&#039;s Shop","isPartOf":{"@id":"https:\/\/www.smokershop.es\/#website"},"primaryImageOfPage":{"@id":"https:\/\/www.smokershop.es\/index.php\/producto\/filtros-monkey-cone-xl-32-unbleached\/#primaryimage"},"image":{"@id":"https:\/\/www.smokershop.es\/index.php\/producto\/filtros-monkey-cone-xl-32-unbleached\/#primaryimage"},"thumbnailUrl":"https:\/\/www.smokershop.es\/wp-content\/uploads\/2023\/03\/filtros-monkey-cone.jpg","datePublished":"2023-03-09T14:51:19+00:00","dateModified":"2024-05-07T09:35:50+00:00","description":"FILTROS MONKEY CONE XL 32 UNBLEACHED. contienen un exclusivo dise\u00f1o y est\u00e1n pre \u2013 cortados. Est\u00e1n elaborados con papel blanco.","breadcrumb":{"@id":"https:\/\/www.smokershop.es\/index.php\/producto\/filtros-monkey-cone-xl-32-unbleached\/#breadcrumb"},"inLanguage":"es","potentialAction":[{"@type":"ReadAction","target":["https:\/\/www.smokershop.es\/index.php\/producto\/filtros-monkey-cone-xl-32-unbleached\/"]}]},{"@type":"ImageObject","inLanguage":"es","@id":"https:\/\/www.smokershop.es\/index.php\/producto\/filtros-monkey-cone-xl-32-unbleached\/#primaryimage","url":"https:\/\/www.smokershop.es\/wp-content\/uploads\/2023\/03\/filtros-monkey-cone.jpg","contentUrl":"https:\/\/www.smokershop.es\/wp-content\/uploads\/2023\/03\/filtros-monkey-cone.jpg","width":1000,"height":1000},{"@type":"BreadcrumbList","@id":"https:\/\/www.smokershop.es\/index.php\/producto\/filtros-monkey-cone-xl-32-unbleached\/#breadcrumb","itemListElement":[{"@type":"ListItem","position":1,"name":"Portada","item":"https:\/\/www.smokershop.es\/"},{"@type":"ListItem","position":2,"name":"The Shop","item":"https:\/\/www.smokershop.es\/index.php\/shop\/"},{"@type":"ListItem","position":3,"name":"FILTROS MONKEY CONE XL 32 UNBLEACHED"}]},{"@type":"WebSite","@id":"https:\/\/www.smokershop.es\/#website","url":"https:\/\/www.smokershop.es\/","name":"The Smoker&#039;s Shop","description":"Todo para los fumadores","publisher":{"@id":"https:\/\/www.smokershop.es\/#organization"},"potentialAction":[{"@type":"SearchAction","target":{"@type":"EntryPoint","urlTemplate":"https:\/\/www.smokershop.es\/?s={search_term_string}"},"query-input":{"@type":"PropertyValueSpecification","valueRequired":true,"valueName":"search_term_string"}}],"inLanguage":"es"},{"@type":"Organization","@id":"https:\/\/www.smokershop.es\/#organization","name":"The Smoker&#039;s Shop","url":"https:\/\/www.smokershop.es\/","logo":{"@type":"ImageObject","inLanguage":"es","@id":"https:\/\/www.smokershop.es\/#\/schema\/logo\/image\/","url":"https:\/\/www.smokershop.es\/wp-content\/uploads\/2023\/10\/smokershop-logo.png","contentUrl":"https:\/\/www.smokershop.es\/wp-content\/uploads\/2023\/10\/smokershop-logo.png","width":1711,"height":752,"caption":"The Smoker&#039;s Shop"},"image":{"@id":"https:\/\/www.smokershop.es\/#\/schema\/logo\/image\/"},"sameAs":["https:\/\/www.instagram.com\/thesmokersshopofficial"]}]}},"_links":{"self":[{"href":"https:\/\/www.smokershop.es\/index.php\/wp-json\/wp\/v2\/product\/326","targetHints":{"allow":["GET"]}}],"collection":[{"href":"https:\/\/www.smokershop.es\/index.php\/wp-json\/wp\/v2\/product"}],"about":[{"href":"https:\/\/www.smokershop.es\/index.php\/wp-json\/wp\/v2\/types\/product"}],"wp:featuredmedia":[{"embeddable":true,"href":"https:\/\/www.smokershop.es\/index.php\/wp-json\/wp\/v2\/media\/1063"}],"wp:attachment":[{"href":"https:\/\/www.smokershop.es\/index.php\/wp-json\/wp\/v2\/media?parent=326"}],"wp:term":[{"taxonomy":"product_brand","embeddable":true,"href":"https:\/\/www.smokershop.es\/index.php\/wp-json\/wp\/v2\/product_brand?post=326"},{"taxonomy":"product_cat","embeddable":true,"href":"https:\/\/www.smokershop.es\/index.php\/wp-json\/wp\/v2\/product_cat?post=326"},{"taxonomy":"product_tag","embeddable":true,"href":"https:\/\/www.smokershop.es\/index.php\/wp-json\/wp\/v2\/product_tag?post=326"}],"curies":[{"name":"wp","href":"https:\/\/api.w.org\/{rel}","templated":true}]}}