{"id":3435,"date":"2025-10-29T14:18:31","date_gmt":"2025-10-29T13:18:31","guid":{"rendered":"https:\/\/www.smokershop.es\/?post_type=product&#038;p=3435"},"modified":"2026-04-10T02:44:14","modified_gmt":"2026-04-10T00:44:14","slug":"monkey-transparent-cellulose-ks","status":"publish","type":"product","link":"https:\/\/www.smokershop.es\/index.php\/producto\/monkey-transparent-cellulose-ks\/","title":{"rendered":"MONKEY TRANSPARENT CELLULOSE KS"},"content":{"rendered":"<p>MONKEY TRANSPARENT CELLULOSE KS<\/p>\n<p data-start=\"236\" data-end=\"537\">Experimenta la nueva generaci\u00f3n de papeles con Monkey Transparent Cellulose KS, una opci\u00f3n moderna, limpia y visualmente \u00fanica. Fabricados con celulosa 100% natural y biodegradable, estos papeles ofrecen una combusti\u00f3n lenta y uniforme, permiti\u00e9ndote disfrutar al m\u00e1ximo el sabor real de tu mezcla.<\/p>\n<p data-start=\"539\" data-end=\"575\">Sin blanqueadores, sin aditivos y completamente transparente. Combusti\u00f3n lenta y uniforme\u00a0 que mantiene la calidad y el sabor de tu experiencia. Totalmente transparente lo que te permite observa el contenido mientras fumas, puro estilo y originalidad. Resistentes y flexibles ya que no se rompen f\u00e1cilmente al liar, ofreciendo una manipulaci\u00f3n sencilla. Adem\u00e1s de ser un producto biodegradable y respetuoso con el medio ambiente.<\/p>\n<p data-start=\"1052\" data-end=\"1225\">Perfectos para fumadores que buscan una experiencia pura, est\u00e9tica y diferente, los\u00a0 Transparent Cellulose KS combinan innovaci\u00f3n y sostenibilidad en un solo papel.<\/p>\n<p data-start=\"1227\" data-end=\"1264\">\n","protected":false},"excerpt":{"rendered":"<ul>\n<li>Librillo de papel King size, 108 mm X 44 mm, con 40 hojas totalmente transparente, 100% celulosa.<\/li>\n<li>De combusti\u00f3n lenta, uniforme y de gran calidad.<\/li>\n<li>Cierre imantado \ud83e\uddf2<\/li>\n<\/ul>\n<p>&nbsp;<\/p>\n<ul>\n<li><em>FORMATO PRO -&gt; DISPLAY x24<\/em><\/li>\n<li><strong>\u2b07\ufe0f PRECIOS MAYORISTA PARA PROFESIONALES \u2b07\ufe0f<\/strong><\/li>\n<\/ul>\n<p style=\"padding-left: 160px;\"><strong><a href=\"https:\/\/www.smokershop.es\/index.php\/register\/\" target=\"_blank\" rel=\"noopener\">\ud83d\udc49 REGISTRATE AQUI \ud83d\udc48<\/a><\/strong><\/p>\n","protected":false},"featured_media":3518,"template":"","meta":{"_joinchat":[]},"product_brand":[],"product_cat":[74,40,42],"product_tag":[],"class_list":{"0":"post-3435","1":"product","2":"type-product","3":"status-publish","4":"has-post-thumbnail","6":"product_cat-king-size","7":"product_cat-papel-de-fumar","8":"product_cat-papel-king-size","10":"first","11":"instock","12":"taxable","13":"shipping-taxable","14":"purchasable","15":"product-type-simple"},"yoast_head":"<!-- This site is optimized with the Yoast SEO plugin v27.4 - https:\/\/yoast.com\/product\/yoast-seo-wordpress\/ -->\n<title>MONKEY TRANSPARENT CELLULOSE KS - The Smoker&#039;s Shop<\/title>\n<meta name=\"description\" content=\"MONKEY TRANSPARENT CELLULOSE KS librillo de papel king size totalmente transparente fabricado en celulosa 100% natural, de combusti\u00f3n lenta y uniforme.\" \/>\n<meta name=\"robots\" content=\"index, follow, max-snippet:-1, max-image-preview:large, max-video-preview:-1\" \/>\n<link rel=\"canonical\" href=\"https:\/\/www.smokershop.es\/index.php\/producto\/monkey-transparent-cellulose-ks\/\" \/>\n<meta property=\"og:locale\" content=\"es_ES\" \/>\n<meta property=\"og:type\" content=\"article\" \/>\n<meta property=\"og:title\" content=\"MONKEY TRANSPARENT CELLULOSE KS - The Smoker&#039;s Shop\" \/>\n<meta property=\"og:description\" content=\"MONKEY TRANSPARENT CELLULOSE KS librillo de papel king size totalmente transparente fabricado en celulosa 100% natural, de combusti\u00f3n lenta y uniforme.\" \/>\n<meta property=\"og:url\" content=\"https:\/\/www.smokershop.es\/index.php\/producto\/monkey-transparent-cellulose-ks\/\" \/>\n<meta property=\"og:site_name\" content=\"The Smoker&#039;s Shop\" \/>\n<meta property=\"article:modified_time\" content=\"2026-04-10T00:44:14+00:00\" \/>\n<meta property=\"og:image\" content=\"https:\/\/www.smokershop.es\/wp-content\/uploads\/2025\/10\/TRANSPARENT.jpg\" \/>\n\t<meta property=\"og:image:width\" content=\"1350\" \/>\n\t<meta property=\"og:image:height\" content=\"1350\" \/>\n\t<meta property=\"og:image:type\" content=\"image\/jpeg\" \/>\n<meta name=\"twitter:card\" content=\"summary_large_image\" \/>\n<meta name=\"twitter:label1\" content=\"Tiempo de lectura\" \/>\n\t<meta name=\"twitter:data1\" content=\"1 minuto\" \/>\n<script type=\"application\/ld+json\" class=\"yoast-schema-graph\">{\"@context\":\"https:\\\/\\\/schema.org\",\"@graph\":[{\"@type\":\"WebPage\",\"@id\":\"https:\\\/\\\/www.smokershop.es\\\/index.php\\\/producto\\\/monkey-transparent-cellulose-ks\\\/\",\"url\":\"https:\\\/\\\/www.smokershop.es\\\/index.php\\\/producto\\\/monkey-transparent-cellulose-ks\\\/\",\"name\":\"MONKEY TRANSPARENT CELLULOSE KS - The Smoker&#039;s Shop\",\"isPartOf\":{\"@id\":\"https:\\\/\\\/www.smokershop.es\\\/#website\"},\"primaryImageOfPage\":{\"@id\":\"https:\\\/\\\/www.smokershop.es\\\/index.php\\\/producto\\\/monkey-transparent-cellulose-ks\\\/#primaryimage\"},\"image\":{\"@id\":\"https:\\\/\\\/www.smokershop.es\\\/index.php\\\/producto\\\/monkey-transparent-cellulose-ks\\\/#primaryimage\"},\"thumbnailUrl\":\"https:\\\/\\\/www.smokershop.es\\\/wp-content\\\/uploads\\\/2025\\\/10\\\/TRANSPARENT.jpg\",\"datePublished\":\"2025-10-29T13:18:31+00:00\",\"dateModified\":\"2026-04-10T00:44:14+00:00\",\"description\":\"MONKEY TRANSPARENT CELLULOSE KS librillo de papel king size totalmente transparente fabricado en celulosa 100% natural, de combusti\u00f3n lenta y uniforme.\",\"breadcrumb\":{\"@id\":\"https:\\\/\\\/www.smokershop.es\\\/index.php\\\/producto\\\/monkey-transparent-cellulose-ks\\\/#breadcrumb\"},\"inLanguage\":\"es\",\"potentialAction\":[{\"@type\":\"ReadAction\",\"target\":[\"https:\\\/\\\/www.smokershop.es\\\/index.php\\\/producto\\\/monkey-transparent-cellulose-ks\\\/\"]}]},{\"@type\":\"ImageObject\",\"inLanguage\":\"es\",\"@id\":\"https:\\\/\\\/www.smokershop.es\\\/index.php\\\/producto\\\/monkey-transparent-cellulose-ks\\\/#primaryimage\",\"url\":\"https:\\\/\\\/www.smokershop.es\\\/wp-content\\\/uploads\\\/2025\\\/10\\\/TRANSPARENT.jpg\",\"contentUrl\":\"https:\\\/\\\/www.smokershop.es\\\/wp-content\\\/uploads\\\/2025\\\/10\\\/TRANSPARENT.jpg\",\"width\":1350,\"height\":1350,\"caption\":\"MONKEY TRANSPARENT CELLULOSE KS\"},{\"@type\":\"BreadcrumbList\",\"@id\":\"https:\\\/\\\/www.smokershop.es\\\/index.php\\\/producto\\\/monkey-transparent-cellulose-ks\\\/#breadcrumb\",\"itemListElement\":[{\"@type\":\"ListItem\",\"position\":1,\"name\":\"Portada\",\"item\":\"https:\\\/\\\/www.smokershop.es\\\/\"},{\"@type\":\"ListItem\",\"position\":2,\"name\":\"The Shop\",\"item\":\"https:\\\/\\\/www.smokershop.es\\\/index.php\\\/shop\\\/\"},{\"@type\":\"ListItem\",\"position\":3,\"name\":\"MONKEY TRANSPARENT CELLULOSE KS\"}]},{\"@type\":\"WebSite\",\"@id\":\"https:\\\/\\\/www.smokershop.es\\\/#website\",\"url\":\"https:\\\/\\\/www.smokershop.es\\\/\",\"name\":\"The Smoker&#039;s Shop\",\"description\":\"Todo para los fumadores\",\"publisher\":{\"@id\":\"https:\\\/\\\/www.smokershop.es\\\/#organization\"},\"potentialAction\":[{\"@type\":\"SearchAction\",\"target\":{\"@type\":\"EntryPoint\",\"urlTemplate\":\"https:\\\/\\\/www.smokershop.es\\\/?s={search_term_string}\"},\"query-input\":{\"@type\":\"PropertyValueSpecification\",\"valueRequired\":true,\"valueName\":\"search_term_string\"}}],\"inLanguage\":\"es\"},{\"@type\":\"Organization\",\"@id\":\"https:\\\/\\\/www.smokershop.es\\\/#organization\",\"name\":\"The Smoker&#039;s Shop\",\"url\":\"https:\\\/\\\/www.smokershop.es\\\/\",\"logo\":{\"@type\":\"ImageObject\",\"inLanguage\":\"es\",\"@id\":\"https:\\\/\\\/www.smokershop.es\\\/#\\\/schema\\\/logo\\\/image\\\/\",\"url\":\"https:\\\/\\\/www.smokershop.es\\\/wp-content\\\/uploads\\\/2023\\\/10\\\/smokershop-logo.png\",\"contentUrl\":\"https:\\\/\\\/www.smokershop.es\\\/wp-content\\\/uploads\\\/2023\\\/10\\\/smokershop-logo.png\",\"width\":1711,\"height\":752,\"caption\":\"The Smoker&#039;s Shop\"},\"image\":{\"@id\":\"https:\\\/\\\/www.smokershop.es\\\/#\\\/schema\\\/logo\\\/image\\\/\"},\"sameAs\":[\"https:\\\/\\\/www.instagram.com\\\/thesmokersshopofficial\"]}]}<\/script>\n<!-- \/ Yoast SEO plugin. -->","yoast_head_json":{"title":"MONKEY TRANSPARENT CELLULOSE KS - The Smoker&#039;s Shop","description":"MONKEY TRANSPARENT CELLULOSE KS librillo de papel king size totalmente transparente fabricado en celulosa 100% natural, de combusti\u00f3n lenta y uniforme.","robots":{"index":"index","follow":"follow","max-snippet":"max-snippet:-1","max-image-preview":"max-image-preview:large","max-video-preview":"max-video-preview:-1"},"canonical":"https:\/\/www.smokershop.es\/index.php\/producto\/monkey-transparent-cellulose-ks\/","og_locale":"es_ES","og_type":"article","og_title":"MONKEY TRANSPARENT CELLULOSE KS - The Smoker&#039;s Shop","og_description":"MONKEY TRANSPARENT CELLULOSE KS librillo de papel king size totalmente transparente fabricado en celulosa 100% natural, de combusti\u00f3n lenta y uniforme.","og_url":"https:\/\/www.smokershop.es\/index.php\/producto\/monkey-transparent-cellulose-ks\/","og_site_name":"The Smoker&#039;s Shop","article_modified_time":"2026-04-10T00:44:14+00:00","og_image":[{"width":1350,"height":1350,"url":"https:\/\/www.smokershop.es\/wp-content\/uploads\/2025\/10\/TRANSPARENT.jpg","type":"image\/jpeg"}],"twitter_card":"summary_large_image","twitter_misc":{"Tiempo de lectura":"1 minuto"},"schema":{"@context":"https:\/\/schema.org","@graph":[{"@type":"WebPage","@id":"https:\/\/www.smokershop.es\/index.php\/producto\/monkey-transparent-cellulose-ks\/","url":"https:\/\/www.smokershop.es\/index.php\/producto\/monkey-transparent-cellulose-ks\/","name":"MONKEY TRANSPARENT CELLULOSE KS - The Smoker&#039;s Shop","isPartOf":{"@id":"https:\/\/www.smokershop.es\/#website"},"primaryImageOfPage":{"@id":"https:\/\/www.smokershop.es\/index.php\/producto\/monkey-transparent-cellulose-ks\/#primaryimage"},"image":{"@id":"https:\/\/www.smokershop.es\/index.php\/producto\/monkey-transparent-cellulose-ks\/#primaryimage"},"thumbnailUrl":"https:\/\/www.smokershop.es\/wp-content\/uploads\/2025\/10\/TRANSPARENT.jpg","datePublished":"2025-10-29T13:18:31+00:00","dateModified":"2026-04-10T00:44:14+00:00","description":"MONKEY TRANSPARENT CELLULOSE KS librillo de papel king size totalmente transparente fabricado en celulosa 100% natural, de combusti\u00f3n lenta y uniforme.","breadcrumb":{"@id":"https:\/\/www.smokershop.es\/index.php\/producto\/monkey-transparent-cellulose-ks\/#breadcrumb"},"inLanguage":"es","potentialAction":[{"@type":"ReadAction","target":["https:\/\/www.smokershop.es\/index.php\/producto\/monkey-transparent-cellulose-ks\/"]}]},{"@type":"ImageObject","inLanguage":"es","@id":"https:\/\/www.smokershop.es\/index.php\/producto\/monkey-transparent-cellulose-ks\/#primaryimage","url":"https:\/\/www.smokershop.es\/wp-content\/uploads\/2025\/10\/TRANSPARENT.jpg","contentUrl":"https:\/\/www.smokershop.es\/wp-content\/uploads\/2025\/10\/TRANSPARENT.jpg","width":1350,"height":1350,"caption":"MONKEY TRANSPARENT CELLULOSE KS"},{"@type":"BreadcrumbList","@id":"https:\/\/www.smokershop.es\/index.php\/producto\/monkey-transparent-cellulose-ks\/#breadcrumb","itemListElement":[{"@type":"ListItem","position":1,"name":"Portada","item":"https:\/\/www.smokershop.es\/"},{"@type":"ListItem","position":2,"name":"The Shop","item":"https:\/\/www.smokershop.es\/index.php\/shop\/"},{"@type":"ListItem","position":3,"name":"MONKEY TRANSPARENT CELLULOSE KS"}]},{"@type":"WebSite","@id":"https:\/\/www.smokershop.es\/#website","url":"https:\/\/www.smokershop.es\/","name":"The Smoker&#039;s Shop","description":"Todo para los fumadores","publisher":{"@id":"https:\/\/www.smokershop.es\/#organization"},"potentialAction":[{"@type":"SearchAction","target":{"@type":"EntryPoint","urlTemplate":"https:\/\/www.smokershop.es\/?s={search_term_string}"},"query-input":{"@type":"PropertyValueSpecification","valueRequired":true,"valueName":"search_term_string"}}],"inLanguage":"es"},{"@type":"Organization","@id":"https:\/\/www.smokershop.es\/#organization","name":"The Smoker&#039;s Shop","url":"https:\/\/www.smokershop.es\/","logo":{"@type":"ImageObject","inLanguage":"es","@id":"https:\/\/www.smokershop.es\/#\/schema\/logo\/image\/","url":"https:\/\/www.smokershop.es\/wp-content\/uploads\/2023\/10\/smokershop-logo.png","contentUrl":"https:\/\/www.smokershop.es\/wp-content\/uploads\/2023\/10\/smokershop-logo.png","width":1711,"height":752,"caption":"The Smoker&#039;s Shop"},"image":{"@id":"https:\/\/www.smokershop.es\/#\/schema\/logo\/image\/"},"sameAs":["https:\/\/www.instagram.com\/thesmokersshopofficial"]}]}},"_links":{"self":[{"href":"https:\/\/www.smokershop.es\/index.php\/wp-json\/wp\/v2\/product\/3435","targetHints":{"allow":["GET"]}}],"collection":[{"href":"https:\/\/www.smokershop.es\/index.php\/wp-json\/wp\/v2\/product"}],"about":[{"href":"https:\/\/www.smokershop.es\/index.php\/wp-json\/wp\/v2\/types\/product"}],"wp:featuredmedia":[{"embeddable":true,"href":"https:\/\/www.smokershop.es\/index.php\/wp-json\/wp\/v2\/media\/3518"}],"wp:attachment":[{"href":"https:\/\/www.smokershop.es\/index.php\/wp-json\/wp\/v2\/media?parent=3435"}],"wp:term":[{"taxonomy":"product_brand","embeddable":true,"href":"https:\/\/www.smokershop.es\/index.php\/wp-json\/wp\/v2\/product_brand?post=3435"},{"taxonomy":"product_cat","embeddable":true,"href":"https:\/\/www.smokershop.es\/index.php\/wp-json\/wp\/v2\/product_cat?post=3435"},{"taxonomy":"product_tag","embeddable":true,"href":"https:\/\/www.smokershop.es\/index.php\/wp-json\/wp\/v2\/product_tag?post=3435"}],"curies":[{"name":"wp","href":"https:\/\/api.w.org\/{rel}","templated":true}]}}