{"id":353,"date":"2023-03-09T16:05:44","date_gmt":"2023-03-09T15:05:44","guid":{"rendered":"https:\/\/www.smokershop.es\/?post_type=product&#038;p=353"},"modified":"2025-09-08T22:58:19","modified_gmt":"2025-09-08T20:58:19","slug":"papel-1-1-4-block-300-hojas-raw","status":"publish","type":"product","link":"https:\/\/www.smokershop.es\/index.php\/producto\/papel-1-1-4-block-300-hojas-raw\/","title":{"rendered":"PAPEL 1 1\/4 BLOCK 300 HOJAS RAW"},"content":{"rendered":"<p id=\"title\" class=\"a-size-large a-spacing-none\"><span id=\"productTitle\" class=\"a-size-large product-title-word-break\">PAPEL 1 1\/4 BLOCK 300 HOJAS RAW <\/span><\/p>\n<p>Los papeles de liar Raw\u00a0 Classic 300 \u00bc est\u00e1n fabricados a partir de c\u00e1\u00f1amo puro, sin ning\u00fan tipo de aditivo, cloro o blanqueantes.<\/p>\n<p>Vienen en una cajita cerrada con una bandeja deslizable interna para resguardarlos cuando no se utilizan.<\/p>\n<p>Tienen unas medidas de 76mm de longitud y 44mm de ancho, que es una de las medidas m\u00e1s utilizadas en el mercado del papel de fumar.<\/p>\n<p>Disfruta a\u00fan mas sabiendo que comprando los papeles Raw 300 1\u00bc Classic est\u00e1s gastando menos dinero.<\/p>\n<p>Cada papel cuenta con una marca de agua para asegurar su autenticidad.<\/p>\n<p>Vendemos solo papel original RAW. No aceptes imitaciones.<\/p>\n","protected":false},"excerpt":{"rendered":"<div class=\"page\" title=\"Page 10\">\n<div class=\"layoutArea\">\n<div class=\"column\">\n<ul>\n<li>100% libre de cloro y blanqueados<\/li>\n<li>Cada papel individual tiene una marca de agua en forma de cruz que ayuda a prevenir la combusti\u00f3n r\u00e1pida y crea un papel m\u00e1s duradero<\/li>\n<li>Medidas: 76 mm X 44 mm<\/li>\n<li>300 hojas por librillo<\/li>\n<li>40 unidades por caja<\/li>\n<\/ul>\n<ul>\n<li style=\"list-style-type: none;\"><\/li>\n<\/ul>\n<div class=\"page\" title=\"Page 38\">\n<p>&nbsp;<\/p>\n<div class=\"section\">\n<p>&nbsp;<\/p>\n<div class=\"layoutArea\">\n<p>&nbsp;<\/p>\n<div class=\"column\">\n<p>&nbsp;<\/p>\n<div class=\"page\" title=\"Page 38\">\n<p>&nbsp;<\/p>\n<div class=\"section\">\n<p>&nbsp;<\/p>\n<div class=\"layoutArea\">\n<p>&nbsp;<\/p>\n<div class=\"column\"><\/div>\n<\/div>\n<\/div>\n<\/div>\n<\/div>\n<\/div>\n<\/div>\n<\/div>\n<\/div>\n<\/div>\n<\/div>\n","protected":false},"featured_media":1047,"template":"","meta":{"_joinchat":[]},"product_brand":[],"product_cat":[65,41,40],"product_tag":[],"class_list":{"0":"post-353","1":"product","2":"type-product","3":"status-publish","4":"has-post-thumbnail","6":"product_cat-1-1-4","7":"product_cat-papel-1-4","8":"product_cat-papel-de-fumar","10":"first","11":"instock","12":"taxable","13":"shipping-taxable","14":"purchasable","15":"product-type-simple"},"yoast_head":"<!-- This site is optimized with the Yoast SEO plugin v27.4 - https:\/\/yoast.com\/product\/yoast-seo-wordpress\/ -->\n<title>PAPEL 1 1\/4 BLOCK 300 HOJAS RAW - The Smoker&#039;s Shop<\/title>\n<meta name=\"description\" content=\"PAPEL 1 1\/4 BLOCK 300 HOJAS RAW hechos a partir de c\u00e1\u00f1amo puro, sin ning\u00fan tipo de aditivo. La caja tiene una bandeja deslizable interna para mejor cerrado.\" \/>\n<meta name=\"robots\" content=\"index, follow, max-snippet:-1, max-image-preview:large, max-video-preview:-1\" \/>\n<link rel=\"canonical\" href=\"https:\/\/www.smokershop.es\/index.php\/producto\/papel-1-1-4-block-300-hojas-raw\/\" \/>\n<meta property=\"og:locale\" content=\"es_ES\" \/>\n<meta property=\"og:type\" content=\"article\" \/>\n<meta property=\"og:title\" content=\"PAPEL 1 1\/4 BLOCK 300 HOJAS RAW - The Smoker&#039;s Shop\" \/>\n<meta property=\"og:description\" content=\"PAPEL 1 1\/4 BLOCK 300 HOJAS RAW hechos a partir de c\u00e1\u00f1amo puro, sin ning\u00fan tipo de aditivo. La caja tiene una bandeja deslizable interna para mejor cerrado.\" \/>\n<meta property=\"og:url\" content=\"https:\/\/www.smokershop.es\/index.php\/producto\/papel-1-1-4-block-300-hojas-raw\/\" \/>\n<meta property=\"og:site_name\" content=\"The Smoker&#039;s Shop\" \/>\n<meta property=\"article:modified_time\" content=\"2025-09-08T20:58:19+00:00\" \/>\n<meta property=\"og:image\" content=\"https:\/\/www.smokershop.es\/wp-content\/uploads\/2023\/03\/RAW-Papel-Bloc-300-Hojas.jpg\" \/>\n\t<meta property=\"og:image:width\" content=\"1000\" \/>\n\t<meta property=\"og:image:height\" content=\"1000\" \/>\n\t<meta property=\"og:image:type\" content=\"image\/jpeg\" \/>\n<meta name=\"twitter:card\" content=\"summary_large_image\" \/>\n<meta name=\"twitter:label1\" content=\"Tiempo de lectura\" \/>\n\t<meta name=\"twitter:data1\" content=\"1 minuto\" \/>\n<script type=\"application\/ld+json\" class=\"yoast-schema-graph\">{\"@context\":\"https:\\\/\\\/schema.org\",\"@graph\":[{\"@type\":\"WebPage\",\"@id\":\"https:\\\/\\\/www.smokershop.es\\\/index.php\\\/producto\\\/papel-1-1-4-block-300-hojas-raw\\\/\",\"url\":\"https:\\\/\\\/www.smokershop.es\\\/index.php\\\/producto\\\/papel-1-1-4-block-300-hojas-raw\\\/\",\"name\":\"PAPEL 1 1\\\/4 BLOCK 300 HOJAS RAW - The Smoker&#039;s Shop\",\"isPartOf\":{\"@id\":\"https:\\\/\\\/www.smokershop.es\\\/#website\"},\"primaryImageOfPage\":{\"@id\":\"https:\\\/\\\/www.smokershop.es\\\/index.php\\\/producto\\\/papel-1-1-4-block-300-hojas-raw\\\/#primaryimage\"},\"image\":{\"@id\":\"https:\\\/\\\/www.smokershop.es\\\/index.php\\\/producto\\\/papel-1-1-4-block-300-hojas-raw\\\/#primaryimage\"},\"thumbnailUrl\":\"https:\\\/\\\/www.smokershop.es\\\/wp-content\\\/uploads\\\/2023\\\/03\\\/RAW-Papel-Bloc-300-Hojas.jpg\",\"datePublished\":\"2023-03-09T15:05:44+00:00\",\"dateModified\":\"2025-09-08T20:58:19+00:00\",\"description\":\"PAPEL 1 1\\\/4 BLOCK 300 HOJAS RAW hechos a partir de c\u00e1\u00f1amo puro, sin ning\u00fan tipo de aditivo. La caja tiene una bandeja deslizable interna para mejor cerrado.\",\"breadcrumb\":{\"@id\":\"https:\\\/\\\/www.smokershop.es\\\/index.php\\\/producto\\\/papel-1-1-4-block-300-hojas-raw\\\/#breadcrumb\"},\"inLanguage\":\"es\",\"potentialAction\":[{\"@type\":\"ReadAction\",\"target\":[\"https:\\\/\\\/www.smokershop.es\\\/index.php\\\/producto\\\/papel-1-1-4-block-300-hojas-raw\\\/\"]}]},{\"@type\":\"ImageObject\",\"inLanguage\":\"es\",\"@id\":\"https:\\\/\\\/www.smokershop.es\\\/index.php\\\/producto\\\/papel-1-1-4-block-300-hojas-raw\\\/#primaryimage\",\"url\":\"https:\\\/\\\/www.smokershop.es\\\/wp-content\\\/uploads\\\/2023\\\/03\\\/RAW-Papel-Bloc-300-Hojas.jpg\",\"contentUrl\":\"https:\\\/\\\/www.smokershop.es\\\/wp-content\\\/uploads\\\/2023\\\/03\\\/RAW-Papel-Bloc-300-Hojas.jpg\",\"width\":1000,\"height\":1000,\"caption\":\"papel-1-1-4-blocK-300-hojas-raw\"},{\"@type\":\"BreadcrumbList\",\"@id\":\"https:\\\/\\\/www.smokershop.es\\\/index.php\\\/producto\\\/papel-1-1-4-block-300-hojas-raw\\\/#breadcrumb\",\"itemListElement\":[{\"@type\":\"ListItem\",\"position\":1,\"name\":\"Portada\",\"item\":\"https:\\\/\\\/www.smokershop.es\\\/\"},{\"@type\":\"ListItem\",\"position\":2,\"name\":\"The Shop\",\"item\":\"https:\\\/\\\/www.smokershop.es\\\/index.php\\\/shop\\\/\"},{\"@type\":\"ListItem\",\"position\":3,\"name\":\"PAPEL 1 1\\\/4 BLOCK 300 HOJAS RAW\"}]},{\"@type\":\"WebSite\",\"@id\":\"https:\\\/\\\/www.smokershop.es\\\/#website\",\"url\":\"https:\\\/\\\/www.smokershop.es\\\/\",\"name\":\"The Smoker&#039;s Shop\",\"description\":\"Todo para los fumadores\",\"publisher\":{\"@id\":\"https:\\\/\\\/www.smokershop.es\\\/#organization\"},\"potentialAction\":[{\"@type\":\"SearchAction\",\"target\":{\"@type\":\"EntryPoint\",\"urlTemplate\":\"https:\\\/\\\/www.smokershop.es\\\/?s={search_term_string}\"},\"query-input\":{\"@type\":\"PropertyValueSpecification\",\"valueRequired\":true,\"valueName\":\"search_term_string\"}}],\"inLanguage\":\"es\"},{\"@type\":\"Organization\",\"@id\":\"https:\\\/\\\/www.smokershop.es\\\/#organization\",\"name\":\"The Smoker&#039;s Shop\",\"url\":\"https:\\\/\\\/www.smokershop.es\\\/\",\"logo\":{\"@type\":\"ImageObject\",\"inLanguage\":\"es\",\"@id\":\"https:\\\/\\\/www.smokershop.es\\\/#\\\/schema\\\/logo\\\/image\\\/\",\"url\":\"https:\\\/\\\/www.smokershop.es\\\/wp-content\\\/uploads\\\/2023\\\/10\\\/smokershop-logo.png\",\"contentUrl\":\"https:\\\/\\\/www.smokershop.es\\\/wp-content\\\/uploads\\\/2023\\\/10\\\/smokershop-logo.png\",\"width\":1711,\"height\":752,\"caption\":\"The Smoker&#039;s Shop\"},\"image\":{\"@id\":\"https:\\\/\\\/www.smokershop.es\\\/#\\\/schema\\\/logo\\\/image\\\/\"},\"sameAs\":[\"https:\\\/\\\/www.instagram.com\\\/thesmokersshopofficial\"]}]}<\/script>\n<!-- \/ Yoast SEO plugin. -->","yoast_head_json":{"title":"PAPEL 1 1\/4 BLOCK 300 HOJAS RAW - The Smoker&#039;s Shop","description":"PAPEL 1 1\/4 BLOCK 300 HOJAS RAW hechos a partir de c\u00e1\u00f1amo puro, sin ning\u00fan tipo de aditivo. La caja tiene una bandeja deslizable interna para mejor cerrado.","robots":{"index":"index","follow":"follow","max-snippet":"max-snippet:-1","max-image-preview":"max-image-preview:large","max-video-preview":"max-video-preview:-1"},"canonical":"https:\/\/www.smokershop.es\/index.php\/producto\/papel-1-1-4-block-300-hojas-raw\/","og_locale":"es_ES","og_type":"article","og_title":"PAPEL 1 1\/4 BLOCK 300 HOJAS RAW - The Smoker&#039;s Shop","og_description":"PAPEL 1 1\/4 BLOCK 300 HOJAS RAW hechos a partir de c\u00e1\u00f1amo puro, sin ning\u00fan tipo de aditivo. La caja tiene una bandeja deslizable interna para mejor cerrado.","og_url":"https:\/\/www.smokershop.es\/index.php\/producto\/papel-1-1-4-block-300-hojas-raw\/","og_site_name":"The Smoker&#039;s Shop","article_modified_time":"2025-09-08T20:58:19+00:00","og_image":[{"width":1000,"height":1000,"url":"https:\/\/www.smokershop.es\/wp-content\/uploads\/2023\/03\/RAW-Papel-Bloc-300-Hojas.jpg","type":"image\/jpeg"}],"twitter_card":"summary_large_image","twitter_misc":{"Tiempo de lectura":"1 minuto"},"schema":{"@context":"https:\/\/schema.org","@graph":[{"@type":"WebPage","@id":"https:\/\/www.smokershop.es\/index.php\/producto\/papel-1-1-4-block-300-hojas-raw\/","url":"https:\/\/www.smokershop.es\/index.php\/producto\/papel-1-1-4-block-300-hojas-raw\/","name":"PAPEL 1 1\/4 BLOCK 300 HOJAS RAW - The Smoker&#039;s Shop","isPartOf":{"@id":"https:\/\/www.smokershop.es\/#website"},"primaryImageOfPage":{"@id":"https:\/\/www.smokershop.es\/index.php\/producto\/papel-1-1-4-block-300-hojas-raw\/#primaryimage"},"image":{"@id":"https:\/\/www.smokershop.es\/index.php\/producto\/papel-1-1-4-block-300-hojas-raw\/#primaryimage"},"thumbnailUrl":"https:\/\/www.smokershop.es\/wp-content\/uploads\/2023\/03\/RAW-Papel-Bloc-300-Hojas.jpg","datePublished":"2023-03-09T15:05:44+00:00","dateModified":"2025-09-08T20:58:19+00:00","description":"PAPEL 1 1\/4 BLOCK 300 HOJAS RAW hechos a partir de c\u00e1\u00f1amo puro, sin ning\u00fan tipo de aditivo. La caja tiene una bandeja deslizable interna para mejor cerrado.","breadcrumb":{"@id":"https:\/\/www.smokershop.es\/index.php\/producto\/papel-1-1-4-block-300-hojas-raw\/#breadcrumb"},"inLanguage":"es","potentialAction":[{"@type":"ReadAction","target":["https:\/\/www.smokershop.es\/index.php\/producto\/papel-1-1-4-block-300-hojas-raw\/"]}]},{"@type":"ImageObject","inLanguage":"es","@id":"https:\/\/www.smokershop.es\/index.php\/producto\/papel-1-1-4-block-300-hojas-raw\/#primaryimage","url":"https:\/\/www.smokershop.es\/wp-content\/uploads\/2023\/03\/RAW-Papel-Bloc-300-Hojas.jpg","contentUrl":"https:\/\/www.smokershop.es\/wp-content\/uploads\/2023\/03\/RAW-Papel-Bloc-300-Hojas.jpg","width":1000,"height":1000,"caption":"papel-1-1-4-blocK-300-hojas-raw"},{"@type":"BreadcrumbList","@id":"https:\/\/www.smokershop.es\/index.php\/producto\/papel-1-1-4-block-300-hojas-raw\/#breadcrumb","itemListElement":[{"@type":"ListItem","position":1,"name":"Portada","item":"https:\/\/www.smokershop.es\/"},{"@type":"ListItem","position":2,"name":"The Shop","item":"https:\/\/www.smokershop.es\/index.php\/shop\/"},{"@type":"ListItem","position":3,"name":"PAPEL 1 1\/4 BLOCK 300 HOJAS RAW"}]},{"@type":"WebSite","@id":"https:\/\/www.smokershop.es\/#website","url":"https:\/\/www.smokershop.es\/","name":"The Smoker&#039;s Shop","description":"Todo para los fumadores","publisher":{"@id":"https:\/\/www.smokershop.es\/#organization"},"potentialAction":[{"@type":"SearchAction","target":{"@type":"EntryPoint","urlTemplate":"https:\/\/www.smokershop.es\/?s={search_term_string}"},"query-input":{"@type":"PropertyValueSpecification","valueRequired":true,"valueName":"search_term_string"}}],"inLanguage":"es"},{"@type":"Organization","@id":"https:\/\/www.smokershop.es\/#organization","name":"The Smoker&#039;s Shop","url":"https:\/\/www.smokershop.es\/","logo":{"@type":"ImageObject","inLanguage":"es","@id":"https:\/\/www.smokershop.es\/#\/schema\/logo\/image\/","url":"https:\/\/www.smokershop.es\/wp-content\/uploads\/2023\/10\/smokershop-logo.png","contentUrl":"https:\/\/www.smokershop.es\/wp-content\/uploads\/2023\/10\/smokershop-logo.png","width":1711,"height":752,"caption":"The Smoker&#039;s Shop"},"image":{"@id":"https:\/\/www.smokershop.es\/#\/schema\/logo\/image\/"},"sameAs":["https:\/\/www.instagram.com\/thesmokersshopofficial"]}]}},"_links":{"self":[{"href":"https:\/\/www.smokershop.es\/index.php\/wp-json\/wp\/v2\/product\/353","targetHints":{"allow":["GET"]}}],"collection":[{"href":"https:\/\/www.smokershop.es\/index.php\/wp-json\/wp\/v2\/product"}],"about":[{"href":"https:\/\/www.smokershop.es\/index.php\/wp-json\/wp\/v2\/types\/product"}],"wp:featuredmedia":[{"embeddable":true,"href":"https:\/\/www.smokershop.es\/index.php\/wp-json\/wp\/v2\/media\/1047"}],"wp:attachment":[{"href":"https:\/\/www.smokershop.es\/index.php\/wp-json\/wp\/v2\/media?parent=353"}],"wp:term":[{"taxonomy":"product_brand","embeddable":true,"href":"https:\/\/www.smokershop.es\/index.php\/wp-json\/wp\/v2\/product_brand?post=353"},{"taxonomy":"product_cat","embeddable":true,"href":"https:\/\/www.smokershop.es\/index.php\/wp-json\/wp\/v2\/product_cat?post=353"},{"taxonomy":"product_tag","embeddable":true,"href":"https:\/\/www.smokershop.es\/index.php\/wp-json\/wp\/v2\/product_tag?post=353"}],"curies":[{"name":"wp","href":"https:\/\/api.w.org\/{rel}","templated":true}]}}