{"id":395,"date":"2023-03-09T16:37:53","date_gmt":"2023-03-09T15:37:53","guid":{"rendered":"https:\/\/www.smokershop.es\/?post_type=product&#038;p=395"},"modified":"2025-09-22T18:07:28","modified_gmt":"2025-09-22T16:07:28","slug":"thigtvac-envase-vacio-006l","status":"publish","type":"product","link":"https:\/\/www.smokershop.es\/index.php\/producto\/thigtvac-envase-vacio-006l\/","title":{"rendered":"ENVASE VACIO TIGHTVAC 0,06L"},"content":{"rendered":"<div class=\"page\" title=\"Page 14\">\n<div class=\"layoutArea\">\n<div class=\"column\">\n<p>ENVASE VACIO TIGHTVAC 0,06L<\/p>\n<div>Herm\u00e9ticos TightVac \u00a0Ideal para todo aquello que desee guardar herm\u00e9ticamente alejado de la humedad y, sobre todo, sin que produzca olor. Excelente para guardar hierbas muy olorosas sin que escapen los olores.<\/div>\n<div><\/div>\n<div>Succiona el aire al presionar el tap\u00f3n, creando un sellado al vac\u00edo.<\/div>\n<div>Tightvac tiene un dise\u00f1o muy moderno y es extremadamente fuerte y duradero.<\/div>\n<div>Para abrirlo, basta con presionar el bot\u00f3n y abrir la tapa. As\u00ed de f\u00e1cil.<\/div>\n<div>\n<div><\/div>\n<div>\u00a1\u00a1Nuevo!! Esto es nuestro contenedor con sellado de vacio m\u00e1s peque\u00f1o, tama\u00f1o de bolsillo.<\/div>\n<div><\/div>\n<\/div>\n<\/div>\n<\/div>\n<\/div>\n","protected":false},"excerpt":{"rendered":"<div class=\"page\" title=\"Page 14\">\n<div class=\"layoutArea\">\n<div class=\"column\">\n<ul>\n<li>0.06 litros Vitavac &#8211; 3 &#8221; alto x 1 &#8211; 5\/8 &#8221; di\u00e1metro.<\/li>\n<li>Exactamente 1\/2 el tama\u00f1o del Minivac.<\/li>\n<\/ul>\n<\/div>\n<\/div>\n<\/div>\n","protected":false},"featured_media":1020,"template":"","meta":{"_joinchat":[]},"product_brand":[],"product_cat":[49,50],"product_tag":[],"class_list":{"0":"post-395","1":"product","2":"type-product","3":"status-publish","4":"has-post-thumbnail","6":"product_cat-almacenamiento","7":"product_cat-envases","9":"first","10":"instock","11":"taxable","12":"shipping-taxable","13":"purchasable","14":"product-type-simple"},"yoast_head":"<!-- This site is optimized with the Yoast SEO plugin v27.4 - https:\/\/yoast.com\/product\/yoast-seo-wordpress\/ -->\n<title>ENVASE VACIO TIGHTVAC 0,06L - The Smoker&#039;s Shop<\/title>\n<meta name=\"description\" content=\"ENVASE VACIO TIGHTVAC 0,06L. Herm\u00e9ticos Tight Vac \u00a0Ideal para todo aquello que desee guardar herm\u00e9ticamentealejado de la humedad\" \/>\n<meta name=\"robots\" content=\"index, follow, max-snippet:-1, max-image-preview:large, max-video-preview:-1\" \/>\n<link rel=\"canonical\" href=\"https:\/\/www.smokershop.es\/index.php\/producto\/thigtvac-envase-vacio-006l\/\" \/>\n<meta property=\"og:locale\" content=\"es_ES\" \/>\n<meta property=\"og:type\" content=\"article\" \/>\n<meta property=\"og:title\" content=\"ENVASE VACIO TIGHTVAC 0,06L - The Smoker&#039;s Shop\" \/>\n<meta property=\"og:description\" content=\"ENVASE VACIO TIGHTVAC 0,06L. Herm\u00e9ticos Tight Vac \u00a0Ideal para todo aquello que desee guardar herm\u00e9ticamentealejado de la humedad\" \/>\n<meta property=\"og:url\" content=\"https:\/\/www.smokershop.es\/index.php\/producto\/thigtvac-envase-vacio-006l\/\" \/>\n<meta property=\"og:site_name\" content=\"The Smoker&#039;s Shop\" \/>\n<meta property=\"article:modified_time\" content=\"2025-09-22T16:07:28+00:00\" \/>\n<meta property=\"og:image\" content=\"https:\/\/www.smokershop.es\/wp-content\/uploads\/2023\/03\/THIGTVAC-ENVASE.jpg\" \/>\n\t<meta property=\"og:image:width\" content=\"1000\" \/>\n\t<meta property=\"og:image:height\" content=\"1000\" \/>\n\t<meta property=\"og:image:type\" content=\"image\/jpeg\" \/>\n<meta name=\"twitter:card\" content=\"summary_large_image\" \/>\n<meta name=\"twitter:label1\" content=\"Tiempo de lectura\" \/>\n\t<meta name=\"twitter:data1\" content=\"1 minuto\" \/>\n<script type=\"application\/ld+json\" class=\"yoast-schema-graph\">{\"@context\":\"https:\\\/\\\/schema.org\",\"@graph\":[{\"@type\":\"WebPage\",\"@id\":\"https:\\\/\\\/www.smokershop.es\\\/index.php\\\/producto\\\/thigtvac-envase-vacio-006l\\\/\",\"url\":\"https:\\\/\\\/www.smokershop.es\\\/index.php\\\/producto\\\/thigtvac-envase-vacio-006l\\\/\",\"name\":\"ENVASE VACIO TIGHTVAC 0,06L - The Smoker&#039;s Shop\",\"isPartOf\":{\"@id\":\"https:\\\/\\\/www.smokershop.es\\\/#website\"},\"primaryImageOfPage\":{\"@id\":\"https:\\\/\\\/www.smokershop.es\\\/index.php\\\/producto\\\/thigtvac-envase-vacio-006l\\\/#primaryimage\"},\"image\":{\"@id\":\"https:\\\/\\\/www.smokershop.es\\\/index.php\\\/producto\\\/thigtvac-envase-vacio-006l\\\/#primaryimage\"},\"thumbnailUrl\":\"https:\\\/\\\/www.smokershop.es\\\/wp-content\\\/uploads\\\/2023\\\/03\\\/THIGTVAC-ENVASE.jpg\",\"datePublished\":\"2023-03-09T15:37:53+00:00\",\"dateModified\":\"2025-09-22T16:07:28+00:00\",\"description\":\"ENVASE VACIO TIGHTVAC 0,06L. Herm\u00e9ticos Tight Vac \u00a0Ideal para todo aquello que desee guardar herm\u00e9ticamentealejado de la humedad\",\"breadcrumb\":{\"@id\":\"https:\\\/\\\/www.smokershop.es\\\/index.php\\\/producto\\\/thigtvac-envase-vacio-006l\\\/#breadcrumb\"},\"inLanguage\":\"es\",\"potentialAction\":[{\"@type\":\"ReadAction\",\"target\":[\"https:\\\/\\\/www.smokershop.es\\\/index.php\\\/producto\\\/thigtvac-envase-vacio-006l\\\/\"]}]},{\"@type\":\"ImageObject\",\"inLanguage\":\"es\",\"@id\":\"https:\\\/\\\/www.smokershop.es\\\/index.php\\\/producto\\\/thigtvac-envase-vacio-006l\\\/#primaryimage\",\"url\":\"https:\\\/\\\/www.smokershop.es\\\/wp-content\\\/uploads\\\/2023\\\/03\\\/THIGTVAC-ENVASE.jpg\",\"contentUrl\":\"https:\\\/\\\/www.smokershop.es\\\/wp-content\\\/uploads\\\/2023\\\/03\\\/THIGTVAC-ENVASE.jpg\",\"width\":1000,\"height\":1000},{\"@type\":\"BreadcrumbList\",\"@id\":\"https:\\\/\\\/www.smokershop.es\\\/index.php\\\/producto\\\/thigtvac-envase-vacio-006l\\\/#breadcrumb\",\"itemListElement\":[{\"@type\":\"ListItem\",\"position\":1,\"name\":\"Portada\",\"item\":\"https:\\\/\\\/www.smokershop.es\\\/\"},{\"@type\":\"ListItem\",\"position\":2,\"name\":\"The Shop\",\"item\":\"https:\\\/\\\/www.smokershop.es\\\/index.php\\\/shop\\\/\"},{\"@type\":\"ListItem\",\"position\":3,\"name\":\"ENVASE VACIO TIGHTVAC 0,06L\"}]},{\"@type\":\"WebSite\",\"@id\":\"https:\\\/\\\/www.smokershop.es\\\/#website\",\"url\":\"https:\\\/\\\/www.smokershop.es\\\/\",\"name\":\"The Smoker&#039;s Shop\",\"description\":\"Todo para los fumadores\",\"publisher\":{\"@id\":\"https:\\\/\\\/www.smokershop.es\\\/#organization\"},\"potentialAction\":[{\"@type\":\"SearchAction\",\"target\":{\"@type\":\"EntryPoint\",\"urlTemplate\":\"https:\\\/\\\/www.smokershop.es\\\/?s={search_term_string}\"},\"query-input\":{\"@type\":\"PropertyValueSpecification\",\"valueRequired\":true,\"valueName\":\"search_term_string\"}}],\"inLanguage\":\"es\"},{\"@type\":\"Organization\",\"@id\":\"https:\\\/\\\/www.smokershop.es\\\/#organization\",\"name\":\"The Smoker&#039;s Shop\",\"url\":\"https:\\\/\\\/www.smokershop.es\\\/\",\"logo\":{\"@type\":\"ImageObject\",\"inLanguage\":\"es\",\"@id\":\"https:\\\/\\\/www.smokershop.es\\\/#\\\/schema\\\/logo\\\/image\\\/\",\"url\":\"https:\\\/\\\/www.smokershop.es\\\/wp-content\\\/uploads\\\/2023\\\/10\\\/smokershop-logo.png\",\"contentUrl\":\"https:\\\/\\\/www.smokershop.es\\\/wp-content\\\/uploads\\\/2023\\\/10\\\/smokershop-logo.png\",\"width\":1711,\"height\":752,\"caption\":\"The Smoker&#039;s Shop\"},\"image\":{\"@id\":\"https:\\\/\\\/www.smokershop.es\\\/#\\\/schema\\\/logo\\\/image\\\/\"},\"sameAs\":[\"https:\\\/\\\/www.instagram.com\\\/thesmokersshopofficial\"]}]}<\/script>\n<!-- \/ Yoast SEO plugin. -->","yoast_head_json":{"title":"ENVASE VACIO TIGHTVAC 0,06L - The Smoker&#039;s Shop","description":"ENVASE VACIO TIGHTVAC 0,06L. Herm\u00e9ticos Tight Vac \u00a0Ideal para todo aquello que desee guardar herm\u00e9ticamentealejado de la humedad","robots":{"index":"index","follow":"follow","max-snippet":"max-snippet:-1","max-image-preview":"max-image-preview:large","max-video-preview":"max-video-preview:-1"},"canonical":"https:\/\/www.smokershop.es\/index.php\/producto\/thigtvac-envase-vacio-006l\/","og_locale":"es_ES","og_type":"article","og_title":"ENVASE VACIO TIGHTVAC 0,06L - The Smoker&#039;s Shop","og_description":"ENVASE VACIO TIGHTVAC 0,06L. Herm\u00e9ticos Tight Vac \u00a0Ideal para todo aquello que desee guardar herm\u00e9ticamentealejado de la humedad","og_url":"https:\/\/www.smokershop.es\/index.php\/producto\/thigtvac-envase-vacio-006l\/","og_site_name":"The Smoker&#039;s Shop","article_modified_time":"2025-09-22T16:07:28+00:00","og_image":[{"width":1000,"height":1000,"url":"https:\/\/www.smokershop.es\/wp-content\/uploads\/2023\/03\/THIGTVAC-ENVASE.jpg","type":"image\/jpeg"}],"twitter_card":"summary_large_image","twitter_misc":{"Tiempo de lectura":"1 minuto"},"schema":{"@context":"https:\/\/schema.org","@graph":[{"@type":"WebPage","@id":"https:\/\/www.smokershop.es\/index.php\/producto\/thigtvac-envase-vacio-006l\/","url":"https:\/\/www.smokershop.es\/index.php\/producto\/thigtvac-envase-vacio-006l\/","name":"ENVASE VACIO TIGHTVAC 0,06L - The Smoker&#039;s Shop","isPartOf":{"@id":"https:\/\/www.smokershop.es\/#website"},"primaryImageOfPage":{"@id":"https:\/\/www.smokershop.es\/index.php\/producto\/thigtvac-envase-vacio-006l\/#primaryimage"},"image":{"@id":"https:\/\/www.smokershop.es\/index.php\/producto\/thigtvac-envase-vacio-006l\/#primaryimage"},"thumbnailUrl":"https:\/\/www.smokershop.es\/wp-content\/uploads\/2023\/03\/THIGTVAC-ENVASE.jpg","datePublished":"2023-03-09T15:37:53+00:00","dateModified":"2025-09-22T16:07:28+00:00","description":"ENVASE VACIO TIGHTVAC 0,06L. Herm\u00e9ticos Tight Vac \u00a0Ideal para todo aquello que desee guardar herm\u00e9ticamentealejado de la humedad","breadcrumb":{"@id":"https:\/\/www.smokershop.es\/index.php\/producto\/thigtvac-envase-vacio-006l\/#breadcrumb"},"inLanguage":"es","potentialAction":[{"@type":"ReadAction","target":["https:\/\/www.smokershop.es\/index.php\/producto\/thigtvac-envase-vacio-006l\/"]}]},{"@type":"ImageObject","inLanguage":"es","@id":"https:\/\/www.smokershop.es\/index.php\/producto\/thigtvac-envase-vacio-006l\/#primaryimage","url":"https:\/\/www.smokershop.es\/wp-content\/uploads\/2023\/03\/THIGTVAC-ENVASE.jpg","contentUrl":"https:\/\/www.smokershop.es\/wp-content\/uploads\/2023\/03\/THIGTVAC-ENVASE.jpg","width":1000,"height":1000},{"@type":"BreadcrumbList","@id":"https:\/\/www.smokershop.es\/index.php\/producto\/thigtvac-envase-vacio-006l\/#breadcrumb","itemListElement":[{"@type":"ListItem","position":1,"name":"Portada","item":"https:\/\/www.smokershop.es\/"},{"@type":"ListItem","position":2,"name":"The Shop","item":"https:\/\/www.smokershop.es\/index.php\/shop\/"},{"@type":"ListItem","position":3,"name":"ENVASE VACIO TIGHTVAC 0,06L"}]},{"@type":"WebSite","@id":"https:\/\/www.smokershop.es\/#website","url":"https:\/\/www.smokershop.es\/","name":"The Smoker&#039;s Shop","description":"Todo para los fumadores","publisher":{"@id":"https:\/\/www.smokershop.es\/#organization"},"potentialAction":[{"@type":"SearchAction","target":{"@type":"EntryPoint","urlTemplate":"https:\/\/www.smokershop.es\/?s={search_term_string}"},"query-input":{"@type":"PropertyValueSpecification","valueRequired":true,"valueName":"search_term_string"}}],"inLanguage":"es"},{"@type":"Organization","@id":"https:\/\/www.smokershop.es\/#organization","name":"The Smoker&#039;s Shop","url":"https:\/\/www.smokershop.es\/","logo":{"@type":"ImageObject","inLanguage":"es","@id":"https:\/\/www.smokershop.es\/#\/schema\/logo\/image\/","url":"https:\/\/www.smokershop.es\/wp-content\/uploads\/2023\/10\/smokershop-logo.png","contentUrl":"https:\/\/www.smokershop.es\/wp-content\/uploads\/2023\/10\/smokershop-logo.png","width":1711,"height":752,"caption":"The Smoker&#039;s Shop"},"image":{"@id":"https:\/\/www.smokershop.es\/#\/schema\/logo\/image\/"},"sameAs":["https:\/\/www.instagram.com\/thesmokersshopofficial"]}]}},"_links":{"self":[{"href":"https:\/\/www.smokershop.es\/index.php\/wp-json\/wp\/v2\/product\/395","targetHints":{"allow":["GET"]}}],"collection":[{"href":"https:\/\/www.smokershop.es\/index.php\/wp-json\/wp\/v2\/product"}],"about":[{"href":"https:\/\/www.smokershop.es\/index.php\/wp-json\/wp\/v2\/types\/product"}],"wp:featuredmedia":[{"embeddable":true,"href":"https:\/\/www.smokershop.es\/index.php\/wp-json\/wp\/v2\/media\/1020"}],"wp:attachment":[{"href":"https:\/\/www.smokershop.es\/index.php\/wp-json\/wp\/v2\/media?parent=395"}],"wp:term":[{"taxonomy":"product_brand","embeddable":true,"href":"https:\/\/www.smokershop.es\/index.php\/wp-json\/wp\/v2\/product_brand?post=395"},{"taxonomy":"product_cat","embeddable":true,"href":"https:\/\/www.smokershop.es\/index.php\/wp-json\/wp\/v2\/product_cat?post=395"},{"taxonomy":"product_tag","embeddable":true,"href":"https:\/\/www.smokershop.es\/index.php\/wp-json\/wp\/v2\/product_tag?post=395"}],"curies":[{"name":"wp","href":"https:\/\/api.w.org\/{rel}","templated":true}]}}