{"id":4060,"date":"2026-05-06T13:31:46","date_gmt":"2026-05-06T11:31:46","guid":{"rendered":"https:\/\/www.smokershop.es\/?post_type=product&#038;p=4060"},"modified":"2026-05-06T13:46:07","modified_gmt":"2026-05-06T11:46:07","slug":"raw-cones-king-size-x3","status":"publish","type":"product","link":"https:\/\/www.smokershop.es\/index.php\/producto\/raw-cones-king-size-x3\/","title":{"rendered":"RAW CLASSIC CONO X3"},"content":{"rendered":"<h2 data-section-id=\"1303ioe\" data-start=\"115\" data-end=\"138\">RAW Cones King Size Classic x3 \u2013 Conos Preliados Naturales Listos para Usar<\/h2>\n<p data-start=\"220\" data-end=\"405\">Los <strong data-start=\"224\" data-end=\"258\">RAW Cones King Size Classic x3<\/strong> son conos preliados de alta calidad, elaborados con <strong data-start=\"311\" data-end=\"342\">papel natural sin blanquear<\/strong> para ofrecer una experiencia m\u00e1s limpia, uniforme y aut\u00e9ntica.<\/p>\n<p data-start=\"407\" data-end=\"570\">Cada cajita incluye <strong data-start=\"427\" data-end=\"469\">3 conos con filtro integrado<\/strong>, listos para usar. Una soluci\u00f3n pr\u00e1ctica y r\u00e1pida tanto para uso personal como para venta en tienda.<\/p>\n<p data-start=\"572\" data-end=\"738\">Gracias a su formato compacto, son ideales para llevar y tambi\u00e9n perfectos para generar <strong data-start=\"660\" data-end=\"692\">venta impulsiva en mostrador<\/strong>, con un producto conocido y de alta rotaci\u00f3n.<\/p>\n<p data-start=\"740\" data-end=\"896\">Fabricados con fibras naturales sin cloro ni aditivos qu\u00edmicos, los conos RAW garantizan una <strong data-start=\"833\" data-end=\"864\">combusti\u00f3n lenta y uniforme<\/strong>, respetando al m\u00e1ximo el sabor.<\/p>\n","protected":false},"excerpt":{"rendered":"<ul>\n<li>\n<h3 data-section-id=\"u51wan\" data-start=\"1070\" data-end=\"1090\">Caracter\u00edsticas:<\/h3>\n<ul data-start=\"1091\" data-end=\"1339\">\n<li data-section-id=\"1g69rxs\" data-start=\"1091\" data-end=\"1115\">Formato: <strong data-start=\"1102\" data-end=\"1115\">King Size<\/strong><\/li>\n<li data-section-id=\"1giku43\" data-start=\"1116\" data-end=\"1156\">Contenido: <strong data-start=\"1129\" data-end=\"1156\">3 conos por cajita (x3)<\/strong><\/li>\n<li data-section-id=\"zjcca\" data-start=\"1157\" data-end=\"1196\">Conos con filtro incluido<\/li>\n<li data-section-id=\"1oosc1i\" data-start=\"1197\" data-end=\"1228\">Papel natural sin blanquear<\/li>\n<li data-section-id=\"iqhyb3\" data-start=\"1229\" data-end=\"1263\">Sin cloro ni aditivos qu\u00edmicos<\/li>\n<li data-section-id=\"2biyfb\" data-start=\"1264\" data-end=\"1295\">Combusti\u00f3n lenta y uniforme<\/li>\n<li data-section-id=\"12ai4ap\" data-start=\"1296\" data-end=\"1316\">Listos para usar<\/li>\n<li data-section-id=\"1lfeefd\" data-start=\"1317\" data-end=\"1339\">Marca RAW original<\/li>\n<\/ul>\n<h3 data-section-id=\"8heyrw\" data-start=\"1341\" data-end=\"1354\">Ventajas:<\/h3>\n<ul data-start=\"1355\" data-end=\"1508\">\n<li data-section-id=\"1tydfha\" data-start=\"1355\" data-end=\"1399\">Ahorro de tiempo (sin necesidad de liar)<\/li>\n<li data-section-id=\"9b850l\" data-start=\"1400\" data-end=\"1431\">Formato pr\u00e1ctico y port\u00e1til<\/li>\n<li data-section-id=\"ms1fxu\" data-start=\"1432\" data-end=\"1471\">Producto de alta rotaci\u00f3n en tienda<\/li>\n<li data-section-id=\"le38v3\" data-start=\"1472\" data-end=\"1508\">Experiencia uniforme en cada uso<\/li>\n<\/ul>\n<\/li>\n<\/ul>\n<ul>\n<li><em>FORMATO PRO -&gt; DISPLAY x32<\/em><\/li>\n<li><strong>\u2b07\ufe0f PRECIOS MAYORISTA PARA PROFESIONALES \u2b07\ufe0f<\/strong><\/li>\n<\/ul>\n<p style=\"padding-left: 160px;\"><strong><a href=\"https:\/\/www.smokershop.es\/index.php\/register\/\" target=\"_blank\" rel=\"noopener\">\ud83d\udc49 REGISTRATE AQUI \ud83d\udc48<\/a><\/strong><\/p>\n<p>&nbsp;<\/p>\n","protected":false},"featured_media":4062,"template":"","meta":{"_joinchat":[]},"product_brand":[],"product_cat":[45,40],"product_tag":[],"class_list":{"0":"post-4060","1":"product","2":"type-product","3":"status-publish","4":"has-post-thumbnail","6":"product_cat-conos","7":"product_cat-papel-de-fumar","9":"first","10":"instock","11":"taxable","12":"shipping-taxable","13":"purchasable","14":"product-type-simple"},"yoast_head":"<!-- This site is optimized with the Yoast SEO plugin v27.4 - https:\/\/yoast.com\/product\/yoast-seo-wordpress\/ -->\n<title>RAW CLASSIC CONO X3 - The Smoker&#039;s Shop<\/title>\n<meta name=\"description\" content=\"RAW Cones King Size Classic x3. Cajitas con 3 conos preliados, papel natural sin blanquear, listos para usar. Ideal para uso personal y venta en tienda.\" \/>\n<meta name=\"robots\" content=\"index, follow, max-snippet:-1, max-image-preview:large, max-video-preview:-1\" \/>\n<link rel=\"canonical\" href=\"https:\/\/www.smokershop.es\/index.php\/producto\/raw-cones-king-size-x3\/\" \/>\n<meta property=\"og:locale\" content=\"es_ES\" \/>\n<meta property=\"og:type\" content=\"article\" \/>\n<meta property=\"og:title\" content=\"RAW CLASSIC CONO X3 - The Smoker&#039;s Shop\" \/>\n<meta property=\"og:description\" content=\"RAW Cones King Size Classic x3. Cajitas con 3 conos preliados, papel natural sin blanquear, listos para usar. Ideal para uso personal y venta en tienda.\" \/>\n<meta property=\"og:url\" content=\"https:\/\/www.smokershop.es\/index.php\/producto\/raw-cones-king-size-x3\/\" \/>\n<meta property=\"og:site_name\" content=\"The Smoker&#039;s Shop\" \/>\n<meta property=\"article:modified_time\" content=\"2026-05-06T11:46:07+00:00\" \/>\n<meta property=\"og:image\" content=\"https:\/\/www.smokershop.es\/wp-content\/uploads\/2026\/05\/RAW-CONES-X3.webp\" \/>\n\t<meta property=\"og:image:width\" content=\"1024\" \/>\n\t<meta property=\"og:image:height\" content=\"1024\" \/>\n\t<meta property=\"og:image:type\" content=\"image\/webp\" \/>\n<meta name=\"twitter:card\" content=\"summary_large_image\" \/>\n<meta name=\"twitter:label1\" content=\"Tiempo de lectura\" \/>\n\t<meta name=\"twitter:data1\" content=\"1 minuto\" \/>\n<script type=\"application\/ld+json\" class=\"yoast-schema-graph\">{\"@context\":\"https:\\\/\\\/schema.org\",\"@graph\":[{\"@type\":\"WebPage\",\"@id\":\"https:\\\/\\\/www.smokershop.es\\\/index.php\\\/producto\\\/raw-cones-king-size-x3\\\/\",\"url\":\"https:\\\/\\\/www.smokershop.es\\\/index.php\\\/producto\\\/raw-cones-king-size-x3\\\/\",\"name\":\"RAW CLASSIC CONO X3 - The Smoker&#039;s Shop\",\"isPartOf\":{\"@id\":\"https:\\\/\\\/www.smokershop.es\\\/#website\"},\"primaryImageOfPage\":{\"@id\":\"https:\\\/\\\/www.smokershop.es\\\/index.php\\\/producto\\\/raw-cones-king-size-x3\\\/#primaryimage\"},\"image\":{\"@id\":\"https:\\\/\\\/www.smokershop.es\\\/index.php\\\/producto\\\/raw-cones-king-size-x3\\\/#primaryimage\"},\"thumbnailUrl\":\"https:\\\/\\\/www.smokershop.es\\\/wp-content\\\/uploads\\\/2026\\\/05\\\/RAW-CONES-X3.webp\",\"datePublished\":\"2026-05-06T11:31:46+00:00\",\"dateModified\":\"2026-05-06T11:46:07+00:00\",\"description\":\"RAW Cones King Size Classic x3. Cajitas con 3 conos preliados, papel natural sin blanquear, listos para usar. Ideal para uso personal y venta en tienda.\",\"breadcrumb\":{\"@id\":\"https:\\\/\\\/www.smokershop.es\\\/index.php\\\/producto\\\/raw-cones-king-size-x3\\\/#breadcrumb\"},\"inLanguage\":\"es\",\"potentialAction\":[{\"@type\":\"ReadAction\",\"target\":[\"https:\\\/\\\/www.smokershop.es\\\/index.php\\\/producto\\\/raw-cones-king-size-x3\\\/\"]}]},{\"@type\":\"ImageObject\",\"inLanguage\":\"es\",\"@id\":\"https:\\\/\\\/www.smokershop.es\\\/index.php\\\/producto\\\/raw-cones-king-size-x3\\\/#primaryimage\",\"url\":\"https:\\\/\\\/www.smokershop.es\\\/wp-content\\\/uploads\\\/2026\\\/05\\\/RAW-CONES-X3.webp\",\"contentUrl\":\"https:\\\/\\\/www.smokershop.es\\\/wp-content\\\/uploads\\\/2026\\\/05\\\/RAW-CONES-X3.webp\",\"width\":1024,\"height\":1024,\"caption\":\"RAW CONO X3\"},{\"@type\":\"BreadcrumbList\",\"@id\":\"https:\\\/\\\/www.smokershop.es\\\/index.php\\\/producto\\\/raw-cones-king-size-x3\\\/#breadcrumb\",\"itemListElement\":[{\"@type\":\"ListItem\",\"position\":1,\"name\":\"Portada\",\"item\":\"https:\\\/\\\/www.smokershop.es\\\/\"},{\"@type\":\"ListItem\",\"position\":2,\"name\":\"The Shop\",\"item\":\"https:\\\/\\\/www.smokershop.es\\\/index.php\\\/shop\\\/\"},{\"@type\":\"ListItem\",\"position\":3,\"name\":\"RAW CLASSIC CONO X3\"}]},{\"@type\":\"WebSite\",\"@id\":\"https:\\\/\\\/www.smokershop.es\\\/#website\",\"url\":\"https:\\\/\\\/www.smokershop.es\\\/\",\"name\":\"The Smoker&#039;s Shop\",\"description\":\"Todo para los fumadores\",\"publisher\":{\"@id\":\"https:\\\/\\\/www.smokershop.es\\\/#organization\"},\"potentialAction\":[{\"@type\":\"SearchAction\",\"target\":{\"@type\":\"EntryPoint\",\"urlTemplate\":\"https:\\\/\\\/www.smokershop.es\\\/?s={search_term_string}\"},\"query-input\":{\"@type\":\"PropertyValueSpecification\",\"valueRequired\":true,\"valueName\":\"search_term_string\"}}],\"inLanguage\":\"es\"},{\"@type\":\"Organization\",\"@id\":\"https:\\\/\\\/www.smokershop.es\\\/#organization\",\"name\":\"The Smoker&#039;s Shop\",\"url\":\"https:\\\/\\\/www.smokershop.es\\\/\",\"logo\":{\"@type\":\"ImageObject\",\"inLanguage\":\"es\",\"@id\":\"https:\\\/\\\/www.smokershop.es\\\/#\\\/schema\\\/logo\\\/image\\\/\",\"url\":\"https:\\\/\\\/www.smokershop.es\\\/wp-content\\\/uploads\\\/2023\\\/10\\\/smokershop-logo.png\",\"contentUrl\":\"https:\\\/\\\/www.smokershop.es\\\/wp-content\\\/uploads\\\/2023\\\/10\\\/smokershop-logo.png\",\"width\":1711,\"height\":752,\"caption\":\"The Smoker&#039;s Shop\"},\"image\":{\"@id\":\"https:\\\/\\\/www.smokershop.es\\\/#\\\/schema\\\/logo\\\/image\\\/\"},\"sameAs\":[\"https:\\\/\\\/www.instagram.com\\\/thesmokersshopofficial\"]}]}<\/script>\n<!-- \/ Yoast SEO plugin. -->","yoast_head_json":{"title":"RAW CLASSIC CONO X3 - The Smoker&#039;s Shop","description":"RAW Cones King Size Classic x3. Cajitas con 3 conos preliados, papel natural sin blanquear, listos para usar. Ideal para uso personal y venta en tienda.","robots":{"index":"index","follow":"follow","max-snippet":"max-snippet:-1","max-image-preview":"max-image-preview:large","max-video-preview":"max-video-preview:-1"},"canonical":"https:\/\/www.smokershop.es\/index.php\/producto\/raw-cones-king-size-x3\/","og_locale":"es_ES","og_type":"article","og_title":"RAW CLASSIC CONO X3 - The Smoker&#039;s Shop","og_description":"RAW Cones King Size Classic x3. Cajitas con 3 conos preliados, papel natural sin blanquear, listos para usar. Ideal para uso personal y venta en tienda.","og_url":"https:\/\/www.smokershop.es\/index.php\/producto\/raw-cones-king-size-x3\/","og_site_name":"The Smoker&#039;s Shop","article_modified_time":"2026-05-06T11:46:07+00:00","og_image":[{"width":1024,"height":1024,"url":"https:\/\/www.smokershop.es\/wp-content\/uploads\/2026\/05\/RAW-CONES-X3.webp","type":"image\/webp"}],"twitter_card":"summary_large_image","twitter_misc":{"Tiempo de lectura":"1 minuto"},"schema":{"@context":"https:\/\/schema.org","@graph":[{"@type":"WebPage","@id":"https:\/\/www.smokershop.es\/index.php\/producto\/raw-cones-king-size-x3\/","url":"https:\/\/www.smokershop.es\/index.php\/producto\/raw-cones-king-size-x3\/","name":"RAW CLASSIC CONO X3 - The Smoker&#039;s Shop","isPartOf":{"@id":"https:\/\/www.smokershop.es\/#website"},"primaryImageOfPage":{"@id":"https:\/\/www.smokershop.es\/index.php\/producto\/raw-cones-king-size-x3\/#primaryimage"},"image":{"@id":"https:\/\/www.smokershop.es\/index.php\/producto\/raw-cones-king-size-x3\/#primaryimage"},"thumbnailUrl":"https:\/\/www.smokershop.es\/wp-content\/uploads\/2026\/05\/RAW-CONES-X3.webp","datePublished":"2026-05-06T11:31:46+00:00","dateModified":"2026-05-06T11:46:07+00:00","description":"RAW Cones King Size Classic x3. Cajitas con 3 conos preliados, papel natural sin blanquear, listos para usar. Ideal para uso personal y venta en tienda.","breadcrumb":{"@id":"https:\/\/www.smokershop.es\/index.php\/producto\/raw-cones-king-size-x3\/#breadcrumb"},"inLanguage":"es","potentialAction":[{"@type":"ReadAction","target":["https:\/\/www.smokershop.es\/index.php\/producto\/raw-cones-king-size-x3\/"]}]},{"@type":"ImageObject","inLanguage":"es","@id":"https:\/\/www.smokershop.es\/index.php\/producto\/raw-cones-king-size-x3\/#primaryimage","url":"https:\/\/www.smokershop.es\/wp-content\/uploads\/2026\/05\/RAW-CONES-X3.webp","contentUrl":"https:\/\/www.smokershop.es\/wp-content\/uploads\/2026\/05\/RAW-CONES-X3.webp","width":1024,"height":1024,"caption":"RAW CONO X3"},{"@type":"BreadcrumbList","@id":"https:\/\/www.smokershop.es\/index.php\/producto\/raw-cones-king-size-x3\/#breadcrumb","itemListElement":[{"@type":"ListItem","position":1,"name":"Portada","item":"https:\/\/www.smokershop.es\/"},{"@type":"ListItem","position":2,"name":"The Shop","item":"https:\/\/www.smokershop.es\/index.php\/shop\/"},{"@type":"ListItem","position":3,"name":"RAW CLASSIC CONO X3"}]},{"@type":"WebSite","@id":"https:\/\/www.smokershop.es\/#website","url":"https:\/\/www.smokershop.es\/","name":"The Smoker&#039;s Shop","description":"Todo para los fumadores","publisher":{"@id":"https:\/\/www.smokershop.es\/#organization"},"potentialAction":[{"@type":"SearchAction","target":{"@type":"EntryPoint","urlTemplate":"https:\/\/www.smokershop.es\/?s={search_term_string}"},"query-input":{"@type":"PropertyValueSpecification","valueRequired":true,"valueName":"search_term_string"}}],"inLanguage":"es"},{"@type":"Organization","@id":"https:\/\/www.smokershop.es\/#organization","name":"The Smoker&#039;s Shop","url":"https:\/\/www.smokershop.es\/","logo":{"@type":"ImageObject","inLanguage":"es","@id":"https:\/\/www.smokershop.es\/#\/schema\/logo\/image\/","url":"https:\/\/www.smokershop.es\/wp-content\/uploads\/2023\/10\/smokershop-logo.png","contentUrl":"https:\/\/www.smokershop.es\/wp-content\/uploads\/2023\/10\/smokershop-logo.png","width":1711,"height":752,"caption":"The Smoker&#039;s Shop"},"image":{"@id":"https:\/\/www.smokershop.es\/#\/schema\/logo\/image\/"},"sameAs":["https:\/\/www.instagram.com\/thesmokersshopofficial"]}]}},"_links":{"self":[{"href":"https:\/\/www.smokershop.es\/index.php\/wp-json\/wp\/v2\/product\/4060","targetHints":{"allow":["GET"]}}],"collection":[{"href":"https:\/\/www.smokershop.es\/index.php\/wp-json\/wp\/v2\/product"}],"about":[{"href":"https:\/\/www.smokershop.es\/index.php\/wp-json\/wp\/v2\/types\/product"}],"wp:featuredmedia":[{"embeddable":true,"href":"https:\/\/www.smokershop.es\/index.php\/wp-json\/wp\/v2\/media\/4062"}],"wp:attachment":[{"href":"https:\/\/www.smokershop.es\/index.php\/wp-json\/wp\/v2\/media?parent=4060"}],"wp:term":[{"taxonomy":"product_brand","embeddable":true,"href":"https:\/\/www.smokershop.es\/index.php\/wp-json\/wp\/v2\/product_brand?post=4060"},{"taxonomy":"product_cat","embeddable":true,"href":"https:\/\/www.smokershop.es\/index.php\/wp-json\/wp\/v2\/product_cat?post=4060"},{"taxonomy":"product_tag","embeddable":true,"href":"https:\/\/www.smokershop.es\/index.php\/wp-json\/wp\/v2\/product_tag?post=4060"}],"curies":[{"name":"wp","href":"https:\/\/api.w.org\/{rel}","templated":true}]}}