{"id":4063,"date":"2026-05-06T13:55:04","date_gmt":"2026-05-06T11:55:04","guid":{"rendered":"https:\/\/www.smokershop.es\/?post_type=product&#038;p=4063"},"modified":"2026-05-06T15:13:13","modified_gmt":"2026-05-06T13:13:13","slug":"piatella-cbd-premium","status":"publish","type":"product","link":"https:\/\/www.smokershop.es\/index.php\/producto\/piatella-cbd-premium\/","title":{"rendered":"PIATELLA CBD PREMIUM"},"content":{"rendered":"<h3 data-section-id=\"r0mrhg\" data-start=\"129\" data-end=\"200\">Piatella CBD Premium \u2013 Extracto de Alta Calidad Rico en Cannabidiol<\/h3>\n<p data-start=\"202\" data-end=\"359\">La <strong data-start=\"205\" data-end=\"221\">Piatella CBD<\/strong> es un extracto premium de alta calidad, reconocido por su textura \u00fanica, su aspecto natural y su alta concentraci\u00f3n en cannabidiol (CBD).<\/p>\n<p data-start=\"361\" data-end=\"601\">Este tipo de extracto destaca por su <strong data-start=\"398\" data-end=\"433\">consistencia cremosa y compacta<\/strong>, con un perfil arom\u00e1tico intenso que conserva las caracter\u00edsticas naturales de la planta. Gracias a su proceso de elaboraci\u00f3n, mantiene una excelente calidad y pureza.<\/p>\n<p data-start=\"603\" data-end=\"756\">Ideal para usuarios que buscan un producto CBD de gama alta, as\u00ed como para profesionales que desean ofrecer una referencia diferenciadora en su cat\u00e1logo.<\/p>\n<p>Uso externo, producto decorativo. No inhalar, Semilla certificada UE seg\u00fan real decreto 1729\/1999. Todos los productos comercializados por Thecbdstar cumplen con las leyes europeas sobre el cultivo de c\u00e1\u00f1amo. Para seguir cumpliendo con la legislaci\u00f3n vigente, nuestra empresa no defiende las virtudes terap\u00e9uticas de los productos que comercializamos. NO APTO USO HUMANO.<\/p>\n<p>-BIOMASA DECORATIVA, Genetica: Silvana \u2013 LT.N\u00b0 \u2013 Cartellino N\u00b0107130010932-b31116202-3 THC INFERIOR AL 0,2%, SEMILLA CERTIFICADA POR LA UE. CONFORME REAL DECRETO 1729\/1999 Y EU 1307\/2013. PRODUCTO NO PSICOACTIVO. NO APTO CONSUMO HUMANO PRODUCIDO EN ITALIA<\/p>\n","protected":false},"excerpt":{"rendered":"<ul>\n<li>\n<h3 data-section-id=\"u51wan\" data-start=\"926\" data-end=\"946\">Caracter\u00edsticas:<\/h3>\n<ul data-start=\"947\" data-end=\"1133\">\n<li data-section-id=\"1mvb8tc\" data-start=\"947\" data-end=\"975\">Extracto tipo <strong data-start=\"963\" data-end=\"975\">Piatella<\/strong><\/li>\n<li data-section-id=\"pltqd2\" data-start=\"976\" data-end=\"1007\">Rico en <strong data-start=\"986\" data-end=\"1007\">CBD (cannabidiol)<\/strong><\/li>\n<li data-section-id=\"1f93km9\" data-start=\"1008\" data-end=\"1038\">Textura cremosa y maleable<\/li>\n<li data-section-id=\"1j4gnah\" data-start=\"1039\" data-end=\"1067\">Perfil arom\u00e1tico intenso<\/li>\n<li data-section-id=\"yneh52\" data-start=\"1068\" data-end=\"1093\">Alta calidad y pureza<\/li>\n<li data-section-id=\"xp0vbr\" data-start=\"1094\" data-end=\"1114\">Producto premium<\/li>\n<li data-section-id=\"1o6r6e0\" data-start=\"1115\" data-end=\"1133\">Origen vegetal<\/li>\n<\/ul>\n<\/li>\n<\/ul>\n<h2 data-section-id=\"qp2l7d\" data-start=\"1364\" data-end=\"1405\">\u2696\ufe0f Informaci\u00f3n legal (IMPORTANTE \u2013 UE)<\/h2>\n<ul data-start=\"1406\" data-end=\"1750\">\n<li data-section-id=\"1kjqxjz\" data-start=\"1406\" data-end=\"1458\">Producto conforme a la normativa europea vigente<\/li>\n<li data-section-id=\"12gy46s\" data-start=\"1459\" data-end=\"1527\">Contenido de THC \u2264 <strong data-start=\"1480\" data-end=\"1495\">0,2%<\/strong><\/li>\n<li data-section-id=\"wk2onx\" data-start=\"1528\" data-end=\"1575\">Producto <strong data-start=\"1539\" data-end=\"1573\">no destinado al consumo humano<\/strong><\/li>\n<li data-section-id=\"15v77pt\" data-start=\"1576\" data-end=\"1620\">Venta exclusiva a <strong data-start=\"1596\" data-end=\"1618\">mayores de 18 a\u00f1os<\/strong><\/li>\n<li data-section-id=\"1rbi50b\" data-start=\"1621\" data-end=\"1682\">Uso destinado a fines t\u00e9cnicos, arom\u00e1ticos o de colecci\u00f3n<\/li>\n<li data-section-id=\"axwzy1\" data-start=\"1683\" data-end=\"1750\">Este producto no es un medicamento ni un suplemento alimenticio<\/li>\n<\/ul>\n","protected":false},"featured_media":4066,"template":"","meta":{"_joinchat":[]},"product_brand":[82],"product_cat":[56,59],"product_tag":[],"class_list":{"0":"post-4063","1":"product","2":"type-product","3":"status-publish","4":"has-post-thumbnail","6":"product_brand-cbd-star","7":"product_cat-cbd","8":"product_cat-extracciones","10":"first","11":"instock","12":"taxable","13":"shipping-taxable","14":"purchasable","15":"product-type-variable"},"yoast_head":"<!-- This site is optimized with the Yoast SEO plugin v27.4 - https:\/\/yoast.com\/product\/yoast-seo-wordpress\/ -->\n<title>PIATELLA CBD PREMIUM - The Smoker&#039;s Shop<\/title>\n<meta name=\"description\" content=\"Piatella CBD premium de alta calidad, textura cremosa y rico en cannabidiol. Producto t\u00e9cnico conforme a normativa UE, ideal para uso arom\u00e1tico y colecci\u00f3n.\" \/>\n<meta name=\"robots\" content=\"index, follow, max-snippet:-1, max-image-preview:large, max-video-preview:-1\" \/>\n<link rel=\"canonical\" href=\"https:\/\/www.smokershop.es\/index.php\/producto\/piatella-cbd-premium\/\" \/>\n<meta property=\"og:locale\" content=\"es_ES\" \/>\n<meta property=\"og:type\" content=\"article\" \/>\n<meta property=\"og:title\" content=\"PIATELLA CBD PREMIUM - The Smoker&#039;s Shop\" \/>\n<meta property=\"og:description\" content=\"Piatella CBD premium de alta calidad, textura cremosa y rico en cannabidiol. Producto t\u00e9cnico conforme a normativa UE, ideal para uso arom\u00e1tico y colecci\u00f3n.\" \/>\n<meta property=\"og:url\" content=\"https:\/\/www.smokershop.es\/index.php\/producto\/piatella-cbd-premium\/\" \/>\n<meta property=\"og:site_name\" content=\"The Smoker&#039;s Shop\" \/>\n<meta property=\"article:modified_time\" content=\"2026-05-06T13:13:13+00:00\" \/>\n<meta property=\"og:image\" content=\"https:\/\/www.smokershop.es\/wp-content\/uploads\/2026\/05\/PIATELLA-CBD.jpg\" \/>\n\t<meta property=\"og:image:width\" content=\"1350\" \/>\n\t<meta property=\"og:image:height\" content=\"1350\" \/>\n\t<meta property=\"og:image:type\" content=\"image\/jpeg\" \/>\n<meta name=\"twitter:card\" content=\"summary_large_image\" \/>\n<meta name=\"twitter:label1\" content=\"Tiempo de lectura\" \/>\n\t<meta name=\"twitter:data1\" content=\"2 minutos\" \/>\n<script type=\"application\/ld+json\" class=\"yoast-schema-graph\">{\"@context\":\"https:\\\/\\\/schema.org\",\"@graph\":[{\"@type\":\"WebPage\",\"@id\":\"https:\\\/\\\/www.smokershop.es\\\/index.php\\\/producto\\\/piatella-cbd-premium\\\/\",\"url\":\"https:\\\/\\\/www.smokershop.es\\\/index.php\\\/producto\\\/piatella-cbd-premium\\\/\",\"name\":\"PIATELLA CBD PREMIUM - The Smoker&#039;s Shop\",\"isPartOf\":{\"@id\":\"https:\\\/\\\/www.smokershop.es\\\/#website\"},\"primaryImageOfPage\":{\"@id\":\"https:\\\/\\\/www.smokershop.es\\\/index.php\\\/producto\\\/piatella-cbd-premium\\\/#primaryimage\"},\"image\":{\"@id\":\"https:\\\/\\\/www.smokershop.es\\\/index.php\\\/producto\\\/piatella-cbd-premium\\\/#primaryimage\"},\"thumbnailUrl\":\"https:\\\/\\\/www.smokershop.es\\\/wp-content\\\/uploads\\\/2026\\\/05\\\/PIATELLA-CBD.jpg\",\"datePublished\":\"2026-05-06T11:55:04+00:00\",\"dateModified\":\"2026-05-06T13:13:13+00:00\",\"description\":\"Piatella CBD premium de alta calidad, textura cremosa y rico en cannabidiol. Producto t\u00e9cnico conforme a normativa UE, ideal para uso arom\u00e1tico y colecci\u00f3n.\",\"breadcrumb\":{\"@id\":\"https:\\\/\\\/www.smokershop.es\\\/index.php\\\/producto\\\/piatella-cbd-premium\\\/#breadcrumb\"},\"inLanguage\":\"es\",\"potentialAction\":[{\"@type\":\"ReadAction\",\"target\":[\"https:\\\/\\\/www.smokershop.es\\\/index.php\\\/producto\\\/piatella-cbd-premium\\\/\"]}]},{\"@type\":\"ImageObject\",\"inLanguage\":\"es\",\"@id\":\"https:\\\/\\\/www.smokershop.es\\\/index.php\\\/producto\\\/piatella-cbd-premium\\\/#primaryimage\",\"url\":\"https:\\\/\\\/www.smokershop.es\\\/wp-content\\\/uploads\\\/2026\\\/05\\\/PIATELLA-CBD.jpg\",\"contentUrl\":\"https:\\\/\\\/www.smokershop.es\\\/wp-content\\\/uploads\\\/2026\\\/05\\\/PIATELLA-CBD.jpg\",\"width\":1350,\"height\":1350,\"caption\":\"PIATELLA CBD\"},{\"@type\":\"BreadcrumbList\",\"@id\":\"https:\\\/\\\/www.smokershop.es\\\/index.php\\\/producto\\\/piatella-cbd-premium\\\/#breadcrumb\",\"itemListElement\":[{\"@type\":\"ListItem\",\"position\":1,\"name\":\"Portada\",\"item\":\"https:\\\/\\\/www.smokershop.es\\\/\"},{\"@type\":\"ListItem\",\"position\":2,\"name\":\"The Shop\",\"item\":\"https:\\\/\\\/www.smokershop.es\\\/index.php\\\/shop\\\/\"},{\"@type\":\"ListItem\",\"position\":3,\"name\":\"PIATELLA CBD PREMIUM\"}]},{\"@type\":\"WebSite\",\"@id\":\"https:\\\/\\\/www.smokershop.es\\\/#website\",\"url\":\"https:\\\/\\\/www.smokershop.es\\\/\",\"name\":\"The Smoker&#039;s Shop\",\"description\":\"Todo para los fumadores\",\"publisher\":{\"@id\":\"https:\\\/\\\/www.smokershop.es\\\/#organization\"},\"potentialAction\":[{\"@type\":\"SearchAction\",\"target\":{\"@type\":\"EntryPoint\",\"urlTemplate\":\"https:\\\/\\\/www.smokershop.es\\\/?s={search_term_string}\"},\"query-input\":{\"@type\":\"PropertyValueSpecification\",\"valueRequired\":true,\"valueName\":\"search_term_string\"}}],\"inLanguage\":\"es\"},{\"@type\":\"Organization\",\"@id\":\"https:\\\/\\\/www.smokershop.es\\\/#organization\",\"name\":\"The Smoker&#039;s Shop\",\"url\":\"https:\\\/\\\/www.smokershop.es\\\/\",\"logo\":{\"@type\":\"ImageObject\",\"inLanguage\":\"es\",\"@id\":\"https:\\\/\\\/www.smokershop.es\\\/#\\\/schema\\\/logo\\\/image\\\/\",\"url\":\"https:\\\/\\\/www.smokershop.es\\\/wp-content\\\/uploads\\\/2023\\\/10\\\/smokershop-logo.png\",\"contentUrl\":\"https:\\\/\\\/www.smokershop.es\\\/wp-content\\\/uploads\\\/2023\\\/10\\\/smokershop-logo.png\",\"width\":1711,\"height\":752,\"caption\":\"The Smoker&#039;s Shop\"},\"image\":{\"@id\":\"https:\\\/\\\/www.smokershop.es\\\/#\\\/schema\\\/logo\\\/image\\\/\"},\"sameAs\":[\"https:\\\/\\\/www.instagram.com\\\/thesmokersshopofficial\"]}]}<\/script>\n<!-- \/ Yoast SEO plugin. -->","yoast_head_json":{"title":"PIATELLA CBD PREMIUM - The Smoker&#039;s Shop","description":"Piatella CBD premium de alta calidad, textura cremosa y rico en cannabidiol. Producto t\u00e9cnico conforme a normativa UE, ideal para uso arom\u00e1tico y colecci\u00f3n.","robots":{"index":"index","follow":"follow","max-snippet":"max-snippet:-1","max-image-preview":"max-image-preview:large","max-video-preview":"max-video-preview:-1"},"canonical":"https:\/\/www.smokershop.es\/index.php\/producto\/piatella-cbd-premium\/","og_locale":"es_ES","og_type":"article","og_title":"PIATELLA CBD PREMIUM - The Smoker&#039;s Shop","og_description":"Piatella CBD premium de alta calidad, textura cremosa y rico en cannabidiol. Producto t\u00e9cnico conforme a normativa UE, ideal para uso arom\u00e1tico y colecci\u00f3n.","og_url":"https:\/\/www.smokershop.es\/index.php\/producto\/piatella-cbd-premium\/","og_site_name":"The Smoker&#039;s Shop","article_modified_time":"2026-05-06T13:13:13+00:00","og_image":[{"width":1350,"height":1350,"url":"https:\/\/www.smokershop.es\/wp-content\/uploads\/2026\/05\/PIATELLA-CBD.jpg","type":"image\/jpeg"}],"twitter_card":"summary_large_image","twitter_misc":{"Tiempo de lectura":"2 minutos"},"schema":{"@context":"https:\/\/schema.org","@graph":[{"@type":"WebPage","@id":"https:\/\/www.smokershop.es\/index.php\/producto\/piatella-cbd-premium\/","url":"https:\/\/www.smokershop.es\/index.php\/producto\/piatella-cbd-premium\/","name":"PIATELLA CBD PREMIUM - The Smoker&#039;s Shop","isPartOf":{"@id":"https:\/\/www.smokershop.es\/#website"},"primaryImageOfPage":{"@id":"https:\/\/www.smokershop.es\/index.php\/producto\/piatella-cbd-premium\/#primaryimage"},"image":{"@id":"https:\/\/www.smokershop.es\/index.php\/producto\/piatella-cbd-premium\/#primaryimage"},"thumbnailUrl":"https:\/\/www.smokershop.es\/wp-content\/uploads\/2026\/05\/PIATELLA-CBD.jpg","datePublished":"2026-05-06T11:55:04+00:00","dateModified":"2026-05-06T13:13:13+00:00","description":"Piatella CBD premium de alta calidad, textura cremosa y rico en cannabidiol. Producto t\u00e9cnico conforme a normativa UE, ideal para uso arom\u00e1tico y colecci\u00f3n.","breadcrumb":{"@id":"https:\/\/www.smokershop.es\/index.php\/producto\/piatella-cbd-premium\/#breadcrumb"},"inLanguage":"es","potentialAction":[{"@type":"ReadAction","target":["https:\/\/www.smokershop.es\/index.php\/producto\/piatella-cbd-premium\/"]}]},{"@type":"ImageObject","inLanguage":"es","@id":"https:\/\/www.smokershop.es\/index.php\/producto\/piatella-cbd-premium\/#primaryimage","url":"https:\/\/www.smokershop.es\/wp-content\/uploads\/2026\/05\/PIATELLA-CBD.jpg","contentUrl":"https:\/\/www.smokershop.es\/wp-content\/uploads\/2026\/05\/PIATELLA-CBD.jpg","width":1350,"height":1350,"caption":"PIATELLA CBD"},{"@type":"BreadcrumbList","@id":"https:\/\/www.smokershop.es\/index.php\/producto\/piatella-cbd-premium\/#breadcrumb","itemListElement":[{"@type":"ListItem","position":1,"name":"Portada","item":"https:\/\/www.smokershop.es\/"},{"@type":"ListItem","position":2,"name":"The Shop","item":"https:\/\/www.smokershop.es\/index.php\/shop\/"},{"@type":"ListItem","position":3,"name":"PIATELLA CBD PREMIUM"}]},{"@type":"WebSite","@id":"https:\/\/www.smokershop.es\/#website","url":"https:\/\/www.smokershop.es\/","name":"The Smoker&#039;s Shop","description":"Todo para los fumadores","publisher":{"@id":"https:\/\/www.smokershop.es\/#organization"},"potentialAction":[{"@type":"SearchAction","target":{"@type":"EntryPoint","urlTemplate":"https:\/\/www.smokershop.es\/?s={search_term_string}"},"query-input":{"@type":"PropertyValueSpecification","valueRequired":true,"valueName":"search_term_string"}}],"inLanguage":"es"},{"@type":"Organization","@id":"https:\/\/www.smokershop.es\/#organization","name":"The Smoker&#039;s Shop","url":"https:\/\/www.smokershop.es\/","logo":{"@type":"ImageObject","inLanguage":"es","@id":"https:\/\/www.smokershop.es\/#\/schema\/logo\/image\/","url":"https:\/\/www.smokershop.es\/wp-content\/uploads\/2023\/10\/smokershop-logo.png","contentUrl":"https:\/\/www.smokershop.es\/wp-content\/uploads\/2023\/10\/smokershop-logo.png","width":1711,"height":752,"caption":"The Smoker&#039;s Shop"},"image":{"@id":"https:\/\/www.smokershop.es\/#\/schema\/logo\/image\/"},"sameAs":["https:\/\/www.instagram.com\/thesmokersshopofficial"]}]}},"_links":{"self":[{"href":"https:\/\/www.smokershop.es\/index.php\/wp-json\/wp\/v2\/product\/4063","targetHints":{"allow":["GET"]}}],"collection":[{"href":"https:\/\/www.smokershop.es\/index.php\/wp-json\/wp\/v2\/product"}],"about":[{"href":"https:\/\/www.smokershop.es\/index.php\/wp-json\/wp\/v2\/types\/product"}],"wp:featuredmedia":[{"embeddable":true,"href":"https:\/\/www.smokershop.es\/index.php\/wp-json\/wp\/v2\/media\/4066"}],"wp:attachment":[{"href":"https:\/\/www.smokershop.es\/index.php\/wp-json\/wp\/v2\/media?parent=4063"}],"wp:term":[{"taxonomy":"product_brand","embeddable":true,"href":"https:\/\/www.smokershop.es\/index.php\/wp-json\/wp\/v2\/product_brand?post=4063"},{"taxonomy":"product_cat","embeddable":true,"href":"https:\/\/www.smokershop.es\/index.php\/wp-json\/wp\/v2\/product_cat?post=4063"},{"taxonomy":"product_tag","embeddable":true,"href":"https:\/\/www.smokershop.es\/index.php\/wp-json\/wp\/v2\/product_tag?post=4063"}],"curies":[{"name":"wp","href":"https:\/\/api.w.org\/{rel}","templated":true}]}}